{"id":494,"date":"2025-03-25T21:01:37","date_gmt":"2025-03-25T21:01:37","guid":{"rendered":"https:\/\/kirkensbymisjon.no\/brand\/?page_id=494"},"modified":"2025-06-16T08:40:13","modified_gmt":"2025-06-16T08:40:13","slug":"kampanjer","status":"publish","type":"page","link":"https:\/\/kirkensbymisjon.no\/brand\/verktoy\/kampanjer\/","title":{"rendered":"Kampanjer og utgivelser\u00a0"},"content":{"rendered":"\n<h3 class=\"wp-block-heading\" id=\"h-retningslinjer-for-kampanjer-og-utgivelser-nbsp\">Retningslinjer for kampanjer og utgivelser&nbsp;<\/h3>\n\n\n\n<p>Som hovedregel skal all visuell kommunikasjon i Kirkens Bymisjon f\u00f8lge merkevarens grunnprinsipper om \u00e5 fremst\u00e5 enhetlig og helhetlig. Det er ikke anledning til \u00e5 benytte andre fonter, farger eller elementer utenfor det som er definert i v\u00e5r designmanual. Det skal heller ikke lages egne logoer eller merkevarer for kampanjer\/utgivelser.&nbsp;<\/p>\n\n\n\n<p>For enkelte kampanjer\/utgivelser er det likevel utarbeidet tillegg til grunnprinsippene \u2013 som kan brukes\u202f<strong>kun<\/strong>\u202fn\u00e5r det er definert et behov for \u00e5 skille seg fra \u00f8vrig kommunikasjon. Det kan v\u00e6re:&nbsp;<\/p>\n\n\n\n<ol class=\"wp-block-list\">\n<li><strong>M\u00e5lgruppe:<\/strong>&nbsp;Tilpasset uttrykk for \u00e5 n\u00e5 en spesiell m\u00e5lgruppe (f.eks.&nbsp;<a href=\"https:\/\/kirkensbymisjon.no\/brand\/verktoy\/ung\/\">UNG<\/a>)<\/li>\n\n\n\n<li><strong>Kampanje:&nbsp;<\/strong>N\u00e5r konkurransen om oppmerksomheten er sterkere enn vanlig (f.eks. <a href=\"https:\/\/kirkensbymisjon.no\/brand\/verktoy\/kampanjer\/#julekampanje\">juleaksjonen<\/a>)<\/li>\n\n\n\n<li><strong>Utgivelse:<\/strong>&nbsp;Tilpasning for flatens s\u00e6regenhet og bedre lesbarhet (f.eks. <a href=\"https:\/\/kirkensbymisjon.no\/brand\/verktoy\/kampanjer\/#magasiner\">magasiner<\/a> og b\u00f8ker)<\/li>\n<\/ol>\n\n\n\n<p>Kirkens Bymisjons hovedlogo og identitet alltid v\u00e6re b\u00e6rende, men det er i disse tilfellene utviklet elementer og verkt\u00f8y for \u00e5 bedre oppn\u00e5 \u00f8nsket effekt. Hvilke kampanjer\/utgivelser som faller innunder punkt 2 og 3, skal alltid f\u00f8rst avklares, og deretter utarbeides i samr\u00e5d med&nbsp;<a href=\"https:\/\/kirkensbymisjon.no\/brand\/strategi\/#kontakt\">merkevareansvarlig enhet<\/a>. For punkt 1 gjelder retningslinjene for&nbsp;<a href=\"https:\/\/kirkensbymisjon.no\/brand\/verktoy\/ung\/\">UNG \u2013 visuelt uttrykk mot barn og unge<\/a>.<\/p>\n\n\n\n<h3 class=\"wp-block-heading\" id=\"julekampanje\">Gled en som gruer seg til jul<\/h3>\n\n\n\n<p>Juleaksjonen er et av Kirkens Bymisjons viktigste innsamlingstiltak, og det er derfor viktig at den skiller seg ut fra annen kommunikasjon. Julen er en h\u00f8ytid med sterk egenidentitet, der det er viktig \u00e5 spille p\u00e5 lag med h\u00f8ytidens symboler og assosiasjoner for \u00e5 oppn\u00e5 optimal effekt. Julen er ogs\u00e5 en tid der mange organisasjoner er ute med egne kampanjer, og konkurransen om oppmerksomheten er st\u00f8rre.<\/p>\n\n\n\n<p>For \u00e5 sikre sterkere synlighet i denne perioden er det derfor utviklet egne elementer, eksempelvis:<\/p>\n\n\n\n<p>\u2013 Grafisk gavelapp: &laquo;Gled en som gruer seg til jul&raquo;<br>\u2013 Budskap med fast oppsett og innhold<br>\u2013 Egen fotostil og form for historiefortelling&nbsp;<\/p>\n\n\n\n<p>\u27a8 Les mer om&nbsp;<a href=\"https:\/\/kirkensbymisjon.no\/materiell\" target=\"_blank\" rel=\"noreferrer noopener\">juleaksjonen<\/a><\/p>\n\n\n\n<figure class=\"wp-block-image size-full\"><img loading=\"lazy\" decoding=\"async\" width=\"2560\" height=\"1440\" src=\"https:\/\/kirkensbymisjon.no\/content\/uploads\/sites\/169\/2025\/01\/kampanjer-2-scaled.jpg\" alt=\"Kampanje: Juleaksjonen\" class=\"wp-image-240\" srcset=\"https:\/\/kirkensbymisjon.no\/content\/uploads\/sites\/169\/2025\/01\/kampanjer-2-scaled.jpg 2560w, https:\/\/kirkensbymisjon.no\/content\/uploads\/sites\/169\/2025\/01\/kampanjer-2-300x169.jpg 300w, https:\/\/kirkensbymisjon.no\/content\/uploads\/sites\/169\/2025\/01\/kampanjer-2-1024x576.jpg 1024w, https:\/\/kirkensbymisjon.no\/content\/uploads\/sites\/169\/2025\/01\/kampanjer-2-768x432.jpg 768w, https:\/\/kirkensbymisjon.no\/content\/uploads\/sites\/169\/2025\/01\/kampanjer-2-1536x864.jpg 1536w, https:\/\/kirkensbymisjon.no\/content\/uploads\/sites\/169\/2025\/01\/kampanjer-2-2048x1152.jpg 2048w\" sizes=\"auto, (max-width: 2560px) 100vw, 2560px\" \/><figcaption class=\"wp-element-caption\"><em>Plakat fra juleaksjonen 2023<\/em><\/figcaption><\/figure>\n\n\n\n<h3 class=\"wp-block-heading\">TV-aksjonen 2018<\/h3>\n\n\n\n<p>Kampanjen \u00abMindre alene sammen\u00bb var et samarbeid med TV-aksjonen NRK og en del av et allerede etablert innsamlingskonsept. Det ble bl.a. utviklet en egen kampanjelogo og fotostil, og et eget typografisk uttrykk.<\/p>\n\n\n\n<p>\u27a8 Les mer om&nbsp;<a href=\"https:\/\/kirkensbymisjon.no\/tv-aksjonen\" target=\"_blank\" rel=\"noreferrer noopener\">TV-aksjonen 2018<\/a><\/p>\n\n\n\n<figure class=\"wp-block-image size-full\"><img loading=\"lazy\" decoding=\"async\" width=\"1280\" height=\"732\" src=\"https:\/\/kirkensbymisjon.no\/content\/uploads\/sites\/169\/2025\/03\/tv-aksjonen.jpg\" alt=\"Kampanje: TV-aksjonen\" class=\"wp-image-495\" srcset=\"https:\/\/kirkensbymisjon.no\/content\/uploads\/sites\/169\/2025\/03\/tv-aksjonen.jpg 1280w, https:\/\/kirkensbymisjon.no\/content\/uploads\/sites\/169\/2025\/03\/tv-aksjonen-300x172.jpg 300w, https:\/\/kirkensbymisjon.no\/content\/uploads\/sites\/169\/2025\/03\/tv-aksjonen-1024x586.jpg 1024w, https:\/\/kirkensbymisjon.no\/content\/uploads\/sites\/169\/2025\/03\/tv-aksjonen-768x439.jpg 768w\" sizes=\"auto, (max-width: 1280px) 100vw, 1280px\" \/><figcaption class=\"wp-element-caption\"><em>Plakat fra TV-aksjonen NRK 2018<\/em><\/figcaption><\/figure>\n\n\n\n<h3 class=\"wp-block-heading\" id=\"magasiner\">Magasiner og b\u00f8ker<\/h3>\n\n\n\n<p>Eksempelvis Magasinet BY, Gatemagasinet Mot og ulike bokutgivelser.<\/p>\n\n\n\n<p>Det er tillatt \u00e5 bruke en antikva-font (med seriffer) i kun br\u00f8dtekst for \u00e5 oppn\u00e5 bedre lesbarhet p\u00e5 lengre tekster, eller f.eks. for \u00e5 oppn\u00e5 et mer s\u00e6regent magasinpreg.&nbsp;Profilfonten&nbsp;Neuzeit Grotesk skal da likevel v\u00e6re det typografiske hoveduttrykket gjennom titler og andre st\u00f8rre tekstelementer.&nbsp;<\/p>\n\n\n\n<p>Anbefalte antikva-fonter er Utopia, Kepler, Times New Roman e.l.<\/p>\n\n\n\n<p>Enkelte repeterende utgivelser vil ha behov for et fast, gjenkjennende element p\u00e5 forsiden. F.eks. ved at tittelen p\u00e5 utgivelsen framstilles typografisk som en vignett eller et bladhode. Elementet skal i s\u00e5 fall kun brukes p\u00e5 utgivelsen forside, og aldri som en egen logo\/merkevare p\u00e5 andre flater. Alternativt kan faksimile av hele forsiden brukes som gjenkjennende element for p\u00e5 andre flater. Kirkens Bymisjons hovedlogo skal alltid gjengis i publikasjonen, enten p\u00e5 omslaget eller i kolofonen.&nbsp;<\/p>\n\n\n\n<figure class=\"wp-block-image size-full\"><img loading=\"lazy\" decoding=\"async\" width=\"1280\" height=\"792\" src=\"https:\/\/kirkensbymisjon.no\/content\/uploads\/sites\/169\/2025\/03\/by.jpg\" alt=\"Publikasjon: Magasinet BY\" class=\"wp-image-496\" srcset=\"https:\/\/kirkensbymisjon.no\/content\/uploads\/sites\/169\/2025\/03\/by.jpg 1280w, https:\/\/kirkensbymisjon.no\/content\/uploads\/sites\/169\/2025\/03\/by-300x186.jpg 300w, https:\/\/kirkensbymisjon.no\/content\/uploads\/sites\/169\/2025\/03\/by-1024x634.jpg 1024w, https:\/\/kirkensbymisjon.no\/content\/uploads\/sites\/169\/2025\/03\/by-768x475.jpg 768w\" sizes=\"auto, (max-width: 1280px) 100vw, 1280px\" \/><figcaption class=\"wp-element-caption\"><em>Forsider fra tidligere utgaver av Magasinet BY<\/em><\/figcaption><\/figure>\n\n\n\n<p><\/p>\n","protected":false},"excerpt":{"rendered":"<p>Retningslinjer for kampanjer og utgivelser&nbsp; Som hovedregel skal all visuell kommunikasjon i Kirkens Bymisjon f\u00f8lge&hellip;<\/p>\n","protected":false},"author":5,"featured_media":522,"parent":61,"menu_order":0,"comment_status":"closed","ping_status":"closed","template":"","meta":{"_relevanssi_hide_post":"","_relevanssi_hide_content":"","_relevanssi_pin_for_all":"","_relevanssi_pin_keywords":"","_relevanssi_unpin_keywords":"","_relevanssi_related_keywords":"","_relevanssi_related_include_ids":"","_relevanssi_related_exclude_ids":"","_relevanssi_related_no_append":"","_relevanssi_related_not_related":"","_relevanssi_related_posts":"1","_relevanssi_noindex_reason":"","editor_notices":[],"footnotes":""},"class_list":["post-494","page","type-page","status-publish","has-post-thumbnail","hentry"],"yoast_head":"<!-- This site is optimized with the Yoast SEO Premium plugin v27.2 (Yoast SEO v27.4) - https:\/\/yoast.com\/product\/yoast-seo-premium-wordpress\/ -->\n<title>Kampanjer og utgivelser\u00a0 - Designmanual<\/title>\n<meta name=\"robots\" content=\"noindex, follow, max-snippet:-1, max-image-preview:large, max-video-preview:-1\" \/>\n<meta property=\"og:locale\" content=\"nb_NO\" \/>\n<meta property=\"og:type\" content=\"article\" \/>\n<meta property=\"og:title\" content=\"Kampanjer og utgivelser\u00a0\" \/>\n<meta property=\"og:description\" content=\"Retningslinjer for kampanjer og utgivelser&nbsp; Som hovedregel skal all visuell kommunikasjon i Kirkens Bymisjon f\u00f8lge&hellip;\" \/>\n<meta property=\"og:url\" content=\"https:\/\/kirkensbymisjon.no\/brand\/verktoy\/kampanjer\/\" \/>\n<meta property=\"og:site_name\" content=\"Designmanual\" \/>\n<meta property=\"article:modified_time\" content=\"2025-06-16T08:40:13+00:00\" \/>\n<meta property=\"og:image\" content=\"https:\/\/kirkensbymisjon.no\/content\/uploads\/sites\/169\/2025\/03\/gled-en.jpg\" \/>\n\t<meta property=\"og:image:width\" content=\"477\" \/>\n\t<meta property=\"og:image:height\" content=\"596\" \/>\n\t<meta property=\"og:image:type\" content=\"image\/jpeg\" \/>\n<meta name=\"twitter:card\" content=\"summary_large_image\" \/>\n<meta name=\"twitter:label1\" content=\"Ansl. lesetid\" \/>\n\t<meta name=\"twitter:data1\" content=\"4 minutter\" \/>\n<script type=\"application\/ld+json\" class=\"yoast-schema-graph\">{\"@context\":\"https:\\\/\\\/schema.org\",\"@graph\":[{\"@type\":\"WebPage\",\"@id\":\"https:\\\/\\\/kirkensbymisjon.no\\\/brand\\\/verktoy\\\/kampanjer\\\/\",\"url\":\"https:\\\/\\\/kirkensbymisjon.no\\\/brand\\\/verktoy\\\/kampanjer\\\/\",\"name\":\"Kampanjer og utgivelser\u00a0 - Designmanual\",\"isPartOf\":{\"@id\":\"https:\\\/\\\/kirkensbymisjon.no\\\/brand\\\/#website\"},\"primaryImageOfPage\":{\"@id\":\"https:\\\/\\\/kirkensbymisjon.no\\\/brand\\\/verktoy\\\/kampanjer\\\/#primaryimage\"},\"image\":{\"@id\":\"https:\\\/\\\/kirkensbymisjon.no\\\/brand\\\/verktoy\\\/kampanjer\\\/#primaryimage\"},\"thumbnailUrl\":\"https:\\\/\\\/kirkensbymisjon.no\\\/content\\\/uploads\\\/sites\\\/169\\\/2025\\\/03\\\/gled-en.jpg\",\"datePublished\":\"2025-03-25T21:01:37+00:00\",\"dateModified\":\"2025-06-16T08:40:13+00:00\",\"breadcrumb\":{\"@id\":\"https:\\\/\\\/kirkensbymisjon.no\\\/brand\\\/verktoy\\\/kampanjer\\\/#breadcrumb\"},\"inLanguage\":\"nb-NO\",\"potentialAction\":[{\"@type\":\"ReadAction\",\"target\":[\"https:\\\/\\\/kirkensbymisjon.no\\\/brand\\\/verktoy\\\/kampanjer\\\/\"]}]},{\"@type\":\"ImageObject\",\"inLanguage\":\"nb-NO\",\"@id\":\"https:\\\/\\\/kirkensbymisjon.no\\\/brand\\\/verktoy\\\/kampanjer\\\/#primaryimage\",\"url\":\"https:\\\/\\\/kirkensbymisjon.no\\\/content\\\/uploads\\\/sites\\\/169\\\/2025\\\/03\\\/gled-en.jpg\",\"contentUrl\":\"https:\\\/\\\/kirkensbymisjon.no\\\/content\\\/uploads\\\/sites\\\/169\\\/2025\\\/03\\\/gled-en.jpg\",\"width\":477,\"height\":596,\"caption\":\"Kampanje: Juleaksjonen\"},{\"@type\":\"BreadcrumbList\",\"@id\":\"https:\\\/\\\/kirkensbymisjon.no\\\/brand\\\/verktoy\\\/kampanjer\\\/#breadcrumb\",\"itemListElement\":[{\"@type\":\"ListItem\",\"position\":1,\"name\":\"Hjem\",\"item\":\"https:\\\/\\\/kirkensbymisjon.no\\\/brand\\\/\"},{\"@type\":\"ListItem\",\"position\":2,\"name\":\"Verkt\u00f8y\",\"item\":\"https:\\\/\\\/kirkensbymisjon.no\\\/brand\\\/verktoy\\\/\"},{\"@type\":\"ListItem\",\"position\":3,\"name\":\"Kampanjer og utgivelser\u00a0\"}]},{\"@type\":\"WebSite\",\"@id\":\"https:\\\/\\\/kirkensbymisjon.no\\\/brand\\\/#website\",\"url\":\"https:\\\/\\\/kirkensbymisjon.no\\\/brand\\\/\",\"name\":\"Designmanual\",\"description\":\"\",\"potentialAction\":[{\"@type\":\"SearchAction\",\"target\":{\"@type\":\"EntryPoint\",\"urlTemplate\":\"https:\\\/\\\/kirkensbymisjon.no\\\/brand\\\/?s={search_term_string}\"},\"query-input\":{\"@type\":\"PropertyValueSpecification\",\"valueRequired\":true,\"valueName\":\"search_term_string\"}}],\"inLanguage\":\"nb-NO\"}]}<\/script>\n<!-- \/ Yoast SEO Premium plugin. -->","yoast_head_json":{"title":"Kampanjer og utgivelser\u00a0 - Designmanual","robots":{"index":"noindex","follow":"follow","max-snippet":"max-snippet:-1","max-image-preview":"max-image-preview:large","max-video-preview":"max-video-preview:-1"},"og_locale":"nb_NO","og_type":"article","og_title":"Kampanjer og utgivelser\u00a0","og_description":"Retningslinjer for kampanjer og utgivelser&nbsp; Som hovedregel skal all visuell kommunikasjon i Kirkens Bymisjon f\u00f8lge&hellip;","og_url":"https:\/\/kirkensbymisjon.no\/brand\/verktoy\/kampanjer\/","og_site_name":"Designmanual","article_modified_time":"2025-06-16T08:40:13+00:00","og_image":[{"width":477,"height":596,"url":"https:\/\/kirkensbymisjon.no\/content\/uploads\/sites\/169\/2025\/03\/gled-en.jpg","type":"image\/jpeg"}],"twitter_card":"summary_large_image","twitter_misc":{"Ansl. lesetid":"4 minutter"},"schema":{"@context":"https:\/\/schema.org","@graph":[{"@type":"WebPage","@id":"https:\/\/kirkensbymisjon.no\/brand\/verktoy\/kampanjer\/","url":"https:\/\/kirkensbymisjon.no\/brand\/verktoy\/kampanjer\/","name":"Kampanjer og utgivelser\u00a0 - Designmanual","isPartOf":{"@id":"https:\/\/kirkensbymisjon.no\/brand\/#website"},"primaryImageOfPage":{"@id":"https:\/\/kirkensbymisjon.no\/brand\/verktoy\/kampanjer\/#primaryimage"},"image":{"@id":"https:\/\/kirkensbymisjon.no\/brand\/verktoy\/kampanjer\/#primaryimage"},"thumbnailUrl":"https:\/\/kirkensbymisjon.no\/content\/uploads\/sites\/169\/2025\/03\/gled-en.jpg","datePublished":"2025-03-25T21:01:37+00:00","dateModified":"2025-06-16T08:40:13+00:00","breadcrumb":{"@id":"https:\/\/kirkensbymisjon.no\/brand\/verktoy\/kampanjer\/#breadcrumb"},"inLanguage":"nb-NO","potentialAction":[{"@type":"ReadAction","target":["https:\/\/kirkensbymisjon.no\/brand\/verktoy\/kampanjer\/"]}]},{"@type":"ImageObject","inLanguage":"nb-NO","@id":"https:\/\/kirkensbymisjon.no\/brand\/verktoy\/kampanjer\/#primaryimage","url":"https:\/\/kirkensbymisjon.no\/content\/uploads\/sites\/169\/2025\/03\/gled-en.jpg","contentUrl":"https:\/\/kirkensbymisjon.no\/content\/uploads\/sites\/169\/2025\/03\/gled-en.jpg","width":477,"height":596,"caption":"Kampanje: Juleaksjonen"},{"@type":"BreadcrumbList","@id":"https:\/\/kirkensbymisjon.no\/brand\/verktoy\/kampanjer\/#breadcrumb","itemListElement":[{"@type":"ListItem","position":1,"name":"Hjem","item":"https:\/\/kirkensbymisjon.no\/brand\/"},{"@type":"ListItem","position":2,"name":"Verkt\u00f8y","item":"https:\/\/kirkensbymisjon.no\/brand\/verktoy\/"},{"@type":"ListItem","position":3,"name":"Kampanjer og utgivelser\u00a0"}]},{"@type":"WebSite","@id":"https:\/\/kirkensbymisjon.no\/brand\/#website","url":"https:\/\/kirkensbymisjon.no\/brand\/","name":"Designmanual","description":"","potentialAction":[{"@type":"SearchAction","target":{"@type":"EntryPoint","urlTemplate":"https:\/\/kirkensbymisjon.no\/brand\/?s={search_term_string}"},"query-input":{"@type":"PropertyValueSpecification","valueRequired":true,"valueName":"search_term_string"}}],"inLanguage":"nb-NO"}]}},"_links":{"self":[{"href":"https:\/\/kirkensbymisjon.no\/brand\/wp-json\/wp\/v2\/pages\/494","targetHints":{"allow":["GET"]}}],"collection":[{"href":"https:\/\/kirkensbymisjon.no\/brand\/wp-json\/wp\/v2\/pages"}],"about":[{"href":"https:\/\/kirkensbymisjon.no\/brand\/wp-json\/wp\/v2\/types\/page"}],"author":[{"embeddable":true,"href":"https:\/\/kirkensbymisjon.no\/brand\/wp-json\/wp\/v2\/users\/5"}],"replies":[{"embeddable":true,"href":"https:\/\/kirkensbymisjon.no\/brand\/wp-json\/wp\/v2\/comments?post=494"}],"version-history":[{"count":5,"href":"https:\/\/kirkensbymisjon.no\/brand\/wp-json\/wp\/v2\/pages\/494\/revisions"}],"predecessor-version":[{"id":1018,"href":"https:\/\/kirkensbymisjon.no\/brand\/wp-json\/wp\/v2\/pages\/494\/revisions\/1018"}],"up":[{"embeddable":true,"href":"https:\/\/kirkensbymisjon.no\/brand\/wp-json\/wp\/v2\/pages\/61"}],"wp:featuredmedia":[{"embeddable":true,"href":"https:\/\/kirkensbymisjon.no\/brand\/wp-json\/wp\/v2\/media\/522"}],"wp:attachment":[{"href":"https:\/\/kirkensbymisjon.no\/brand\/wp-json\/wp\/v2\/media?parent=494"}],"curies":[{"name":"wp","href":"https:\/\/api.w.org\/{rel}","templated":true}]}}