{"id":1264,"date":"2024-08-20T13:45:16","date_gmt":"2024-08-20T11:45:16","guid":{"rendered":"https:\/\/kirkensbymisjon.no\/nettbutikk\/?post_type=product&#038;p=1264"},"modified":"2026-01-28T15:00:07","modified_gmt":"2026-01-28T14:00:07","slug":"gi-varme-maltider-til-noen-som-trenger-det","status":"publish","type":"product","link":"https:\/\/kirkensbymisjon.no\/nettbutikk\/produkt\/gi-varme-maltider-til-noen-som-trenger-det\/","title":{"rendered":"Gi varme m\u00e5ltider til noen som trenger det"},"content":{"rendered":"<p>Med denne gaven er du med \u00e5 gi varme m\u00e5ltider og et godt sted \u00e5 v\u00e6re for noen som trenger det.<\/p>\n<p>M\u00e5ltidet er s\u00e5 mye mer enn en middag. Det er fellesskapet, samv\u00e6ret, samtalen. For mange av v\u00e5re gjester og arbeidere i v\u00e5re arbeidstiltak er m\u00e5ltidet en viktig del av dagen, som gir sunn og god n\u00e6ring og noen \u00e5 prate med.<\/p>\n","protected":false},"excerpt":{"rendered":"<p>Uansett hva slags tiltak v\u00e5re brukere og gjester benytter seg av, er det en fellesnevner&hellip;<\/p>\n","protected":false},"featured_media":23323,"template":"","meta":{"_relevanssi_hide_post":"","_relevanssi_hide_content":"","_relevanssi_pin_for_all":"","_relevanssi_pin_keywords":"","_relevanssi_unpin_keywords":"","_relevanssi_related_keywords":"","_relevanssi_related_include_ids":"","_relevanssi_related_exclude_ids":"","_relevanssi_related_no_append":"","_relevanssi_related_not_related":"","_relevanssi_related_posts":"","_relevanssi_noindex_reason":""},"product_brand":[],"product_cat":[54],"product_tag":[],"class_list":{"0":"post-1264","1":"product","2":"type-product","3":"status-publish","4":"has-post-thumbnail","6":"product_cat-symbolske-gaver","8":"first","9":"instock","10":"virtual","11":"purchasable","12":"product-type-simple"},"yoast_head":"<!-- This site is optimized with the Yoast SEO Premium plugin v27.2 (Yoast SEO v27.2) - https:\/\/yoast.com\/product\/yoast-seo-premium-wordpress\/ -->\n<title>Symbolske gavekort | Gi et m\u00e5ltid | Kirkens Bymisjon nettbutikk<\/title>\n<meta name=\"description\" content=\"Med denne gaven er du med \u00e5 gi varme m\u00e5ltider og et godt sted \u00e5 v\u00e6re for noen som trenger det. M\u00e5ltidet er s\u00e5 mye mer enn en middag. Det er felleskapet, samv\u00e6ret, samtalen. For mange av v\u00e5re gjester og arbeidere i v\u00e5re arbeidstiltak er m\u00e5ltidet en viktig del av dagen, som gir sunn og god n\u00e6ring og noen \u00e5 prate med.\" \/>\n<meta name=\"robots\" content=\"index, follow, max-snippet:-1, max-image-preview:large, max-video-preview:-1\" \/>\n<link rel=\"canonical\" href=\"https:\/\/kirkensbymisjon.no\/nettbutikk\/produkt\/gi-varme-maltider-til-noen-som-trenger-det\/\" \/>\n<meta property=\"og:locale\" content=\"nb_NO\" \/>\n<meta property=\"og:type\" content=\"article\" \/>\n<meta property=\"og:title\" content=\"Gi varme m\u00e5ltider til noen som trenger det\" \/>\n<meta property=\"og:description\" content=\"Med denne gaven er du med \u00e5 gi varme m\u00e5ltider og et godt sted \u00e5 v\u00e6re for noen som trenger det. M\u00e5ltidet er s\u00e5 mye mer enn en middag. Det er felleskapet, samv\u00e6ret, samtalen. For mange av v\u00e5re gjester og arbeidere i v\u00e5re arbeidstiltak er m\u00e5ltidet en viktig del av dagen, som gir sunn og god n\u00e6ring og noen \u00e5 prate med.\" \/>\n<meta property=\"og:url\" content=\"https:\/\/kirkensbymisjon.no\/nettbutikk\/produkt\/gi-varme-maltider-til-noen-som-trenger-det\/\" \/>\n<meta property=\"og:site_name\" content=\"Nettbutikk\" \/>\n<meta property=\"article:modified_time\" content=\"2026-01-28T14:00:07+00:00\" \/>\n<meta property=\"og:image\" content=\"https:\/\/kirkensbymisjon.no\/content\/uploads\/sites\/123\/2024\/08\/gi-maaltid-8-1.jpg\" \/>\n\t<meta property=\"og:image:width\" content=\"1000\" \/>\n\t<meta property=\"og:image:height\" content=\"1000\" \/>\n\t<meta property=\"og:image:type\" content=\"image\/jpeg\" \/>\n<meta name=\"twitter:card\" content=\"summary_large_image\" \/>\n<meta name=\"twitter:label1\" content=\"Price\" \/>\n\t<meta name=\"twitter:data1\" content=\"Kr&nbsp;120,&ndash;\" \/>\n\t<meta name=\"twitter:label2\" content=\"Availability\" \/>\n\t<meta name=\"twitter:data2\" content=\"In stock\" \/>\n<script type=\"application\/ld+json\" class=\"yoast-schema-graph\">{\"@context\":\"https:\/\/schema.org\",\"@graph\":[{\"@type\":\"WebPage\",\"@id\":\"https:\/\/kirkensbymisjon.no\/nettbutikk\/produkt\/gi-varme-maltider-til-noen-som-trenger-det\/\",\"url\":\"https:\/\/kirkensbymisjon.no\/nettbutikk\/produkt\/gi-varme-maltider-til-noen-som-trenger-det\/\",\"name\":\"Symbolske gavekort | Gi et m\u00e5ltid | Kirkens Bymisjon nettbutikk\",\"isPartOf\":{\"@id\":\"https:\/\/kirkensbymisjon.no\/nettbutikk\/#website\"},\"primaryImageOfPage\":{\"@id\":\"https:\/\/kirkensbymisjon.no\/nettbutikk\/produkt\/gi-varme-maltider-til-noen-som-trenger-det\/#primaryimage\"},\"image\":{\"@id\":\"https:\/\/kirkensbymisjon.no\/nettbutikk\/produkt\/gi-varme-maltider-til-noen-som-trenger-det\/#primaryimage\"},\"thumbnailUrl\":\"https:\/\/kirkensbymisjon.no\/content\/uploads\/sites\/123\/2024\/08\/gi-maaltid-8-1.jpg\",\"datePublished\":\"2024-08-20T11:45:16+00:00\",\"dateModified\":\"2026-01-28T14:00:07+00:00\",\"description\":\"Med denne gaven er du med \u00e5 gi varme m\u00e5ltider og et godt sted \u00e5 v\u00e6re for noen som trenger det. M\u00e5ltidet er s\u00e5 mye mer enn en middag. Det er felleskapet, samv\u00e6ret, samtalen. For mange av v\u00e5re gjester og arbeidere i v\u00e5re arbeidstiltak er m\u00e5ltidet en viktig del av dagen, som gir sunn og god n\u00e6ring og noen \u00e5 prate med.\",\"breadcrumb\":{\"@id\":\"https:\/\/kirkensbymisjon.no\/nettbutikk\/produkt\/gi-varme-maltider-til-noen-som-trenger-det\/#breadcrumb\"},\"inLanguage\":\"nb-NO\",\"potentialAction\":[{\"@type\":\"ReadAction\",\"target\":[\"https:\/\/kirkensbymisjon.no\/nettbutikk\/produkt\/gi-varme-maltider-til-noen-som-trenger-det\/\"]}]},{\"@type\":\"ImageObject\",\"inLanguage\":\"nb-NO\",\"@id\":\"https:\/\/kirkensbymisjon.no\/nettbutikk\/produkt\/gi-varme-maltider-til-noen-som-trenger-det\/#primaryimage\",\"url\":\"https:\/\/kirkensbymisjon.no\/content\/uploads\/sites\/123\/2024\/08\/gi-maaltid-8-1.jpg\",\"contentUrl\":\"https:\/\/kirkensbymisjon.no\/content\/uploads\/sites\/123\/2024\/08\/gi-maaltid-8-1.jpg\",\"width\":1000,\"height\":1000},{\"@type\":\"BreadcrumbList\",\"@id\":\"https:\/\/kirkensbymisjon.no\/nettbutikk\/produkt\/gi-varme-maltider-til-noen-som-trenger-det\/#breadcrumb\",\"itemListElement\":[{\"@type\":\"ListItem\",\"position\":1,\"name\":\"Hjem\",\"item\":\"https:\/\/kirkensbymisjon.no\/nettbutikk\/\"},{\"@type\":\"ListItem\",\"position\":2,\"name\":\"Butikk\",\"item\":\"https:\/\/kirkensbymisjon.no\/nettbutikk\/butikk\/\"},{\"@type\":\"ListItem\",\"position\":3,\"name\":\"Gi varme m\u00e5ltider til noen som trenger det\"}]},{\"@type\":\"WebSite\",\"@id\":\"https:\/\/kirkensbymisjon.no\/nettbutikk\/#website\",\"url\":\"https:\/\/kirkensbymisjon.no\/nettbutikk\/\",\"name\":\"Nettbutikk\",\"description\":\"\",\"potentialAction\":[{\"@type\":\"SearchAction\",\"target\":{\"@type\":\"EntryPoint\",\"urlTemplate\":\"https:\/\/kirkensbymisjon.no\/nettbutikk\/?s={search_term_string}\"},\"query-input\":{\"@type\":\"PropertyValueSpecification\",\"valueRequired\":true,\"valueName\":\"search_term_string\"}}],\"inLanguage\":\"nb-NO\"}]}<\/script>\n<meta property=\"product:price:amount\" content=\"120.00\" \/>\n<meta property=\"product:price:currency\" content=\"NOK\" \/>\n<meta property=\"og:availability\" content=\"instock\" \/>\n<meta property=\"product:availability\" content=\"instock\" \/>\n<meta property=\"product:retailer_item_id\" content=\"gk-maltid\" \/>\n<meta property=\"product:condition\" content=\"new\" \/>\n<!-- \/ Yoast SEO Premium plugin. -->","yoast_head_json":{"title":"Symbolske gavekort | Gi et m\u00e5ltid | Kirkens Bymisjon nettbutikk","description":"Med denne gaven er du med \u00e5 gi varme m\u00e5ltider og et godt sted \u00e5 v\u00e6re for noen som trenger det. M\u00e5ltidet er s\u00e5 mye mer enn en middag. Det er felleskapet, samv\u00e6ret, samtalen. For mange av v\u00e5re gjester og arbeidere i v\u00e5re arbeidstiltak er m\u00e5ltidet en viktig del av dagen, som gir sunn og god n\u00e6ring og noen \u00e5 prate med.","robots":{"index":"index","follow":"follow","max-snippet":"max-snippet:-1","max-image-preview":"max-image-preview:large","max-video-preview":"max-video-preview:-1"},"canonical":"https:\/\/kirkensbymisjon.no\/nettbutikk\/produkt\/gi-varme-maltider-til-noen-som-trenger-det\/","og_locale":"nb_NO","og_type":"article","og_title":"Gi varme m\u00e5ltider til noen som trenger det","og_description":"Med denne gaven er du med \u00e5 gi varme m\u00e5ltider og et godt sted \u00e5 v\u00e6re for noen som trenger det. M\u00e5ltidet er s\u00e5 mye mer enn en middag. Det er felleskapet, samv\u00e6ret, samtalen. For mange av v\u00e5re gjester og arbeidere i v\u00e5re arbeidstiltak er m\u00e5ltidet en viktig del av dagen, som gir sunn og god n\u00e6ring og noen \u00e5 prate med.","og_url":"https:\/\/kirkensbymisjon.no\/nettbutikk\/produkt\/gi-varme-maltider-til-noen-som-trenger-det\/","og_site_name":"Nettbutikk","article_modified_time":"2026-01-28T14:00:07+00:00","og_image":[{"width":1000,"height":1000,"url":"https:\/\/kirkensbymisjon.no\/content\/uploads\/sites\/123\/2024\/08\/gi-maaltid-8-1.jpg","type":"image\/jpeg"}],"twitter_card":"summary_large_image","twitter_misc":{"Price":"Kr&nbsp;120,&ndash;","Availability":"In stock"},"schema":{"@context":"https:\/\/schema.org","@graph":[{"@type":"WebPage","@id":"https:\/\/kirkensbymisjon.no\/nettbutikk\/produkt\/gi-varme-maltider-til-noen-som-trenger-det\/","url":"https:\/\/kirkensbymisjon.no\/nettbutikk\/produkt\/gi-varme-maltider-til-noen-som-trenger-det\/","name":"Symbolske gavekort | Gi et m\u00e5ltid | Kirkens Bymisjon nettbutikk","isPartOf":{"@id":"https:\/\/kirkensbymisjon.no\/nettbutikk\/#website"},"primaryImageOfPage":{"@id":"https:\/\/kirkensbymisjon.no\/nettbutikk\/produkt\/gi-varme-maltider-til-noen-som-trenger-det\/#primaryimage"},"image":{"@id":"https:\/\/kirkensbymisjon.no\/nettbutikk\/produkt\/gi-varme-maltider-til-noen-som-trenger-det\/#primaryimage"},"thumbnailUrl":"https:\/\/kirkensbymisjon.no\/content\/uploads\/sites\/123\/2024\/08\/gi-maaltid-8-1.jpg","datePublished":"2024-08-20T11:45:16+00:00","dateModified":"2026-01-28T14:00:07+00:00","description":"Med denne gaven er du med \u00e5 gi varme m\u00e5ltider og et godt sted \u00e5 v\u00e6re for noen som trenger det. M\u00e5ltidet er s\u00e5 mye mer enn en middag. Det er felleskapet, samv\u00e6ret, samtalen. For mange av v\u00e5re gjester og arbeidere i v\u00e5re arbeidstiltak er m\u00e5ltidet en viktig del av dagen, som gir sunn og god n\u00e6ring og noen \u00e5 prate med.","breadcrumb":{"@id":"https:\/\/kirkensbymisjon.no\/nettbutikk\/produkt\/gi-varme-maltider-til-noen-som-trenger-det\/#breadcrumb"},"inLanguage":"nb-NO","potentialAction":[{"@type":"ReadAction","target":["https:\/\/kirkensbymisjon.no\/nettbutikk\/produkt\/gi-varme-maltider-til-noen-som-trenger-det\/"]}]},{"@type":"ImageObject","inLanguage":"nb-NO","@id":"https:\/\/kirkensbymisjon.no\/nettbutikk\/produkt\/gi-varme-maltider-til-noen-som-trenger-det\/#primaryimage","url":"https:\/\/kirkensbymisjon.no\/content\/uploads\/sites\/123\/2024\/08\/gi-maaltid-8-1.jpg","contentUrl":"https:\/\/kirkensbymisjon.no\/content\/uploads\/sites\/123\/2024\/08\/gi-maaltid-8-1.jpg","width":1000,"height":1000},{"@type":"BreadcrumbList","@id":"https:\/\/kirkensbymisjon.no\/nettbutikk\/produkt\/gi-varme-maltider-til-noen-som-trenger-det\/#breadcrumb","itemListElement":[{"@type":"ListItem","position":1,"name":"Hjem","item":"https:\/\/kirkensbymisjon.no\/nettbutikk\/"},{"@type":"ListItem","position":2,"name":"Butikk","item":"https:\/\/kirkensbymisjon.no\/nettbutikk\/butikk\/"},{"@type":"ListItem","position":3,"name":"Gi varme m\u00e5ltider til noen som trenger det"}]},{"@type":"WebSite","@id":"https:\/\/kirkensbymisjon.no\/nettbutikk\/#website","url":"https:\/\/kirkensbymisjon.no\/nettbutikk\/","name":"Nettbutikk","description":"","potentialAction":[{"@type":"SearchAction","target":{"@type":"EntryPoint","urlTemplate":"https:\/\/kirkensbymisjon.no\/nettbutikk\/?s={search_term_string}"},"query-input":{"@type":"PropertyValueSpecification","valueRequired":true,"valueName":"search_term_string"}}],"inLanguage":"nb-NO"}]},"product_price_amount":"120.00","product_price_currency":"NOK","og_availability":"instock","product_availability":"instock","product_retailer_item_id":"gk-maltid","product_condition":"new"},"_links":{"self":[{"href":"https:\/\/kirkensbymisjon.no\/nettbutikk\/wp-json\/wp\/v2\/product\/1264","targetHints":{"allow":["GET"]}}],"collection":[{"href":"https:\/\/kirkensbymisjon.no\/nettbutikk\/wp-json\/wp\/v2\/product"}],"about":[{"href":"https:\/\/kirkensbymisjon.no\/nettbutikk\/wp-json\/wp\/v2\/types\/product"}],"wp:featuredmedia":[{"embeddable":true,"href":"https:\/\/kirkensbymisjon.no\/nettbutikk\/wp-json\/wp\/v2\/media\/23323"}],"wp:attachment":[{"href":"https:\/\/kirkensbymisjon.no\/nettbutikk\/wp-json\/wp\/v2\/media?parent=1264"}],"wp:term":[{"taxonomy":"product_brand","embeddable":true,"href":"https:\/\/kirkensbymisjon.no\/nettbutikk\/wp-json\/wp\/v2\/product_brand?post=1264"},{"taxonomy":"product_cat","embeddable":true,"href":"https:\/\/kirkensbymisjon.no\/nettbutikk\/wp-json\/wp\/v2\/product_cat?post=1264"},{"taxonomy":"product_tag","embeddable":true,"href":"https:\/\/kirkensbymisjon.no\/nettbutikk\/wp-json\/wp\/v2\/product_tag?post=1264"}],"curies":[{"name":"wp","href":"https:\/\/api.w.org\/{rel}","templated":true}]}}