{"id":14761,"date":"2025-03-02T09:51:52","date_gmt":"2025-03-02T08:51:52","guid":{"rendered":"https:\/\/kirkensbymisjon.no\/nettbutikk\/?post_type=product&#038;p=14761"},"modified":"2026-03-28T13:07:25","modified_gmt":"2026-03-28T12:07:25","slug":"hagemobelsett-i-heltre","status":"publish","type":"product","link":"https:\/\/kirkensbymisjon.no\/nettbutikk\/produkt\/hagemobelsett-i-heltre\/","title":{"rendered":"Hagem\u00f8belsett i heltre"},"content":{"rendered":"<p>V\u00e5re robuste utem\u00f8bler kombinerer funksjonalitet og tidl\u00f8s design, laget av kvalitetsmaterialer som t\u00e5ler norsk v\u00e6r. H\u00e5ndlaget med stolthet, er hvert m\u00f8bel et symbol p\u00e5 sosial forvandling og b\u00e6rekraft.<\/p>\n<p>Materialbruk m\u00f8belsett: Gran, trykkimpregnert, 70x48mm.<\/p>\n<p>Settet kan beises i sort, kj\u00e6rebrunt og shimmergr\u00e5 for et tillegg p\u00e5 kr 1750,- pr\u00a0 hagem\u00f8belsett og kr 500,- for barnesett p\u00e5 foresp\u00f8rsel og tilleggsfaktura. Det er ca 1 uke ekstra leveringstid ved behandling av m\u00f8belsettene.<\/p>\n<p>Bord: L:2 m, H:0,75 m og B:0,70 m<\/p>\n<p>Benk: L:1,84 m, H:0,45 m og B 0,33 m<\/p>\n<p>Dersom du bestiller til bedrift kan du registrere bedriften din <a href=\"https:\/\/kirkensbymisjon.no\/nettbutikk\/min-konto\/?company=1#register-form\">her<\/a> for \u00e5 motta faktura.<\/p>\n","protected":false},"excerpt":{"rendered":"<p>V\u00e5re robuste utem\u00f8bler kombinerer funksjonalitet og tidl\u00f8s design, laget av kvalitetsmaterialer som t\u00e5ler norsk v\u00e6r.&hellip;<\/p>\n","protected":false},"featured_media":16118,"template":"","meta":{"_relevanssi_hide_post":"","_relevanssi_hide_content":"","_relevanssi_pin_for_all":"","_relevanssi_pin_keywords":"","_relevanssi_unpin_keywords":"","_relevanssi_related_keywords":"","_relevanssi_related_include_ids":"","_relevanssi_related_exclude_ids":"","_relevanssi_related_no_append":"","_relevanssi_related_not_related":"","_relevanssi_related_posts":"","_relevanssi_noindex_reason":""},"product_brand":[],"product_cat":[65,46],"product_tag":[74],"class_list":{"0":"post-14761","1":"product","2":"type-product","3":"status-publish","4":"has-post-thumbnail","6":"product_cat-portalen-kristiansand","7":"product_cat-tilbehor-og-andre-produkter","8":"product_tag-treverk","9":"product_shipping_class-free-shipping-single","10":"member-discount","11":"discount-restricted","13":"first","14":"instock","15":"purchasable","16":"product-type-simple"},"yoast_head":"<!-- This site is optimized with the Yoast SEO Premium plugin v27.2 (Yoast SEO v27.2) - https:\/\/yoast.com\/product\/yoast-seo-premium-wordpress\/ -->\n<title>Hagem\u00f8belsett i heltre - Nettbutikk<\/title>\n<meta name=\"robots\" content=\"index, follow, max-snippet:-1, max-image-preview:large, max-video-preview:-1\" \/>\n<link rel=\"canonical\" href=\"https:\/\/kirkensbymisjon.no\/nettbutikk\/produkt\/hagemobelsett-i-heltre\/\" \/>\n<meta property=\"og:locale\" content=\"nb_NO\" \/>\n<meta property=\"og:type\" content=\"article\" \/>\n<meta property=\"og:title\" content=\"Hagem\u00f8belsett i heltre\" \/>\n<meta property=\"og:description\" content=\"V\u00e5re robuste utem\u00f8bler kombinerer funksjonalitet og tidl\u00f8s design, laget av kvalitetsmaterialer som t\u00e5ler norsk v\u00e6r.&hellip;\" \/>\n<meta property=\"og:url\" content=\"https:\/\/kirkensbymisjon.no\/nettbutikk\/produkt\/hagemobelsett-i-heltre\/\" \/>\n<meta property=\"og:site_name\" content=\"Nettbutikk\" \/>\n<meta property=\"article:modified_time\" content=\"2026-03-28T12:07:25+00:00\" \/>\n<meta property=\"og:image\" content=\"https:\/\/kirkensbymisjon.no\/content\/uploads\/sites\/123\/2025\/03\/Hagemobelsett_bat-scaled-e1742302094356.jpg\" \/>\n\t<meta property=\"og:image:width\" content=\"1000\" \/>\n\t<meta property=\"og:image:height\" content=\"671\" \/>\n\t<meta property=\"og:image:type\" content=\"image\/jpeg\" \/>\n<meta name=\"twitter:card\" content=\"summary_large_image\" \/>\n<meta name=\"twitter:label1\" content=\"Price\" \/>\n\t<meta name=\"twitter:data1\" content=\"Kr&nbsp;14299,&ndash;\" \/>\n\t<meta name=\"twitter:label2\" content=\"Availability\" \/>\n\t<meta name=\"twitter:data2\" content=\"In stock\" \/>\n<script type=\"application\/ld+json\" class=\"yoast-schema-graph\">{\"@context\":\"https:\/\/schema.org\",\"@graph\":[{\"@type\":\"WebPage\",\"@id\":\"https:\/\/kirkensbymisjon.no\/nettbutikk\/produkt\/hagemobelsett-i-heltre\/\",\"url\":\"https:\/\/kirkensbymisjon.no\/nettbutikk\/produkt\/hagemobelsett-i-heltre\/\",\"name\":\"Hagem\u00f8belsett i heltre - Nettbutikk\",\"isPartOf\":{\"@id\":\"https:\/\/kirkensbymisjon.no\/nettbutikk\/#website\"},\"primaryImageOfPage\":{\"@id\":\"https:\/\/kirkensbymisjon.no\/nettbutikk\/produkt\/hagemobelsett-i-heltre\/#primaryimage\"},\"image\":{\"@id\":\"https:\/\/kirkensbymisjon.no\/nettbutikk\/produkt\/hagemobelsett-i-heltre\/#primaryimage\"},\"thumbnailUrl\":\"https:\/\/kirkensbymisjon.no\/content\/uploads\/sites\/123\/2025\/03\/Hagemobelsett_bat-scaled-e1742302094356.jpg\",\"datePublished\":\"2025-03-02T08:51:52+00:00\",\"dateModified\":\"2026-03-28T12:07:25+00:00\",\"breadcrumb\":{\"@id\":\"https:\/\/kirkensbymisjon.no\/nettbutikk\/produkt\/hagemobelsett-i-heltre\/#breadcrumb\"},\"inLanguage\":\"nb-NO\",\"potentialAction\":[{\"@type\":\"ReadAction\",\"target\":[\"https:\/\/kirkensbymisjon.no\/nettbutikk\/produkt\/hagemobelsett-i-heltre\/\"]}]},{\"@type\":\"ImageObject\",\"inLanguage\":\"nb-NO\",\"@id\":\"https:\/\/kirkensbymisjon.no\/nettbutikk\/produkt\/hagemobelsett-i-heltre\/#primaryimage\",\"url\":\"https:\/\/kirkensbymisjon.no\/content\/uploads\/sites\/123\/2025\/03\/Hagemobelsett_bat-scaled-e1742302094356.jpg\",\"contentUrl\":\"https:\/\/kirkensbymisjon.no\/content\/uploads\/sites\/123\/2025\/03\/Hagemobelsett_bat-scaled-e1742302094356.jpg\",\"width\":1000,\"height\":671},{\"@type\":\"BreadcrumbList\",\"@id\":\"https:\/\/kirkensbymisjon.no\/nettbutikk\/produkt\/hagemobelsett-i-heltre\/#breadcrumb\",\"itemListElement\":[{\"@type\":\"ListItem\",\"position\":1,\"name\":\"Hjem\",\"item\":\"https:\/\/kirkensbymisjon.no\/nettbutikk\/\"},{\"@type\":\"ListItem\",\"position\":2,\"name\":\"Butikk\",\"item\":\"https:\/\/kirkensbymisjon.no\/nettbutikk\/butikk\/\"},{\"@type\":\"ListItem\",\"position\":3,\"name\":\"Hagem\u00f8belsett i heltre\"}]},{\"@type\":\"WebSite\",\"@id\":\"https:\/\/kirkensbymisjon.no\/nettbutikk\/#website\",\"url\":\"https:\/\/kirkensbymisjon.no\/nettbutikk\/\",\"name\":\"Nettbutikk\",\"description\":\"\",\"potentialAction\":[{\"@type\":\"SearchAction\",\"target\":{\"@type\":\"EntryPoint\",\"urlTemplate\":\"https:\/\/kirkensbymisjon.no\/nettbutikk\/?s={search_term_string}\"},\"query-input\":{\"@type\":\"PropertyValueSpecification\",\"valueRequired\":true,\"valueName\":\"search_term_string\"}}],\"inLanguage\":\"nb-NO\"}]}<\/script>\n<meta property=\"product:price:amount\" content=\"14299.00\" \/>\n<meta property=\"product:price:currency\" content=\"NOK\" \/>\n<meta property=\"og:availability\" content=\"instock\" \/>\n<meta property=\"product:availability\" content=\"instock\" \/>\n<meta property=\"product:retailer_item_id\" content=\"Utem\u00f8bler hagesett\" \/>\n<meta property=\"product:condition\" content=\"new\" \/>\n<!-- \/ Yoast SEO Premium plugin. -->","yoast_head_json":{"title":"Hagem\u00f8belsett i heltre - Nettbutikk","robots":{"index":"index","follow":"follow","max-snippet":"max-snippet:-1","max-image-preview":"max-image-preview:large","max-video-preview":"max-video-preview:-1"},"canonical":"https:\/\/kirkensbymisjon.no\/nettbutikk\/produkt\/hagemobelsett-i-heltre\/","og_locale":"nb_NO","og_type":"article","og_title":"Hagem\u00f8belsett i heltre","og_description":"V\u00e5re robuste utem\u00f8bler kombinerer funksjonalitet og tidl\u00f8s design, laget av kvalitetsmaterialer som t\u00e5ler norsk v\u00e6r.&hellip;","og_url":"https:\/\/kirkensbymisjon.no\/nettbutikk\/produkt\/hagemobelsett-i-heltre\/","og_site_name":"Nettbutikk","article_modified_time":"2026-03-28T12:07:25+00:00","og_image":[{"width":1000,"height":671,"url":"https:\/\/kirkensbymisjon.no\/content\/uploads\/sites\/123\/2025\/03\/Hagemobelsett_bat-scaled-e1742302094356.jpg","type":"image\/jpeg"}],"twitter_card":"summary_large_image","twitter_misc":{"Price":"Kr&nbsp;14299,&ndash;","Availability":"In stock"},"schema":{"@context":"https:\/\/schema.org","@graph":[{"@type":"WebPage","@id":"https:\/\/kirkensbymisjon.no\/nettbutikk\/produkt\/hagemobelsett-i-heltre\/","url":"https:\/\/kirkensbymisjon.no\/nettbutikk\/produkt\/hagemobelsett-i-heltre\/","name":"Hagem\u00f8belsett i heltre - Nettbutikk","isPartOf":{"@id":"https:\/\/kirkensbymisjon.no\/nettbutikk\/#website"},"primaryImageOfPage":{"@id":"https:\/\/kirkensbymisjon.no\/nettbutikk\/produkt\/hagemobelsett-i-heltre\/#primaryimage"},"image":{"@id":"https:\/\/kirkensbymisjon.no\/nettbutikk\/produkt\/hagemobelsett-i-heltre\/#primaryimage"},"thumbnailUrl":"https:\/\/kirkensbymisjon.no\/content\/uploads\/sites\/123\/2025\/03\/Hagemobelsett_bat-scaled-e1742302094356.jpg","datePublished":"2025-03-02T08:51:52+00:00","dateModified":"2026-03-28T12:07:25+00:00","breadcrumb":{"@id":"https:\/\/kirkensbymisjon.no\/nettbutikk\/produkt\/hagemobelsett-i-heltre\/#breadcrumb"},"inLanguage":"nb-NO","potentialAction":[{"@type":"ReadAction","target":["https:\/\/kirkensbymisjon.no\/nettbutikk\/produkt\/hagemobelsett-i-heltre\/"]}]},{"@type":"ImageObject","inLanguage":"nb-NO","@id":"https:\/\/kirkensbymisjon.no\/nettbutikk\/produkt\/hagemobelsett-i-heltre\/#primaryimage","url":"https:\/\/kirkensbymisjon.no\/content\/uploads\/sites\/123\/2025\/03\/Hagemobelsett_bat-scaled-e1742302094356.jpg","contentUrl":"https:\/\/kirkensbymisjon.no\/content\/uploads\/sites\/123\/2025\/03\/Hagemobelsett_bat-scaled-e1742302094356.jpg","width":1000,"height":671},{"@type":"BreadcrumbList","@id":"https:\/\/kirkensbymisjon.no\/nettbutikk\/produkt\/hagemobelsett-i-heltre\/#breadcrumb","itemListElement":[{"@type":"ListItem","position":1,"name":"Hjem","item":"https:\/\/kirkensbymisjon.no\/nettbutikk\/"},{"@type":"ListItem","position":2,"name":"Butikk","item":"https:\/\/kirkensbymisjon.no\/nettbutikk\/butikk\/"},{"@type":"ListItem","position":3,"name":"Hagem\u00f8belsett i heltre"}]},{"@type":"WebSite","@id":"https:\/\/kirkensbymisjon.no\/nettbutikk\/#website","url":"https:\/\/kirkensbymisjon.no\/nettbutikk\/","name":"Nettbutikk","description":"","potentialAction":[{"@type":"SearchAction","target":{"@type":"EntryPoint","urlTemplate":"https:\/\/kirkensbymisjon.no\/nettbutikk\/?s={search_term_string}"},"query-input":{"@type":"PropertyValueSpecification","valueRequired":true,"valueName":"search_term_string"}}],"inLanguage":"nb-NO"}]},"product_price_amount":"14299.00","product_price_currency":"NOK","og_availability":"instock","product_availability":"instock","product_retailer_item_id":"Utem\u00f8bler hagesett","product_condition":"new"},"_links":{"self":[{"href":"https:\/\/kirkensbymisjon.no\/nettbutikk\/wp-json\/wp\/v2\/product\/14761","targetHints":{"allow":["GET"]}}],"collection":[{"href":"https:\/\/kirkensbymisjon.no\/nettbutikk\/wp-json\/wp\/v2\/product"}],"about":[{"href":"https:\/\/kirkensbymisjon.no\/nettbutikk\/wp-json\/wp\/v2\/types\/product"}],"wp:featuredmedia":[{"embeddable":true,"href":"https:\/\/kirkensbymisjon.no\/nettbutikk\/wp-json\/wp\/v2\/media\/16118"}],"wp:attachment":[{"href":"https:\/\/kirkensbymisjon.no\/nettbutikk\/wp-json\/wp\/v2\/media?parent=14761"}],"wp:term":[{"taxonomy":"product_brand","embeddable":true,"href":"https:\/\/kirkensbymisjon.no\/nettbutikk\/wp-json\/wp\/v2\/product_brand?post=14761"},{"taxonomy":"product_cat","embeddable":true,"href":"https:\/\/kirkensbymisjon.no\/nettbutikk\/wp-json\/wp\/v2\/product_cat?post=14761"},{"taxonomy":"product_tag","embeddable":true,"href":"https:\/\/kirkensbymisjon.no\/nettbutikk\/wp-json\/wp\/v2\/product_tag?post=14761"}],"curies":[{"name":"wp","href":"https:\/\/api.w.org\/{rel}","templated":true}]}}