{"id":40,"date":"2024-07-24T11:43:19","date_gmt":"2024-07-24T09:43:19","guid":{"rendered":"https:\/\/kirkensbymisjon.no\/tilbud-a-senteret\/?page_id=40"},"modified":"2026-01-02T11:11:38","modified_gmt":"2026-01-02T10:11:38","slug":"om-senteret","status":"publish","type":"page","link":"https:\/\/kirkensbymisjon.no\/tilbud-a-senteret\/om-senteret\/","title":{"rendered":"Om senteret"},"content":{"rendered":"\n<p><\/p>\n\n\n\n<h2 class=\"wp-block-heading\" id=\"h-slik-jobber-vi-pa-a-senteret\">Slik jobber vi p\u00e5 A-senteret<\/h2>\n\n\n\n<p>Vi tilbyr poliklinisk behandling, d\u00f8gnbehandling inntil tre m\u00e5neder\u00a0og\u00a0langtids d\u00f8gnbehandling inntil 12 m\u00e5neder. Her kan du lese mer om v\u00e5rt tilbud og hvordan du kan bli henvist til behandling.<\/p>\n\n\n<div class=\"t2-accordion wp-block-t2-accordion\" data-allow-multiple=\"1\" role=\"list\">\n<div class=\"t2-accordion-item wp-block-t2-accordion-item\" role=\"listitem\">\n\t\t\t<h2 class=\"t2-accordion-title\">\n\t\t\t\t<button type=\"button\" class=\"t2-accordion-trigger\" id=\"hva-kan-du-forvente?\" aria-controls=\"accordion-panel\" aria-expanded=\"false\">\n\t\t\t\t\tHva kan du forvente?\n\t\t\t\t\t<span class=\"t2-accordion-icon is-closed-icon\"><svg xmlns=\"http:\/\/www.w3.org\/2000\/svg\" viewBox=\"0 0 24 24\" height=\"24\" width=\"24\" class=\"t2-icon t2-icon-plus\" aria-hidden=\"true\" focusable=\"false\"><path d=\"M11.8 5.037a1.088 1.088 0 0 0-.722.566c-.075.148-.078.25-.078 2.772v2.619l-2.61.016c-1.867.012-2.652.03-2.756.064-.168.055-.438.301-.54.494-.049.092-.07.223-.07.432 0 .34.054.476.282.704.289.289.14.275 3.064.288l2.63.012v2.619c0 2.544.002 2.625.08 2.778.191.372.516.577.92.577s.729-.205.92-.577c.078-.153.08-.234.08-2.778v-2.619l2.63-.012c2.924-.013 2.775.001 3.064-.288.228-.228.282-.364.282-.704 0-.209-.021-.34-.07-.432-.102-.193-.372-.439-.54-.494-.104-.034-.889-.052-2.756-.064L13 10.994V8.375c0-2.522-.003-2.624-.078-2.772-.214-.418-.685-.656-1.122-.566\"\/><\/svg><\/span>\n\t\t\t\t\t<span class=\"t2-accordion-icon is-open-icon\"><svg xmlns=\"http:\/\/www.w3.org\/2000\/svg\" viewBox=\"0 0 24 24\" height=\"24\" width=\"24\" class=\"t2-icon t2-icon-chevronup\" aria-hidden=\"true\" focusable=\"false\"><path d=\"M6.7 14.7c-.2-.2-.3-.4-.3-.7s.1-.5.3-.7l4.6-4.6c.1-.1.2-.2.3-.2.1 0 .2-.1.4-.1.1 0 .3 0 .4.1.1 0 .2.1.3.2l4.6 4.6c.2.2.3.4.3.7s-.1.5-.3.7c-.2.2-.4.3-.7.3s-.5-.1-.7-.3L12 10.8l-3.9 3.9c-.2.2-.4.3-.7.3s-.5-.1-.7-.3z\" fill=\"currentColor\" \/><\/svg><\/span>\n\t\t\t\t<\/button>\n\t\t\t<\/h2>\n\t\t\t<div class=\"t2-accordion-item__inner-container is-layout-flow\" id=\"accordion-panel\" aria-labelledby=\"hva-kan-du-forvente?\" role=\"region\" hidden>\n\t\t\t\t\n\n<p>N\u00e5r&nbsp;det er gitt&nbsp;tilbud om&nbsp;behandling, vil pasienten f\u00e5 en fast behandler. I tillegg til \u00e5 ha individualsamtaler med pasienten, skal behandleren&nbsp;i samr\u00e5d med pasienten samarbeide med andre instanser i hjelpeapparatet, og med p\u00e5r\u00f8rende hvis dette er aktuelt. Dette kan inneb\u00e6re par- og familie-samtaler og samarbeidsm\u00f8ter med andre instanser. Videre har&nbsp;behandleren ansvar for \u00e5&nbsp;f\u00f8re journal&nbsp;etter v\u00e5re retningslinjer samt forskrift om pasientjournal. <br>Les mer her:&nbsp;<a href=\"http:\/\/www.lovdata.no\/for\/sf\/ho\/ho-20001221-1385.html\" target=\"_blank\" rel=\"noreferrer noopener\">forskrift om pasientjournal<\/a>.<\/p>\n\n\n\n<p>Behandlingen starter med en&nbsp;vurdering og kartlegging av selve rusmiddelproblemet, psykisk og fysisk&nbsp;helse samt&nbsp;pasientens sosiale situasjon. Vurderingen vil finne sted gjennom dialogen med pasienten. Videre vil vi bruke ulike tester og kartleggingsverkt\u00f8y. Den&nbsp;innledende fasen i behandlingen vil f\u00f8re frem til en&nbsp;behandlingsplan som danner et utgangspunkt for behandlingens innhold og form.&nbsp;<\/p>\n\n\n\n<p>For \u00e5 m\u00f8te den enkelte pasients behandlingsbehov, har poliklinikken og d\u00f8gnavdelingene p\u00e5 A-senteret et variert og individuelt, tilrettelagt behandlingstilbud.&nbsp;Dette gjenspeiler den store variasjonen blant&nbsp;v\u00e5re pasienter&nbsp;b\u00e5de n\u00e5r det gjelder selve rusmiddelproblematikken og de psykiske, fysiske og sosiale tilleggsproblemene.<\/p>\n\n\n\n<p>Det kan v\u00e6re vanskelig og lite hensiktsmessig&nbsp;\u00e5 skille skarpt mellom selve rusmiddelproblemet og andre problemer. Derfor pr\u00f8ver&nbsp;vi \u00e5&nbsp;behandle v\u00e5re pasienter i et helhetlig perspektiv ved \u00e5&nbsp;integrere&nbsp;ulike problemomr\u00e5der i oppf\u00f8lgingen her ved A-senteret. Dette kan f.eks. inneb\u00e6re at depresjon og angst blir viktige tema i behandlingen.<\/p>\n\n\n\n<p>Selv om behandlingen p\u00e5 A-senteret skal favne videre enn selve rusmiddelproblemet, kan det&nbsp;som nevnt v\u00e6re n\u00f8dvendig \u00e5 samarbeide med andre instanser i hjelpeapparatet som fastlege, sosialtjeneste, psykisk helsevernog NAV.&nbsp;I den&nbsp;forbindelse kan det i samr\u00e5d med pasienten v\u00e6re aktuelt&nbsp;\u00e5 utarbeide en&nbsp;<a href=\"http:\/\/www.lovdata.no\/for\/sf\/ho\/ho-20041223-1837.html\" target=\"_blank\" rel=\"noreferrer noopener\">individuell plan<\/a> (IP) etter lov om pasientrettigheter \u00a7 2-5 og forskrift om individuell plan. Individuell plan skal&nbsp;klargj\u00f8re ansvarsforholdet mellom de ulike involverte instansene, noe som vil bidra til en mer helhetlig og sammenhengende oppf\u00f8lging.<\/p>\n\n\n\n<p>V\u00e5r behandlingsvirksomhet drives bl.a. etter <a href=\"http:\/\/www.lovdata.no\/all\/nl-19990702-063.html\" target=\"_blank\" rel=\"noreferrer noopener\">pasientrettighetsloven<\/a> og <a href=\"http:\/\/www.lovdata.no\/all\/nl-19990702-064.html\" target=\"_blank\" rel=\"noreferrer noopener\">helsepersonelloven<\/a>.<\/p>\n\n\n\n<p>A-senteret tilbyr poliklinisk behandling, d\u00f8gnbehandling inntil tre m\u00e5neder&nbsp;og&nbsp;langtids d\u00f8gnbehandling inntil 12 m\u00e5neder. <\/p>\n\n\n\n<p>Vi har avtale med Helse S\u00f8r-\u00d8st og er en del av spesialisthelsetjenesten. Dette inneb\u00e6rer at du m\u00e5 ha en henvisning fra din fastlege, fra andre deler av spesialisthelsetjenesten (psykisk helsevern\/ somatisk spesialisthelsetjeneste), fra NAV eller en privatpraktiserende psykolog.<\/p>\n\n\n\t\t\t<\/div>\n\t\t<\/div>\n\n<div class=\"t2-accordion-item wp-block-t2-accordion-item\" role=\"listitem\">\n\t\t\t<h2 class=\"t2-accordion-title\">\n\t\t\t\t<button type=\"button\" class=\"t2-accordion-trigger\" id=\"hvem-er-pasienter-p\u00e5-a-senteret?\" aria-controls=\"accordion-panel-1\" aria-expanded=\"false\">\n\t\t\t\t\tHvem er pasienter p\u00e5 A-senteret?\n\t\t\t\t\t<span class=\"t2-accordion-icon is-closed-icon\"><svg xmlns=\"http:\/\/www.w3.org\/2000\/svg\" viewBox=\"0 0 24 24\" height=\"24\" width=\"24\" class=\"t2-icon t2-icon-plus\" aria-hidden=\"true\" focusable=\"false\"><path d=\"M11.8 5.037a1.088 1.088 0 0 0-.722.566c-.075.148-.078.25-.078 2.772v2.619l-2.61.016c-1.867.012-2.652.03-2.756.064-.168.055-.438.301-.54.494-.049.092-.07.223-.07.432 0 .34.054.476.282.704.289.289.14.275 3.064.288l2.63.012v2.619c0 2.544.002 2.625.08 2.778.191.372.516.577.92.577s.729-.205.92-.577c.078-.153.08-.234.08-2.778v-2.619l2.63-.012c2.924-.013 2.775.001 3.064-.288.228-.228.282-.364.282-.704 0-.209-.021-.34-.07-.432-.102-.193-.372-.439-.54-.494-.104-.034-.889-.052-2.756-.064L13 10.994V8.375c0-2.522-.003-2.624-.078-2.772-.214-.418-.685-.656-1.122-.566\"\/><\/svg><\/span>\n\t\t\t\t\t<span class=\"t2-accordion-icon is-open-icon\"><svg xmlns=\"http:\/\/www.w3.org\/2000\/svg\" viewBox=\"0 0 24 24\" height=\"24\" width=\"24\" class=\"t2-icon t2-icon-chevronup\" aria-hidden=\"true\" focusable=\"false\"><path d=\"M6.7 14.7c-.2-.2-.3-.4-.3-.7s.1-.5.3-.7l4.6-4.6c.1-.1.2-.2.3-.2.1 0 .2-.1.4-.1.1 0 .3 0 .4.1.1 0 .2.1.3.2l4.6 4.6c.2.2.3.4.3.7s-.1.5-.3.7c-.2.2-.4.3-.7.3s-.5-.1-.7-.3L12 10.8l-3.9 3.9c-.2.2-.4.3-.7.3s-.5-.1-.7-.3z\" fill=\"currentColor\" \/><\/svg><\/span>\n\t\t\t\t<\/button>\n\t\t\t<\/h2>\n\t\t\t<div class=\"t2-accordion-item__inner-container is-layout-flow\" id=\"accordion-panel-1\" aria-labelledby=\"hvem-er-pasienter-p\u00e5-a-senteret?\" role=\"region\" hidden>\n\t\t\t\t\n\n<p><strong>Personer med eget rusmiddelproblem<br><\/strong>A\u2013senteret gir tilbud om <a href=\"https:\/\/kirkensbymisjon.no\/tilbud-a-senteret\/poliklinikk\/\">poliklinisk behandling<\/a> og <a href=\"https:\/\/kirkensbymisjon.no\/tilbud-a-senteret\/dognavdeling\/\">d\u00f8gnbehandling<strong> <\/strong><\/a>til mennesker som har rusmiddelproblemer.<\/p>\n\n\n\n<p>Variasjonen er stor blant v\u00e5re pasienter n\u00e5r det gjelder rusmiddelproblemets alvorlighetsgrad, varighet og utforming. Noen har hatt et jevnt h\u00f8yt rusmiddelinntak over mange \u00e5r. De kan ha gjentatte behandlingsopplegg bak seg. Hos andre er problemet i mindre grad preget av et avhengighetssyndrom og tidligere behandlingserfaring kan v\u00e6re frav\u00e6rende eller liten.<\/p>\n\n\n\n<p>Rusmiddelproblemer er ofte sammenvevd i onde sirkler med psykiske, sosiale, fysiske eller yrkesmessige problemer. Omfanget av disse tilleggsvanskene og hvordan de henger sammen med rusmiddelproblemet, varierer ogs\u00e5 i stor grad blant v\u00e5re pasienter.<\/p>\n\n\n\n<p><strong>P\u00e5r\u00f8rende til personer som har et rusmiddelproblem<br><\/strong>\u00abP\u00e5r\u00f8rende\u00bb vil i denne sammenheng inneb\u00e6re ektefeller, samboere, partnere, kj\u00e6rester, s\u00f8sken og foreldre. P\u00e5r\u00f8rende kan f\u00e5 behandling som selvstendige pasienter uavhengig av om vedkommende de er p\u00e5r\u00f8rende til er i behandling eller ikke. Vi har ikke tilbud om d\u00f8gnbehandling for p\u00e5r\u00f8rende.<\/p>\n\n\n\t\t\t<\/div>\n\t\t<\/div>\n\n<div class=\"t2-accordion-item wp-block-t2-accordion-item\" role=\"listitem\">\n\t\t\t<h2 class=\"t2-accordion-title\">\n\t\t\t\t<button type=\"button\" class=\"t2-accordion-trigger\" id=\"slik-s\u00f8ker-du-om-behandling-ved-a-senteret\" aria-controls=\"accordion-panel-2\" aria-expanded=\"false\">\n\t\t\t\t\tSlik s\u00f8ker du om behandling ved A-senteret\n\t\t\t\t\t<span class=\"t2-accordion-icon is-closed-icon\"><svg xmlns=\"http:\/\/www.w3.org\/2000\/svg\" viewBox=\"0 0 24 24\" height=\"24\" width=\"24\" class=\"t2-icon t2-icon-plus\" aria-hidden=\"true\" focusable=\"false\"><path d=\"M11.8 5.037a1.088 1.088 0 0 0-.722.566c-.075.148-.078.25-.078 2.772v2.619l-2.61.016c-1.867.012-2.652.03-2.756.064-.168.055-.438.301-.54.494-.049.092-.07.223-.07.432 0 .34.054.476.282.704.289.289.14.275 3.064.288l2.63.012v2.619c0 2.544.002 2.625.08 2.778.191.372.516.577.92.577s.729-.205.92-.577c.078-.153.08-.234.08-2.778v-2.619l2.63-.012c2.924-.013 2.775.001 3.064-.288.228-.228.282-.364.282-.704 0-.209-.021-.34-.07-.432-.102-.193-.372-.439-.54-.494-.104-.034-.889-.052-2.756-.064L13 10.994V8.375c0-2.522-.003-2.624-.078-2.772-.214-.418-.685-.656-1.122-.566\"\/><\/svg><\/span>\n\t\t\t\t\t<span class=\"t2-accordion-icon is-open-icon\"><svg xmlns=\"http:\/\/www.w3.org\/2000\/svg\" viewBox=\"0 0 24 24\" height=\"24\" width=\"24\" class=\"t2-icon t2-icon-chevronup\" aria-hidden=\"true\" focusable=\"false\"><path d=\"M6.7 14.7c-.2-.2-.3-.4-.3-.7s.1-.5.3-.7l4.6-4.6c.1-.1.2-.2.3-.2.1 0 .2-.1.4-.1.1 0 .3 0 .4.1.1 0 .2.1.3.2l4.6 4.6c.2.2.3.4.3.7s-.1.5-.3.7c-.2.2-.4.3-.7.3s-.5-.1-.7-.3L12 10.8l-3.9 3.9c-.2.2-.4.3-.7.3s-.5-.1-.7-.3z\" fill=\"currentColor\" \/><\/svg><\/span>\n\t\t\t\t<\/button>\n\t\t\t<\/h2>\n\t\t\t<div class=\"t2-accordion-item__inner-container is-layout-flow\" id=\"accordion-panel-2\" aria-labelledby=\"slik-s\u00f8ker-du-om-behandling-ved-a-senteret\" role=\"region\" hidden>\n\t\t\t\t\n\n<p>A-senteret har tre avdelinger: <a href=\"https:\/\/kirkensbymisjon.no\/tilbud-villa-berg\/\">Villa Berg<\/a>, D\u00f8gnavdelingen p\u00e5 Bj\u00f8lsen og Poliklinikken. A\u2013senteret er en del av spesialisthelsetjenesten. Dette inneb\u00e6rer at vi m\u00e5 ha en skriftlig henvisning f\u00f8r vi kan gi tilbud om behandling eller utredning. Vi kan ta imot henvisninger fra din fastlege, psykolog, NAV eller spesialisthelsetjenesten.<\/p>\n\n\n\n<p>Henvisningen sendes til spesialisthelsetjenesten ved det helseforetaket (sykehuset) du tilh\u00f8rer. Vurderingsinstansen her vil vurdere om du skal ha rett til helsehjelp og ev. fristen for oppstart av utredningen eller behandlingen.<\/p>\n\n\n\n<p>Den vurderte henvisningen vil bli videresendt til A-senteret dersom det st\u00e5r i henvisningen at utredningen\/ behandlingen s\u00f8kes ved A-senteret.<\/p>\n\n\n\t\t\t<\/div>\n\t\t<\/div>\n<\/div>\n\n\n<h2 class=\"wp-block-heading\" id=\"h-andre-tilbud\">Andre tilbud<\/h2>\n\n\n<div class=\"t2-accordion wp-block-t2-accordion\" data-allow-multiple=\"1\" role=\"list\">\n<div class=\"t2-accordion-item wp-block-t2-accordion-item\" role=\"listitem\">\n\t\t\t<h2 class=\"t2-accordion-title\">\n\t\t\t\t<button type=\"button\" class=\"t2-accordion-trigger\" id=\"undervisning-og-veiledning\" aria-controls=\"accordion-panel-3\" aria-expanded=\"false\">\n\t\t\t\t\tUndervisning og veiledning\n\t\t\t\t\t<span class=\"t2-accordion-icon is-closed-icon\"><svg xmlns=\"http:\/\/www.w3.org\/2000\/svg\" viewBox=\"0 0 24 24\" height=\"24\" width=\"24\" class=\"t2-icon t2-icon-plus\" aria-hidden=\"true\" focusable=\"false\"><path d=\"M11.8 5.037a1.088 1.088 0 0 0-.722.566c-.075.148-.078.25-.078 2.772v2.619l-2.61.016c-1.867.012-2.652.03-2.756.064-.168.055-.438.301-.54.494-.049.092-.07.223-.07.432 0 .34.054.476.282.704.289.289.14.275 3.064.288l2.63.012v2.619c0 2.544.002 2.625.08 2.778.191.372.516.577.92.577s.729-.205.92-.577c.078-.153.08-.234.08-2.778v-2.619l2.63-.012c2.924-.013 2.775.001 3.064-.288.228-.228.282-.364.282-.704 0-.209-.021-.34-.07-.432-.102-.193-.372-.439-.54-.494-.104-.034-.889-.052-2.756-.064L13 10.994V8.375c0-2.522-.003-2.624-.078-2.772-.214-.418-.685-.656-1.122-.566\"\/><\/svg><\/span>\n\t\t\t\t\t<span class=\"t2-accordion-icon is-open-icon\"><svg xmlns=\"http:\/\/www.w3.org\/2000\/svg\" viewBox=\"0 0 24 24\" height=\"24\" width=\"24\" class=\"t2-icon t2-icon-chevronup\" aria-hidden=\"true\" focusable=\"false\"><path d=\"M6.7 14.7c-.2-.2-.3-.4-.3-.7s.1-.5.3-.7l4.6-4.6c.1-.1.2-.2.3-.2.1 0 .2-.1.4-.1.1 0 .3 0 .4.1.1 0 .2.1.3.2l4.6 4.6c.2.2.3.4.3.7s-.1.5-.3.7c-.2.2-.4.3-.7.3s-.5-.1-.7-.3L12 10.8l-3.9 3.9c-.2.2-.4.3-.7.3s-.5-.1-.7-.3z\" fill=\"currentColor\" \/><\/svg><\/span>\n\t\t\t\t<\/button>\n\t\t\t<\/h2>\n\t\t\t<div class=\"t2-accordion-item__inner-container is-layout-flow\" id=\"accordion-panel-3\" aria-labelledby=\"undervisning-og-veiledning\" role=\"region\" hidden>\n\t\t\t\t\n\n<p>Kompetanse- og kvalitetsheving er selvsagte m\u00e5lsettinger for undervisning og veiledning. Dessuten har vi erfart at undervisning og veiledning ofte vil inneb\u00e6re en&nbsp;erfaringsutveksling mellom de som gir og de som mottar undervisningen, noe som kan bidra til et bedre grunnlag for samarbeid.<\/p>\n\n\n\n<p>M\u00e5lgruppene for v\u00e5r undervisning og veiledning er bl.a. f\u00f8rstelinjens sosial- og helsetjeneste. Dessuten mottar Universitetet i Oslo og H\u00f8gskolene b\u00e5de veiledning og undervisning. Veiledningen finner sted ved at vi har psykolog-, sosionom- og sykepleierstudenter i praksis.<\/p>\n\n\n\n<p>Vi kan tilby&nbsp;undervisning om&nbsp;bl.a. f\u00f8lgende tema:<\/p>\n\n\n\n<p><strong>Forst\u00e5elsesmodeller:<\/strong><\/p>\n\n\n\n<ul class=\"wp-block-list\">\n<li>Forskjellige perspektiv for \u00e5 forst\u00e5 rusmiddelproblematikk.<\/li>\n\n\n\n<li>Forskjellige tiln\u00e6rminger til behandling.<\/li>\n<\/ul>\n\n\n\n<p><strong>Endringsprosessen:&nbsp;<\/strong><\/p>\n\n\n\n<ul class=\"wp-block-list\">\n<li>Hvordan komme i dialog.<\/li>\n\n\n\n<li>Motivasjonsbegrepet.<\/li>\n\n\n\n<li>Tilbakefall\/tilbakeskritt.<\/li>\n<\/ul>\n\n\n\n<p><strong>Rus og arbeidsliv:<\/strong><\/p>\n\n\n\n<ul class=\"wp-block-list\">\n<li>Samarbeid mellom arbeidsgiver, arbeidstaker og hjelpeapparatet.<\/li>\n\n\n\n<li>Arbeidsgivers ruspolitikk.<\/li>\n<\/ul>\n\n\n\n<p><strong>Rus og psykiske lidelser:<\/strong><\/p>\n\n\n\n<ul class=\"wp-block-list\">\n<li>Rusmiddelproblemer i kombinasjon med traumelidelser, angstlidelser, depresjon og personlighetsforstyrrelser.<\/li>\n\n\n\n<li>Rus og selvmordsproblematikk.<\/li>\n<\/ul>\n\n\n\n<p><strong>Arbeid med p\u00e5r\u00f8rende:<\/strong><\/p>\n\n\n\n<ul class=\"wp-block-list\">\n<li>Rusmisbrukerens barn.<\/li>\n\n\n\n<li>Familie\/par.<\/li>\n\n\n\n<li>Andre p\u00e5r\u00f8rende.<\/li>\n<\/ul>\n\n\n\n<p><strong>Andre aktuelle temaer:<\/strong><\/p>\n\n\n\n<ul class=\"wp-block-list\">\n<li>Kj\u00f8nns- og seksualitetsmangfold.<\/li>\n<\/ul>\n\n\n\t\t\t<\/div>\n\t\t<\/div>\n\n<div class=\"t2-accordion-item wp-block-t2-accordion-item\" role=\"listitem\">\n\t\t\t<h2 class=\"t2-accordion-title\">\n\t\t\t\t<button type=\"button\" class=\"t2-accordion-trigger\" id=\"skeiv-rus\" aria-controls=\"accordion-panel-4\" aria-expanded=\"false\">\n\t\t\t\t\tSkeiv rus\n\t\t\t\t\t<span class=\"t2-accordion-icon is-closed-icon\"><svg xmlns=\"http:\/\/www.w3.org\/2000\/svg\" viewBox=\"0 0 24 24\" height=\"24\" width=\"24\" class=\"t2-icon t2-icon-plus\" aria-hidden=\"true\" focusable=\"false\"><path d=\"M11.8 5.037a1.088 1.088 0 0 0-.722.566c-.075.148-.078.25-.078 2.772v2.619l-2.61.016c-1.867.012-2.652.03-2.756.064-.168.055-.438.301-.54.494-.049.092-.07.223-.07.432 0 .34.054.476.282.704.289.289.14.275 3.064.288l2.63.012v2.619c0 2.544.002 2.625.08 2.778.191.372.516.577.92.577s.729-.205.92-.577c.078-.153.08-.234.08-2.778v-2.619l2.63-.012c2.924-.013 2.775.001 3.064-.288.228-.228.282-.364.282-.704 0-.209-.021-.34-.07-.432-.102-.193-.372-.439-.54-.494-.104-.034-.889-.052-2.756-.064L13 10.994V8.375c0-2.522-.003-2.624-.078-2.772-.214-.418-.685-.656-1.122-.566\"\/><\/svg><\/span>\n\t\t\t\t\t<span class=\"t2-accordion-icon is-open-icon\"><svg xmlns=\"http:\/\/www.w3.org\/2000\/svg\" viewBox=\"0 0 24 24\" height=\"24\" width=\"24\" class=\"t2-icon t2-icon-chevronup\" aria-hidden=\"true\" focusable=\"false\"><path d=\"M6.7 14.7c-.2-.2-.3-.4-.3-.7s.1-.5.3-.7l4.6-4.6c.1-.1.2-.2.3-.2.1 0 .2-.1.4-.1.1 0 .3 0 .4.1.1 0 .2.1.3.2l4.6 4.6c.2.2.3.4.3.7s-.1.5-.3.7c-.2.2-.4.3-.7.3s-.5-.1-.7-.3L12 10.8l-3.9 3.9c-.2.2-.4.3-.7.3s-.5-.1-.7-.3z\" fill=\"currentColor\" \/><\/svg><\/span>\n\t\t\t\t<\/button>\n\t\t\t<\/h2>\n\t\t\t<div class=\"t2-accordion-item__inner-container is-layout-flow\" id=\"accordion-panel-4\" aria-labelledby=\"skeiv-rus\" role=\"region\" hidden>\n\t\t\t\t\n\n<p>A-senteret tilbyr korttids samtalegruppe for homofile menn som er bekymret over bruken av alkohol eller andre rusmidler.&nbsp;<\/p>\n\n\n\n<p>A-senteret tilbyr spesialisthelsetjenester til mennesker med rusproblemer, p\u00e5 grunnlag av henvisning fra lege eller sosialtjeneste. Mange homofile er del av en subkultur der det drikkes mye alkohol, og brukes andre rusmidler. Det kan derfor v\u00e6re nyttig med egne grupper, slik at homofile kan m\u00f8te andre med livserfaringer som de kan kjenne seg igjen i. Vi \u00f8nsker \u00e5 legge til rette for \u00f8kt bevissthet om hvordan deltagerne bruker rusmidler, om rusens funksjoner i homolivet, om konsekvenser, samt om hvordan bedre rusvaner kan oppn\u00e5s.<\/p>\n\n\n\t\t\t<\/div>\n\t\t<\/div>\n<\/div>","protected":false},"excerpt":{"rendered":"<p>Slik jobber vi p\u00e5 A-senteret Vi tilbyr poliklinisk behandling, d\u00f8gnbehandling inntil tre m\u00e5neder\u00a0og\u00a0langtids d\u00f8gnbehandling inntil&hellip;<\/p>\n","protected":false},"author":6,"featured_media":0,"parent":0,"menu_order":0,"comment_status":"closed","ping_status":"closed","template":"","meta":{"_relevanssi_hide_post":"","_relevanssi_hide_content":"","_relevanssi_pin_for_all":"","_relevanssi_pin_keywords":"","_relevanssi_unpin_keywords":"","_relevanssi_related_keywords":"","_relevanssi_related_include_ids":"","_relevanssi_related_exclude_ids":"","_relevanssi_related_no_append":"","_relevanssi_related_not_related":"","_relevanssi_related_posts":"1","_relevanssi_noindex_reason":"","editor_notices":[],"footnotes":""},"class_list":["post-40","page","type-page","status-publish","hentry"],"yoast_head":"<!-- This site is optimized with the Yoast SEO Premium plugin v27.2 (Yoast SEO v27.2) - https:\/\/yoast.com\/product\/yoast-seo-premium-wordpress\/ -->\n<title>Om senteret - A-senteret<\/title>\n<meta name=\"robots\" content=\"index, follow, max-snippet:-1, max-image-preview:large, max-video-preview:-1\" \/>\n<link rel=\"canonical\" href=\"https:\/\/kirkensbymisjon.no\/tilbud-a-senteret\/om-senteret\/\" \/>\n<meta property=\"og:locale\" content=\"nb_NO\" \/>\n<meta property=\"og:type\" content=\"article\" \/>\n<meta property=\"og:title\" content=\"Om senteret\" \/>\n<meta property=\"og:description\" content=\"Slik jobber vi p\u00e5 A-senteret Vi tilbyr poliklinisk behandling, d\u00f8gnbehandling inntil tre m\u00e5neder\u00a0og\u00a0langtids d\u00f8gnbehandling inntil&hellip;\" \/>\n<meta property=\"og:url\" content=\"https:\/\/kirkensbymisjon.no\/tilbud-a-senteret\/om-senteret\/\" \/>\n<meta property=\"og:site_name\" content=\"A-senteret\" \/>\n<meta property=\"article:modified_time\" content=\"2026-01-02T10:11:38+00:00\" \/>\n<meta name=\"twitter:card\" content=\"summary_large_image\" \/>\n<meta name=\"twitter:label1\" content=\"Ansl. lesetid\" \/>\n\t<meta name=\"twitter:data1\" content=\"5 minutter\" \/>\n<script type=\"application\/ld+json\" class=\"yoast-schema-graph\">{\"@context\":\"https:\/\/schema.org\",\"@graph\":[{\"@type\":\"WebPage\",\"@id\":\"https:\/\/kirkensbymisjon.no\/tilbud-a-senteret\/om-senteret\/\",\"url\":\"https:\/\/kirkensbymisjon.no\/tilbud-a-senteret\/om-senteret\/\",\"name\":\"Om senteret - A-senteret\",\"isPartOf\":{\"@id\":\"https:\/\/kirkensbymisjon.no\/tilbud-a-senteret\/#website\"},\"datePublished\":\"2024-07-24T09:43:19+00:00\",\"dateModified\":\"2026-01-02T10:11:38+00:00\",\"breadcrumb\":{\"@id\":\"https:\/\/kirkensbymisjon.no\/tilbud-a-senteret\/om-senteret\/#breadcrumb\"},\"inLanguage\":\"nb-NO\",\"potentialAction\":[{\"@type\":\"ReadAction\",\"target\":[\"https:\/\/kirkensbymisjon.no\/tilbud-a-senteret\/om-senteret\/\"]}]},{\"@type\":\"BreadcrumbList\",\"@id\":\"https:\/\/kirkensbymisjon.no\/tilbud-a-senteret\/om-senteret\/#breadcrumb\",\"itemListElement\":[{\"@type\":\"ListItem\",\"position\":1,\"name\":\"Hjem\",\"item\":\"https:\/\/kirkensbymisjon.no\/tilbud-a-senteret\/\"},{\"@type\":\"ListItem\",\"position\":2,\"name\":\"Om senteret\"}]},{\"@type\":\"WebSite\",\"@id\":\"https:\/\/kirkensbymisjon.no\/tilbud-a-senteret\/#website\",\"url\":\"https:\/\/kirkensbymisjon.no\/tilbud-a-senteret\/\",\"name\":\"A-senteret\",\"description\":\"\",\"potentialAction\":[{\"@type\":\"SearchAction\",\"target\":{\"@type\":\"EntryPoint\",\"urlTemplate\":\"https:\/\/kirkensbymisjon.no\/tilbud-a-senteret\/?s={search_term_string}\"},\"query-input\":{\"@type\":\"PropertyValueSpecification\",\"valueRequired\":true,\"valueName\":\"search_term_string\"}}],\"inLanguage\":\"nb-NO\"}]}<\/script>\n<!-- \/ Yoast SEO Premium plugin. -->","yoast_head_json":{"title":"Om senteret - A-senteret","robots":{"index":"index","follow":"follow","max-snippet":"max-snippet:-1","max-image-preview":"max-image-preview:large","max-video-preview":"max-video-preview:-1"},"canonical":"https:\/\/kirkensbymisjon.no\/tilbud-a-senteret\/om-senteret\/","og_locale":"nb_NO","og_type":"article","og_title":"Om senteret","og_description":"Slik jobber vi p\u00e5 A-senteret Vi tilbyr poliklinisk behandling, d\u00f8gnbehandling inntil tre m\u00e5neder\u00a0og\u00a0langtids d\u00f8gnbehandling inntil&hellip;","og_url":"https:\/\/kirkensbymisjon.no\/tilbud-a-senteret\/om-senteret\/","og_site_name":"A-senteret","article_modified_time":"2026-01-02T10:11:38+00:00","twitter_card":"summary_large_image","twitter_misc":{"Ansl. lesetid":"5 minutter"},"schema":{"@context":"https:\/\/schema.org","@graph":[{"@type":"WebPage","@id":"https:\/\/kirkensbymisjon.no\/tilbud-a-senteret\/om-senteret\/","url":"https:\/\/kirkensbymisjon.no\/tilbud-a-senteret\/om-senteret\/","name":"Om senteret - A-senteret","isPartOf":{"@id":"https:\/\/kirkensbymisjon.no\/tilbud-a-senteret\/#website"},"datePublished":"2024-07-24T09:43:19+00:00","dateModified":"2026-01-02T10:11:38+00:00","breadcrumb":{"@id":"https:\/\/kirkensbymisjon.no\/tilbud-a-senteret\/om-senteret\/#breadcrumb"},"inLanguage":"nb-NO","potentialAction":[{"@type":"ReadAction","target":["https:\/\/kirkensbymisjon.no\/tilbud-a-senteret\/om-senteret\/"]}]},{"@type":"BreadcrumbList","@id":"https:\/\/kirkensbymisjon.no\/tilbud-a-senteret\/om-senteret\/#breadcrumb","itemListElement":[{"@type":"ListItem","position":1,"name":"Hjem","item":"https:\/\/kirkensbymisjon.no\/tilbud-a-senteret\/"},{"@type":"ListItem","position":2,"name":"Om senteret"}]},{"@type":"WebSite","@id":"https:\/\/kirkensbymisjon.no\/tilbud-a-senteret\/#website","url":"https:\/\/kirkensbymisjon.no\/tilbud-a-senteret\/","name":"A-senteret","description":"","potentialAction":[{"@type":"SearchAction","target":{"@type":"EntryPoint","urlTemplate":"https:\/\/kirkensbymisjon.no\/tilbud-a-senteret\/?s={search_term_string}"},"query-input":{"@type":"PropertyValueSpecification","valueRequired":true,"valueName":"search_term_string"}}],"inLanguage":"nb-NO"}]}},"_links":{"self":[{"href":"https:\/\/kirkensbymisjon.no\/tilbud-a-senteret\/wp-json\/wp\/v2\/pages\/40","targetHints":{"allow":["GET"]}}],"collection":[{"href":"https:\/\/kirkensbymisjon.no\/tilbud-a-senteret\/wp-json\/wp\/v2\/pages"}],"about":[{"href":"https:\/\/kirkensbymisjon.no\/tilbud-a-senteret\/wp-json\/wp\/v2\/types\/page"}],"author":[{"embeddable":true,"href":"https:\/\/kirkensbymisjon.no\/tilbud-a-senteret\/wp-json\/wp\/v2\/users\/6"}],"replies":[{"embeddable":true,"href":"https:\/\/kirkensbymisjon.no\/tilbud-a-senteret\/wp-json\/wp\/v2\/comments?post=40"}],"version-history":[{"count":4,"href":"https:\/\/kirkensbymisjon.no\/tilbud-a-senteret\/wp-json\/wp\/v2\/pages\/40\/revisions"}],"predecessor-version":[{"id":317,"href":"https:\/\/kirkensbymisjon.no\/tilbud-a-senteret\/wp-json\/wp\/v2\/pages\/40\/revisions\/317"}],"wp:attachment":[{"href":"https:\/\/kirkensbymisjon.no\/tilbud-a-senteret\/wp-json\/wp\/v2\/media?parent=40"}],"curies":[{"name":"wp","href":"https:\/\/api.w.org\/{rel}","templated":true}]}}