{"id":42,"date":"2024-07-24T11:43:54","date_gmt":"2024-07-24T09:43:54","guid":{"rendered":"https:\/\/kirkensbymisjon.no\/tilbud-a-senteret\/?page_id=42"},"modified":"2026-01-02T10:59:31","modified_gmt":"2026-01-02T09:59:31","slug":"dognavdeling","status":"publish","type":"page","link":"https:\/\/kirkensbymisjon.no\/tilbud-a-senteret\/dognavdeling\/","title":{"rendered":"D\u00f8gnavdeling"},"content":{"rendered":"\n<h2 class=\"wp-block-heading\" id=\"h-dognavdelingen-pa-bjolsen\">D\u00f8gnavdelingen p\u00e5 Bj\u00f8lsen<\/h2>\n\n\n\n<p>D\u00f8gnavdelingen er et behandlingssted for kvinner og menn som ligger sentralt p\u00e5 Bj\u00f8lsen i Oslo. Vi har 26 plasser, alle har eget rom med bad. Vi har fellesarealer med stue, kj\u00f8kken, spisestue, tv-stue, datarom, telefonrom, grupperom, treningsrom og undervisningsrom.<\/p>\n\n\n\n<p>Behandlingstilbudet har en varighet p\u00e5 inntil tre m\u00e5neder. Vi er et tilbud innen tverrfaglig spesialisert rusbehandling. Dette inneb\u00e6rer en tverrfaglig sammensatt personellgruppe best\u00e5ende av sykepleier, vernepleier, lege, sosionom, psykolog, psykiater og idrettspedagog. De fleste av pasientene p\u00e5 d\u00f8gnavdelingen har prim\u00e6rt problemer med alkohol, men vi tilbyr ogs\u00e5 behandling til deg som har problemer med medikamenter eller andre rusmidler.<\/p>\n\n\n<div class=\"t2-accordion wp-block-t2-accordion\" data-allow-multiple=\"1\" role=\"list\">\n<div class=\"t2-accordion-item wp-block-t2-accordion-item\" role=\"listitem\">\n\t\t\t<h2 class=\"t2-accordion-title\">\n\t\t\t\t<button type=\"button\" class=\"t2-accordion-trigger\" id=\"m\u00e5l-for-behandlingen\" aria-controls=\"accordion-panel\" aria-expanded=\"false\">\n\t\t\t\t\tM\u00e5l for behandlingen\n\t\t\t\t\t<span class=\"t2-accordion-icon is-closed-icon\"><svg xmlns=\"http:\/\/www.w3.org\/2000\/svg\" viewBox=\"0 0 24 24\" height=\"24\" width=\"24\" class=\"t2-icon t2-icon-plus\" aria-hidden=\"true\" focusable=\"false\"><path d=\"M11.8 5.037a1.088 1.088 0 0 0-.722.566c-.075.148-.078.25-.078 2.772v2.619l-2.61.016c-1.867.012-2.652.03-2.756.064-.168.055-.438.301-.54.494-.049.092-.07.223-.07.432 0 .34.054.476.282.704.289.289.14.275 3.064.288l2.63.012v2.619c0 2.544.002 2.625.08 2.778.191.372.516.577.92.577s.729-.205.92-.577c.078-.153.08-.234.08-2.778v-2.619l2.63-.012c2.924-.013 2.775.001 3.064-.288.228-.228.282-.364.282-.704 0-.209-.021-.34-.07-.432-.102-.193-.372-.439-.54-.494-.104-.034-.889-.052-2.756-.064L13 10.994V8.375c0-2.522-.003-2.624-.078-2.772-.214-.418-.685-.656-1.122-.566\"\/><\/svg><\/span>\n\t\t\t\t\t<span class=\"t2-accordion-icon is-open-icon\"><svg xmlns=\"http:\/\/www.w3.org\/2000\/svg\" viewBox=\"0 0 24 24\" height=\"24\" width=\"24\" class=\"t2-icon t2-icon-chevronup\" aria-hidden=\"true\" focusable=\"false\"><path d=\"M6.7 14.7c-.2-.2-.3-.4-.3-.7s.1-.5.3-.7l4.6-4.6c.1-.1.2-.2.3-.2.1 0 .2-.1.4-.1.1 0 .3 0 .4.1.1 0 .2.1.3.2l4.6 4.6c.2.2.3.4.3.7s-.1.5-.3.7c-.2.2-.4.3-.7.3s-.5-.1-.7-.3L12 10.8l-3.9 3.9c-.2.2-.4.3-.7.3s-.5-.1-.7-.3z\" fill=\"currentColor\" \/><\/svg><\/span>\n\t\t\t\t<\/button>\n\t\t\t<\/h2>\n\t\t\t<div class=\"t2-accordion-item__inner-container is-layout-flow\" id=\"accordion-panel\" aria-labelledby=\"m\u00e5l-for-behandlingen\" role=\"region\" hidden>\n\t\t\t\t\n\n<p>Vi \u00f8nsker at de som er hos oss etter endt opphold:<\/p>\n\n\n\n<ul class=\"wp-block-list\">\n<li>Har f\u00e5tt \u00f8kt kompetanse og nye verkt\u00f8y for mestring av hverdagen.<\/li>\n\n\n\n<li>Har en bedre forst\u00e5else og mestring av sitt rusmiddelproblem.<\/li>\n\n\n\n<li>Har en bedre livssituasjon og at oppholdet har f\u00f8rt til \u00f8kt livskvalitet.<\/li>\n<\/ul>\n\n\n\t\t\t<\/div>\n\t\t<\/div>\n\n<div class=\"t2-accordion-item wp-block-t2-accordion-item\" role=\"listitem\">\n\t\t\t<h2 class=\"t2-accordion-title\">\n\t\t\t\t<button type=\"button\" class=\"t2-accordion-trigger\" id=\"behandlingsopplegget\" aria-controls=\"accordion-panel-1\" aria-expanded=\"false\">\n\t\t\t\t\tBehandlingsopplegget\n\t\t\t\t\t<span class=\"t2-accordion-icon is-closed-icon\"><svg xmlns=\"http:\/\/www.w3.org\/2000\/svg\" viewBox=\"0 0 24 24\" height=\"24\" width=\"24\" class=\"t2-icon t2-icon-plus\" aria-hidden=\"true\" focusable=\"false\"><path d=\"M11.8 5.037a1.088 1.088 0 0 0-.722.566c-.075.148-.078.25-.078 2.772v2.619l-2.61.016c-1.867.012-2.652.03-2.756.064-.168.055-.438.301-.54.494-.049.092-.07.223-.07.432 0 .34.054.476.282.704.289.289.14.275 3.064.288l2.63.012v2.619c0 2.544.002 2.625.08 2.778.191.372.516.577.92.577s.729-.205.92-.577c.078-.153.08-.234.08-2.778v-2.619l2.63-.012c2.924-.013 2.775.001 3.064-.288.228-.228.282-.364.282-.704 0-.209-.021-.34-.07-.432-.102-.193-.372-.439-.54-.494-.104-.034-.889-.052-2.756-.064L13 10.994V8.375c0-2.522-.003-2.624-.078-2.772-.214-.418-.685-.656-1.122-.566\"\/><\/svg><\/span>\n\t\t\t\t\t<span class=\"t2-accordion-icon is-open-icon\"><svg xmlns=\"http:\/\/www.w3.org\/2000\/svg\" viewBox=\"0 0 24 24\" height=\"24\" width=\"24\" class=\"t2-icon t2-icon-chevronup\" aria-hidden=\"true\" focusable=\"false\"><path d=\"M6.7 14.7c-.2-.2-.3-.4-.3-.7s.1-.5.3-.7l4.6-4.6c.1-.1.2-.2.3-.2.1 0 .2-.1.4-.1.1 0 .3 0 .4.1.1 0 .2.1.3.2l4.6 4.6c.2.2.3.4.3.7s-.1.5-.3.7c-.2.2-.4.3-.7.3s-.5-.1-.7-.3L12 10.8l-3.9 3.9c-.2.2-.4.3-.7.3s-.5-.1-.7-.3z\" fill=\"currentColor\" \/><\/svg><\/span>\n\t\t\t\t<\/button>\n\t\t\t<\/h2>\n\t\t\t<div class=\"t2-accordion-item__inner-container is-layout-flow\" id=\"accordion-panel-1\" aria-labelledby=\"behandlingsopplegget\" role=\"region\" hidden>\n\t\t\t\t\n\n<p><strong>F\u00f8r innleggelse<\/strong><\/p>\n\n\n\n<ul class=\"wp-block-list\">\n<li>Innkalles til forberedende samtale n\u00e5r det n\u00e6rmer seg innleggelse.<\/li>\n\n\n\n<li>Avklare behov for avrusning.<\/li>\n\n\n\n<li>Starte planleggingen av behandlingen og eventuelt oppstart av samarbeid med samarbeidspartnere.<\/li>\n<\/ul>\n\n\n\n<p><strong>Inntaksdagen<\/strong><\/p>\n\n\n\n<ul class=\"wp-block-list\">\n<li>Behandler m\u00f8ter deg for innkomstsamtale.<\/li>\n\n\n\n<li>M\u00f8te lege for legekonsultasjon.<\/li>\n\n\n\n<li>M\u00f8te sykepleier for \u00e5 planlegge medisinering (ved behov).<\/li>\n\n\n\n<li>Omvisning p\u00e5 avdelingen.<\/li>\n<\/ul>\n\n\n\n<p><strong>Behandlingen<\/strong><\/p>\n\n\n\n<ul class=\"wp-block-list\">\n<li>Alle f\u00e5r egen behandler.<\/li>\n\n\n\n<li>Kartlegging av hva som skal jobbes med under innleggelse. Selve rusmiddelproblemet og eventuelle fysiske, psykiske og sosiale problemer.<\/li>\n\n\n\n<li>Utarbeide behandlingsplan sammen med behandler.<\/li>\n\n\n\n<li>Delta i behandlingsgrupper.<\/li>\n\n\n\n<li>Samarbeid med NAV, fastlege, p\u00e5r\u00f8rende og andre instanser i hjelpeapparatet.<\/li>\n\n\n\n<li>Utarbeidelse av individuell plan (IP) (for de som har behov for det).<\/li>\n<\/ul>\n\n\n\n<p><strong>Utskrivelse<\/strong><\/p>\n\n\n\n<ul class=\"wp-block-list\">\n<li>Planlegge utskrivelse fra starten av behandling.<\/li>\n\n\n\n<li>Starte opp med videre oppf\u00f8lging som trengs etter utskrivelse.<\/li>\n\n\n\n<li>F\u00e5 beskrivelse av behandlingen du har mottatt (epikrise).<\/li>\n<\/ul>\n\n\n\t\t\t<\/div>\n\t\t<\/div>\n\n<div class=\"t2-accordion-item wp-block-t2-accordion-item\" role=\"listitem\">\n\t\t\t<h2 class=\"t2-accordion-title\">\n\t\t\t\t<button type=\"button\" class=\"t2-accordion-trigger\" id=\"aktiviteter-i-behandlingsopplegget\" aria-controls=\"accordion-panel-2\" aria-expanded=\"false\">\n\t\t\t\t\tAktiviteter i behandlingsopplegget\n\t\t\t\t\t<span class=\"t2-accordion-icon is-closed-icon\"><svg xmlns=\"http:\/\/www.w3.org\/2000\/svg\" viewBox=\"0 0 24 24\" height=\"24\" width=\"24\" class=\"t2-icon t2-icon-plus\" aria-hidden=\"true\" focusable=\"false\"><path d=\"M11.8 5.037a1.088 1.088 0 0 0-.722.566c-.075.148-.078.25-.078 2.772v2.619l-2.61.016c-1.867.012-2.652.03-2.756.064-.168.055-.438.301-.54.494-.049.092-.07.223-.07.432 0 .34.054.476.282.704.289.289.14.275 3.064.288l2.63.012v2.619c0 2.544.002 2.625.08 2.778.191.372.516.577.92.577s.729-.205.92-.577c.078-.153.08-.234.08-2.778v-2.619l2.63-.012c2.924-.013 2.775.001 3.064-.288.228-.228.282-.364.282-.704 0-.209-.021-.34-.07-.432-.102-.193-.372-.439-.54-.494-.104-.034-.889-.052-2.756-.064L13 10.994V8.375c0-2.522-.003-2.624-.078-2.772-.214-.418-.685-.656-1.122-.566\"\/><\/svg><\/span>\n\t\t\t\t\t<span class=\"t2-accordion-icon is-open-icon\"><svg xmlns=\"http:\/\/www.w3.org\/2000\/svg\" viewBox=\"0 0 24 24\" height=\"24\" width=\"24\" class=\"t2-icon t2-icon-chevronup\" aria-hidden=\"true\" focusable=\"false\"><path d=\"M6.7 14.7c-.2-.2-.3-.4-.3-.7s.1-.5.3-.7l4.6-4.6c.1-.1.2-.2.3-.2.1 0 .2-.1.4-.1.1 0 .3 0 .4.1.1 0 .2.1.3.2l4.6 4.6c.2.2.3.4.3.7s-.1.5-.3.7c-.2.2-.4.3-.7.3s-.5-.1-.7-.3L12 10.8l-3.9 3.9c-.2.2-.4.3-.7.3s-.5-.1-.7-.3z\" fill=\"currentColor\" \/><\/svg><\/span>\n\t\t\t\t<\/button>\n\t\t\t<\/h2>\n\t\t\t<div class=\"t2-accordion-item__inner-container is-layout-flow\" id=\"accordion-panel-2\" aria-labelledby=\"aktiviteter-i-behandlingsopplegget\" role=\"region\" hidden>\n\t\t\t\t\n\n<p><strong>Individuell behandling<\/strong><br>Alle f\u00e5r hver sin behandler. Et viktig element i behandlingen er samtalene med behandler. I starten av behandlingen vil kartlegging og utredning v\u00e6re en viktig del av behandlingsopplegget. I m\u00f8tene med behandler er m\u00e5let \u00e5 sammen jobbe for \u00e5 f\u00e5 oversikt over problemer og utfordringer, dette for \u00e5 sikre at det blir jobbet med det som er viktigst \u00e5 ta tak i mens man er innlagt.<\/p>\n\n\n\n<p><strong>Behandlingsgrupper<br><\/strong>Et annet viktig element i behandlingstilbudet er ulike grupper gjennom uken:<\/p>\n\n\n\n<ul class=\"wp-block-list\">\n<li>Mestringsgrupper.<\/li>\n\n\n\n<li>Psykoedukasjon.<\/li>\n\n\n\n<li>Eksterne foredrag.<\/li>\n\n\n\n<li>Kunst og uttrykksterapi.<\/li>\n\n\n\n<li>H\u00f8yintensitetstrening (HIT -grupper).<\/li>\n\n\n\n<li>Yoga.<\/li>\n\n\n\n<li>Trygghetsgruppe (traumestabiliserende gruppe).<\/li>\n\n\n\n<li>ADHD- gruppe.<\/li>\n\n\n\n<li>Eksponeringsgruppe.<\/li>\n\n\n\n<li>Skeiv rus.<\/li>\n\n\n\n<li>Mindfullness.<\/li>\n<\/ul>\n\n\n\n<p><a href=\"https:\/\/kirkensbymisjon.no\/tilbud-a-senteret\/kontaktinformasjon\/#oslo\">Ta gjerne kontakt<\/a> med oss hvis det er noe du lurer p\u00e5.<\/p>\n\n\n\t\t\t<\/div>\n\t\t<\/div>\n<\/div>","protected":false},"excerpt":{"rendered":"<p>D\u00f8gnavdelingen p\u00e5 Bj\u00f8lsen D\u00f8gnavdelingen er et behandlingssted for kvinner og menn som ligger sentralt p\u00e5&hellip;<\/p>\n","protected":false},"author":6,"featured_media":0,"parent":0,"menu_order":0,"comment_status":"closed","ping_status":"closed","template":"","meta":{"_relevanssi_hide_post":"","_relevanssi_hide_content":"","_relevanssi_pin_for_all":"","_relevanssi_pin_keywords":"","_relevanssi_unpin_keywords":"","_relevanssi_related_keywords":"","_relevanssi_related_include_ids":"","_relevanssi_related_exclude_ids":"","_relevanssi_related_no_append":"","_relevanssi_related_not_related":"","_relevanssi_related_posts":"1","_relevanssi_noindex_reason":"","editor_notices":[],"footnotes":""},"class_list":["post-42","page","type-page","status-publish","hentry"],"yoast_head":"<!-- This site is optimized with the Yoast SEO Premium plugin v27.2 (Yoast SEO v27.2) - https:\/\/yoast.com\/product\/yoast-seo-premium-wordpress\/ -->\n<title>D\u00f8gnavdeling - A-senteret<\/title>\n<meta name=\"robots\" content=\"index, follow, max-snippet:-1, max-image-preview:large, max-video-preview:-1\" \/>\n<link rel=\"canonical\" href=\"https:\/\/kirkensbymisjon.no\/tilbud-a-senteret\/dognavdeling\/\" \/>\n<meta property=\"og:locale\" content=\"nb_NO\" \/>\n<meta property=\"og:type\" content=\"article\" \/>\n<meta property=\"og:title\" content=\"D\u00f8gnavdeling\" \/>\n<meta property=\"og:description\" content=\"D\u00f8gnavdelingen p\u00e5 Bj\u00f8lsen D\u00f8gnavdelingen er et behandlingssted for kvinner og menn som ligger sentralt p\u00e5&hellip;\" \/>\n<meta property=\"og:url\" content=\"https:\/\/kirkensbymisjon.no\/tilbud-a-senteret\/dognavdeling\/\" \/>\n<meta property=\"og:site_name\" content=\"A-senteret\" \/>\n<meta property=\"article:modified_time\" content=\"2026-01-02T09:59:31+00:00\" \/>\n<meta name=\"twitter:card\" content=\"summary_large_image\" \/>\n<meta name=\"twitter:label1\" content=\"Ansl. lesetid\" \/>\n\t<meta name=\"twitter:data1\" content=\"3 minutter\" \/>\n<script type=\"application\/ld+json\" class=\"yoast-schema-graph\">{\"@context\":\"https:\/\/schema.org\",\"@graph\":[{\"@type\":\"WebPage\",\"@id\":\"https:\/\/kirkensbymisjon.no\/tilbud-a-senteret\/dognavdeling\/\",\"url\":\"https:\/\/kirkensbymisjon.no\/tilbud-a-senteret\/dognavdeling\/\",\"name\":\"D\u00f8gnavdeling - A-senteret\",\"isPartOf\":{\"@id\":\"https:\/\/kirkensbymisjon.no\/tilbud-a-senteret\/#website\"},\"datePublished\":\"2024-07-24T09:43:54+00:00\",\"dateModified\":\"2026-01-02T09:59:31+00:00\",\"breadcrumb\":{\"@id\":\"https:\/\/kirkensbymisjon.no\/tilbud-a-senteret\/dognavdeling\/#breadcrumb\"},\"inLanguage\":\"nb-NO\",\"potentialAction\":[{\"@type\":\"ReadAction\",\"target\":[\"https:\/\/kirkensbymisjon.no\/tilbud-a-senteret\/dognavdeling\/\"]}]},{\"@type\":\"BreadcrumbList\",\"@id\":\"https:\/\/kirkensbymisjon.no\/tilbud-a-senteret\/dognavdeling\/#breadcrumb\",\"itemListElement\":[{\"@type\":\"ListItem\",\"position\":1,\"name\":\"Hjem\",\"item\":\"https:\/\/kirkensbymisjon.no\/tilbud-a-senteret\/\"},{\"@type\":\"ListItem\",\"position\":2,\"name\":\"D\u00f8gnavdeling\"}]},{\"@type\":\"WebSite\",\"@id\":\"https:\/\/kirkensbymisjon.no\/tilbud-a-senteret\/#website\",\"url\":\"https:\/\/kirkensbymisjon.no\/tilbud-a-senteret\/\",\"name\":\"A-senteret\",\"description\":\"\",\"potentialAction\":[{\"@type\":\"SearchAction\",\"target\":{\"@type\":\"EntryPoint\",\"urlTemplate\":\"https:\/\/kirkensbymisjon.no\/tilbud-a-senteret\/?s={search_term_string}\"},\"query-input\":{\"@type\":\"PropertyValueSpecification\",\"valueRequired\":true,\"valueName\":\"search_term_string\"}}],\"inLanguage\":\"nb-NO\"}]}<\/script>\n<!-- \/ Yoast SEO Premium plugin. -->","yoast_head_json":{"title":"D\u00f8gnavdeling - A-senteret","robots":{"index":"index","follow":"follow","max-snippet":"max-snippet:-1","max-image-preview":"max-image-preview:large","max-video-preview":"max-video-preview:-1"},"canonical":"https:\/\/kirkensbymisjon.no\/tilbud-a-senteret\/dognavdeling\/","og_locale":"nb_NO","og_type":"article","og_title":"D\u00f8gnavdeling","og_description":"D\u00f8gnavdelingen p\u00e5 Bj\u00f8lsen D\u00f8gnavdelingen er et behandlingssted for kvinner og menn som ligger sentralt p\u00e5&hellip;","og_url":"https:\/\/kirkensbymisjon.no\/tilbud-a-senteret\/dognavdeling\/","og_site_name":"A-senteret","article_modified_time":"2026-01-02T09:59:31+00:00","twitter_card":"summary_large_image","twitter_misc":{"Ansl. lesetid":"3 minutter"},"schema":{"@context":"https:\/\/schema.org","@graph":[{"@type":"WebPage","@id":"https:\/\/kirkensbymisjon.no\/tilbud-a-senteret\/dognavdeling\/","url":"https:\/\/kirkensbymisjon.no\/tilbud-a-senteret\/dognavdeling\/","name":"D\u00f8gnavdeling - A-senteret","isPartOf":{"@id":"https:\/\/kirkensbymisjon.no\/tilbud-a-senteret\/#website"},"datePublished":"2024-07-24T09:43:54+00:00","dateModified":"2026-01-02T09:59:31+00:00","breadcrumb":{"@id":"https:\/\/kirkensbymisjon.no\/tilbud-a-senteret\/dognavdeling\/#breadcrumb"},"inLanguage":"nb-NO","potentialAction":[{"@type":"ReadAction","target":["https:\/\/kirkensbymisjon.no\/tilbud-a-senteret\/dognavdeling\/"]}]},{"@type":"BreadcrumbList","@id":"https:\/\/kirkensbymisjon.no\/tilbud-a-senteret\/dognavdeling\/#breadcrumb","itemListElement":[{"@type":"ListItem","position":1,"name":"Hjem","item":"https:\/\/kirkensbymisjon.no\/tilbud-a-senteret\/"},{"@type":"ListItem","position":2,"name":"D\u00f8gnavdeling"}]},{"@type":"WebSite","@id":"https:\/\/kirkensbymisjon.no\/tilbud-a-senteret\/#website","url":"https:\/\/kirkensbymisjon.no\/tilbud-a-senteret\/","name":"A-senteret","description":"","potentialAction":[{"@type":"SearchAction","target":{"@type":"EntryPoint","urlTemplate":"https:\/\/kirkensbymisjon.no\/tilbud-a-senteret\/?s={search_term_string}"},"query-input":{"@type":"PropertyValueSpecification","valueRequired":true,"valueName":"search_term_string"}}],"inLanguage":"nb-NO"}]}},"_links":{"self":[{"href":"https:\/\/kirkensbymisjon.no\/tilbud-a-senteret\/wp-json\/wp\/v2\/pages\/42","targetHints":{"allow":["GET"]}}],"collection":[{"href":"https:\/\/kirkensbymisjon.no\/tilbud-a-senteret\/wp-json\/wp\/v2\/pages"}],"about":[{"href":"https:\/\/kirkensbymisjon.no\/tilbud-a-senteret\/wp-json\/wp\/v2\/types\/page"}],"author":[{"embeddable":true,"href":"https:\/\/kirkensbymisjon.no\/tilbud-a-senteret\/wp-json\/wp\/v2\/users\/6"}],"replies":[{"embeddable":true,"href":"https:\/\/kirkensbymisjon.no\/tilbud-a-senteret\/wp-json\/wp\/v2\/comments?post=42"}],"version-history":[{"count":4,"href":"https:\/\/kirkensbymisjon.no\/tilbud-a-senteret\/wp-json\/wp\/v2\/pages\/42\/revisions"}],"predecessor-version":[{"id":312,"href":"https:\/\/kirkensbymisjon.no\/tilbud-a-senteret\/wp-json\/wp\/v2\/pages\/42\/revisions\/312"}],"wp:attachment":[{"href":"https:\/\/kirkensbymisjon.no\/tilbud-a-senteret\/wp-json\/wp\/v2\/media?parent=42"}],"curies":[{"name":"wp","href":"https:\/\/api.w.org\/{rel}","templated":true}]}}