{"id":44,"date":"2024-07-24T11:44:11","date_gmt":"2024-07-24T09:44:11","guid":{"rendered":"https:\/\/kirkensbymisjon.no\/tilbud-a-senteret\/?page_id=44"},"modified":"2026-01-02T11:07:24","modified_gmt":"2026-01-02T10:07:24","slug":"poliklinikk","status":"publish","type":"page","link":"https:\/\/kirkensbymisjon.no\/tilbud-a-senteret\/poliklinikk\/","title":{"rendered":"Poliklinikk"},"content":{"rendered":"\n<h2 class=\"wp-block-heading\" id=\"h-poliklinikk\">Poliklinikk<\/h2>\n\n\n\n<p>Poliklinikken best\u00e5r av en tverrfaglig sammensatt stab med sosialfaglig, medisinsk og psykologfaglig kompetanse. Vi tilbyr behandling til pasienter med rusmiddelproblemer. P\u00e5r\u00f8rende kan ogs\u00e5 henvises til behandling.<\/p>\n\n\n\n<h3 class=\"wp-block-heading\" id=\"h-ny-lokasjon-for-poliklinikken\">Ny lokasjon for poliklinikken<\/h3>\n\n\n\n<p>Poliklinikken har flyttet til nyoppussede lokaler i Myrens verksted 2, 0473 Oslo.\u00a0Myrens verksted ligger ca. syv minutters gange fra d\u00f8gnavdelingens lokaler.\u00a0<strong><a href=\"https:\/\/kirkensbymisjon.no\/tilbud-a-senteret\/kontaktinformasjon\/#poliklinikk\">Slik finner du fram<\/a>.<\/strong><\/p>\n\n\n<div class=\"t2-accordion wp-block-t2-accordion\" data-allow-multiple=\"1\" role=\"list\">\n<div class=\"t2-accordion-item wp-block-t2-accordion-item\" role=\"listitem\">\n\t\t\t<h2 class=\"t2-accordion-title\">\n\t\t\t\t<button type=\"button\" class=\"t2-accordion-trigger\" id=\"behandlingsopplegget\" aria-controls=\"accordion-panel\" aria-expanded=\"false\">\n\t\t\t\t\tBehandlingsopplegget\n\t\t\t\t\t<span class=\"t2-accordion-icon is-closed-icon\"><svg xmlns=\"http:\/\/www.w3.org\/2000\/svg\" viewBox=\"0 0 24 24\" height=\"24\" width=\"24\" class=\"t2-icon t2-icon-plus\" aria-hidden=\"true\" focusable=\"false\"><path d=\"M11.8 5.037a1.088 1.088 0 0 0-.722.566c-.075.148-.078.25-.078 2.772v2.619l-2.61.016c-1.867.012-2.652.03-2.756.064-.168.055-.438.301-.54.494-.049.092-.07.223-.07.432 0 .34.054.476.282.704.289.289.14.275 3.064.288l2.63.012v2.619c0 2.544.002 2.625.08 2.778.191.372.516.577.92.577s.729-.205.92-.577c.078-.153.08-.234.08-2.778v-2.619l2.63-.012c2.924-.013 2.775.001 3.064-.288.228-.228.282-.364.282-.704 0-.209-.021-.34-.07-.432-.102-.193-.372-.439-.54-.494-.104-.034-.889-.052-2.756-.064L13 10.994V8.375c0-2.522-.003-2.624-.078-2.772-.214-.418-.685-.656-1.122-.566\"\/><\/svg><\/span>\n\t\t\t\t\t<span class=\"t2-accordion-icon is-open-icon\"><svg xmlns=\"http:\/\/www.w3.org\/2000\/svg\" viewBox=\"0 0 24 24\" height=\"24\" width=\"24\" class=\"t2-icon t2-icon-chevronup\" aria-hidden=\"true\" focusable=\"false\"><path d=\"M6.7 14.7c-.2-.2-.3-.4-.3-.7s.1-.5.3-.7l4.6-4.6c.1-.1.2-.2.3-.2.1 0 .2-.1.4-.1.1 0 .3 0 .4.1.1 0 .2.1.3.2l4.6 4.6c.2.2.3.4.3.7s-.1.5-.3.7c-.2.2-.4.3-.7.3s-.5-.1-.7-.3L12 10.8l-3.9 3.9c-.2.2-.4.3-.7.3s-.5-.1-.7-.3z\" fill=\"currentColor\" \/><\/svg><\/span>\n\t\t\t\t<\/button>\n\t\t\t<\/h2>\n\t\t\t<div class=\"t2-accordion-item__inner-container is-layout-flow\" id=\"accordion-panel\" aria-labelledby=\"behandlingsopplegget\" role=\"region\" hidden>\n\t\t\t\t\n\n<p>I l\u00f8pet av den innledende fasen av behandlingen vil du sammen med din behandler utarbeide en behandlingsplan.<\/p>\n\n\n\n<p>Behandlingen vil ta utgangspunkt i temaene og m\u00e5lsettingene du har satt deg i behandlingsplanen.\u00a0I tillegg til samtalene med din behandler kan dere invitere personer som st\u00e5r deg n\u00e6r til samtaler.<\/p>\n\n\n\n<p>Ved behov vil din behandler delta i samarbeidsm\u00f8ter med deg og andre instanser som kan bidra i din endringsprosess frem mot de m\u00e5l du har satt deg.<\/p>\n\n\n\n<p>Du kan delta i en eller flere av v\u00e5re grupper i l\u00f8pet av behandlingsperioden hvis det kan v\u00e6re til nytte for deg.<\/p>\n\n\n\t\t\t<\/div>\n\t\t<\/div>\n\n<div class=\"t2-accordion-item wp-block-t2-accordion-item\" role=\"listitem\">\n\t\t\t<h2 class=\"t2-accordion-title\">\n\t\t\t\t<button type=\"button\" class=\"t2-accordion-trigger\" id=\"grupper\/kurs\" aria-controls=\"accordion-panel-1\" aria-expanded=\"false\">\n\t\t\t\t\tGrupper\/kurs\n\t\t\t\t\t<span class=\"t2-accordion-icon is-closed-icon\"><svg xmlns=\"http:\/\/www.w3.org\/2000\/svg\" viewBox=\"0 0 24 24\" height=\"24\" width=\"24\" class=\"t2-icon t2-icon-plus\" aria-hidden=\"true\" focusable=\"false\"><path d=\"M11.8 5.037a1.088 1.088 0 0 0-.722.566c-.075.148-.078.25-.078 2.772v2.619l-2.61.016c-1.867.012-2.652.03-2.756.064-.168.055-.438.301-.54.494-.049.092-.07.223-.07.432 0 .34.054.476.282.704.289.289.14.275 3.064.288l2.63.012v2.619c0 2.544.002 2.625.08 2.778.191.372.516.577.92.577s.729-.205.92-.577c.078-.153.08-.234.08-2.778v-2.619l2.63-.012c2.924-.013 2.775.001 3.064-.288.228-.228.282-.364.282-.704 0-.209-.021-.34-.07-.432-.102-.193-.372-.439-.54-.494-.104-.034-.889-.052-2.756-.064L13 10.994V8.375c0-2.522-.003-2.624-.078-2.772-.214-.418-.685-.656-1.122-.566\"\/><\/svg><\/span>\n\t\t\t\t\t<span class=\"t2-accordion-icon is-open-icon\"><svg xmlns=\"http:\/\/www.w3.org\/2000\/svg\" viewBox=\"0 0 24 24\" height=\"24\" width=\"24\" class=\"t2-icon t2-icon-chevronup\" aria-hidden=\"true\" focusable=\"false\"><path d=\"M6.7 14.7c-.2-.2-.3-.4-.3-.7s.1-.5.3-.7l4.6-4.6c.1-.1.2-.2.3-.2.1 0 .2-.1.4-.1.1 0 .3 0 .4.1.1 0 .2.1.3.2l4.6 4.6c.2.2.3.4.3.7s-.1.5-.3.7c-.2.2-.4.3-.7.3s-.5-.1-.7-.3L12 10.8l-3.9 3.9c-.2.2-.4.3-.7.3s-.5-.1-.7-.3z\" fill=\"currentColor\" \/><\/svg><\/span>\n\t\t\t\t<\/button>\n\t\t\t<\/h2>\n\t\t\t<div class=\"t2-accordion-item__inner-container is-layout-flow\" id=\"accordion-panel-1\" aria-labelledby=\"grupper\/kurs\" role=\"region\" hidden>\n\t\t\t\t\n\n<ul class=\"wp-block-list\">\n<li>Rus- og endringsgruppe.<\/li>\n\n\n\n<li>Kurs i angst- og depresjonsmestring.<\/li>\n\n\n\n<li>Kurs i Mindfullness.<\/li>\n\n\n\n<li>SMART rusmestringsgruppe.<\/li>\n\n\n\n<li><a href=\"https:\/\/kirkensbymisjon.no\/tilbud-a-senteret\/om-senteret\/#skeiv-rus\">Skeiv rus<\/a>.<\/li>\n\n\n\n<li>Psykoterapigruppe.<\/li>\n\n\n\n<li>Oppf\u00f8lgingsgruppe.<\/li>\n\n\n\n<li>H\u00f8yintensitetstrening\u00a0(HIT-gruppe).<\/li>\n\n\n\n<li>ADHD-gruppe.<\/li>\n\n\n\n<li>Trygghetsgruppe (traumestabiliserende gruppe).<\/li>\n\n\n\n<li>Eksponeringsgruppe.<\/li>\n\n\n\n<li>Mediyoga.<\/li>\n<\/ul>\n\n\n\t\t\t<\/div>\n\t\t<\/div>\n<\/div>","protected":false},"excerpt":{"rendered":"<p>Poliklinikk Poliklinikken best\u00e5r av en tverrfaglig sammensatt stab med sosialfaglig, medisinsk og psykologfaglig kompetanse. Vi&hellip;<\/p>\n","protected":false},"author":6,"featured_media":0,"parent":0,"menu_order":0,"comment_status":"closed","ping_status":"closed","template":"","meta":{"_relevanssi_hide_post":"","_relevanssi_hide_content":"","_relevanssi_pin_for_all":"","_relevanssi_pin_keywords":"","_relevanssi_unpin_keywords":"","_relevanssi_related_keywords":"","_relevanssi_related_include_ids":"","_relevanssi_related_exclude_ids":"","_relevanssi_related_no_append":"","_relevanssi_related_not_related":"","_relevanssi_related_posts":"1","_relevanssi_noindex_reason":"","editor_notices":[],"footnotes":""},"class_list":["post-44","page","type-page","status-publish","hentry"],"yoast_head":"<!-- This site is optimized with the Yoast SEO Premium plugin v27.2 (Yoast SEO v27.2) - https:\/\/yoast.com\/product\/yoast-seo-premium-wordpress\/ -->\n<title>Poliklinikk - A-senteret<\/title>\n<meta name=\"robots\" content=\"index, follow, max-snippet:-1, max-image-preview:large, max-video-preview:-1\" \/>\n<link rel=\"canonical\" href=\"https:\/\/kirkensbymisjon.no\/tilbud-a-senteret\/poliklinikk\/\" \/>\n<meta property=\"og:locale\" content=\"nb_NO\" \/>\n<meta property=\"og:type\" content=\"article\" \/>\n<meta property=\"og:title\" content=\"Poliklinikk\" \/>\n<meta property=\"og:description\" content=\"Poliklinikk Poliklinikken best\u00e5r av en tverrfaglig sammensatt stab med sosialfaglig, medisinsk og psykologfaglig kompetanse. Vi&hellip;\" \/>\n<meta property=\"og:url\" content=\"https:\/\/kirkensbymisjon.no\/tilbud-a-senteret\/poliklinikk\/\" \/>\n<meta property=\"og:site_name\" content=\"A-senteret\" \/>\n<meta property=\"article:modified_time\" content=\"2026-01-02T10:07:24+00:00\" \/>\n<meta name=\"twitter:card\" content=\"summary_large_image\" \/>\n<meta name=\"twitter:label1\" content=\"Ansl. lesetid\" \/>\n\t<meta name=\"twitter:data1\" content=\"1 minutt\" \/>\n<script type=\"application\/ld+json\" class=\"yoast-schema-graph\">{\"@context\":\"https:\/\/schema.org\",\"@graph\":[{\"@type\":\"WebPage\",\"@id\":\"https:\/\/kirkensbymisjon.no\/tilbud-a-senteret\/poliklinikk\/\",\"url\":\"https:\/\/kirkensbymisjon.no\/tilbud-a-senteret\/poliklinikk\/\",\"name\":\"Poliklinikk - A-senteret\",\"isPartOf\":{\"@id\":\"https:\/\/kirkensbymisjon.no\/tilbud-a-senteret\/#website\"},\"datePublished\":\"2024-07-24T09:44:11+00:00\",\"dateModified\":\"2026-01-02T10:07:24+00:00\",\"breadcrumb\":{\"@id\":\"https:\/\/kirkensbymisjon.no\/tilbud-a-senteret\/poliklinikk\/#breadcrumb\"},\"inLanguage\":\"nb-NO\",\"potentialAction\":[{\"@type\":\"ReadAction\",\"target\":[\"https:\/\/kirkensbymisjon.no\/tilbud-a-senteret\/poliklinikk\/\"]}]},{\"@type\":\"BreadcrumbList\",\"@id\":\"https:\/\/kirkensbymisjon.no\/tilbud-a-senteret\/poliklinikk\/#breadcrumb\",\"itemListElement\":[{\"@type\":\"ListItem\",\"position\":1,\"name\":\"Hjem\",\"item\":\"https:\/\/kirkensbymisjon.no\/tilbud-a-senteret\/\"},{\"@type\":\"ListItem\",\"position\":2,\"name\":\"Poliklinikk\"}]},{\"@type\":\"WebSite\",\"@id\":\"https:\/\/kirkensbymisjon.no\/tilbud-a-senteret\/#website\",\"url\":\"https:\/\/kirkensbymisjon.no\/tilbud-a-senteret\/\",\"name\":\"A-senteret\",\"description\":\"\",\"potentialAction\":[{\"@type\":\"SearchAction\",\"target\":{\"@type\":\"EntryPoint\",\"urlTemplate\":\"https:\/\/kirkensbymisjon.no\/tilbud-a-senteret\/?s={search_term_string}\"},\"query-input\":{\"@type\":\"PropertyValueSpecification\",\"valueRequired\":true,\"valueName\":\"search_term_string\"}}],\"inLanguage\":\"nb-NO\"}]}<\/script>\n<!-- \/ Yoast SEO Premium plugin. -->","yoast_head_json":{"title":"Poliklinikk - A-senteret","robots":{"index":"index","follow":"follow","max-snippet":"max-snippet:-1","max-image-preview":"max-image-preview:large","max-video-preview":"max-video-preview:-1"},"canonical":"https:\/\/kirkensbymisjon.no\/tilbud-a-senteret\/poliklinikk\/","og_locale":"nb_NO","og_type":"article","og_title":"Poliklinikk","og_description":"Poliklinikk Poliklinikken best\u00e5r av en tverrfaglig sammensatt stab med sosialfaglig, medisinsk og psykologfaglig kompetanse. Vi&hellip;","og_url":"https:\/\/kirkensbymisjon.no\/tilbud-a-senteret\/poliklinikk\/","og_site_name":"A-senteret","article_modified_time":"2026-01-02T10:07:24+00:00","twitter_card":"summary_large_image","twitter_misc":{"Ansl. lesetid":"1 minutt"},"schema":{"@context":"https:\/\/schema.org","@graph":[{"@type":"WebPage","@id":"https:\/\/kirkensbymisjon.no\/tilbud-a-senteret\/poliklinikk\/","url":"https:\/\/kirkensbymisjon.no\/tilbud-a-senteret\/poliklinikk\/","name":"Poliklinikk - A-senteret","isPartOf":{"@id":"https:\/\/kirkensbymisjon.no\/tilbud-a-senteret\/#website"},"datePublished":"2024-07-24T09:44:11+00:00","dateModified":"2026-01-02T10:07:24+00:00","breadcrumb":{"@id":"https:\/\/kirkensbymisjon.no\/tilbud-a-senteret\/poliklinikk\/#breadcrumb"},"inLanguage":"nb-NO","potentialAction":[{"@type":"ReadAction","target":["https:\/\/kirkensbymisjon.no\/tilbud-a-senteret\/poliklinikk\/"]}]},{"@type":"BreadcrumbList","@id":"https:\/\/kirkensbymisjon.no\/tilbud-a-senteret\/poliklinikk\/#breadcrumb","itemListElement":[{"@type":"ListItem","position":1,"name":"Hjem","item":"https:\/\/kirkensbymisjon.no\/tilbud-a-senteret\/"},{"@type":"ListItem","position":2,"name":"Poliklinikk"}]},{"@type":"WebSite","@id":"https:\/\/kirkensbymisjon.no\/tilbud-a-senteret\/#website","url":"https:\/\/kirkensbymisjon.no\/tilbud-a-senteret\/","name":"A-senteret","description":"","potentialAction":[{"@type":"SearchAction","target":{"@type":"EntryPoint","urlTemplate":"https:\/\/kirkensbymisjon.no\/tilbud-a-senteret\/?s={search_term_string}"},"query-input":{"@type":"PropertyValueSpecification","valueRequired":true,"valueName":"search_term_string"}}],"inLanguage":"nb-NO"}]}},"_links":{"self":[{"href":"https:\/\/kirkensbymisjon.no\/tilbud-a-senteret\/wp-json\/wp\/v2\/pages\/44","targetHints":{"allow":["GET"]}}],"collection":[{"href":"https:\/\/kirkensbymisjon.no\/tilbud-a-senteret\/wp-json\/wp\/v2\/pages"}],"about":[{"href":"https:\/\/kirkensbymisjon.no\/tilbud-a-senteret\/wp-json\/wp\/v2\/types\/page"}],"author":[{"embeddable":true,"href":"https:\/\/kirkensbymisjon.no\/tilbud-a-senteret\/wp-json\/wp\/v2\/users\/6"}],"replies":[{"embeddable":true,"href":"https:\/\/kirkensbymisjon.no\/tilbud-a-senteret\/wp-json\/wp\/v2\/comments?post=44"}],"version-history":[{"count":4,"href":"https:\/\/kirkensbymisjon.no\/tilbud-a-senteret\/wp-json\/wp\/v2\/pages\/44\/revisions"}],"predecessor-version":[{"id":314,"href":"https:\/\/kirkensbymisjon.no\/tilbud-a-senteret\/wp-json\/wp\/v2\/pages\/44\/revisions\/314"}],"wp:attachment":[{"href":"https:\/\/kirkensbymisjon.no\/tilbud-a-senteret\/wp-json\/wp\/v2\/media?parent=44"}],"curies":[{"name":"wp","href":"https:\/\/api.w.org\/{rel}","templated":true}]}}