{"id":7,"date":"2024-07-24T11:27:22","date_gmt":"2024-07-24T09:27:22","guid":{"rendered":"https:\/\/kirkensbymisjon.no\/tilbud-aktivitetshuset-prindsen\/?page_id=7"},"modified":"2024-09-08T10:18:25","modified_gmt":"2024-09-08T08:18:25","slug":"om-aktivitetshuset","status":"publish","type":"page","link":"https:\/\/kirkensbymisjon.no\/tilbud-aktivitetshuset-prindsen\/om-aktivitetshuset\/","title":{"rendered":"Om aktivitetshuset"},"content":{"rendered":"\n<p>Aktivitetshuset, Prindsen er et lavterskeltilbud for mennesker som bor i Bydel Gr\u00fcnerl\u00f8kka,\u00a0eller er tilknyttet NAV Gr\u00fcnerl\u00f8kka, og som har utfordringer innen rus eller psykisk helse.<\/p>\n\n\n\n<p>Form\u00e5let med Aktivitetshuset er \u00e5 etablere et trygt og inkluderende sosialt nettverk for de som lever med disse utfordringene.<\/p>\n\n\n\n<p>Hvis du bor i bydel Gr\u00fcnerl\u00f8kka, eller er tilknyttet NAV Gr\u00fcnerl\u00f8kka, og har lyst til \u00e5 bli deltaker p\u00e5 Aktivitetshuset, kan du enten ringe oss, skrive en e-post, eller bare stikke innom oss i Storgata. Hvis du synes det er utfordrende \u00e5 komme hit uten \u00e5 kjenne noen, m\u00f8ter vi deg gjerne et annet sted for en prat og litt mer informasjon om huset og tilbudet v\u00e5rt.<\/p>\n\n\n\n<h3 class=\"wp-block-heading\" id=\"h-et-inkluderende-miljo\">Et inkluderende milj\u00f8<\/h3>\n\n\n\n<p>Blant aktivitetene vi tilbyr er felles m\u00e5ltider, turer og kunst- og h\u00e5ndverksaktiviteter. Men&nbsp;det kanskje viktigste som skjer p\u00e5 huset er de daglige samtalene over en god kopp kaffe.<\/p>\n\n\n\n<p>\u00abLavterskel\u00bb betyr at vi ikke krever noen form for henvisning eller annen dokumentasjon, og at det ikke er krav om deltakelse i organiserte aktiviteter. Vi har sv\u00e6rt f\u00e5 regler \u2013 den viktigste er at alle p\u00e5 huset er ansvarlige for \u00e5 ivareta et mest mulig fordomsfritt og inkluderende milj\u00f8.<\/p>\n\n\n\n<h3 class=\"wp-block-heading\" id=\"h-fagkompetanse-pa-huset\">Fagkompetanse p\u00e5 huset<\/h3>\n\n\n\n<p>Husets fire ansatte har variert utdannings- og yrkeserfaring, med en samlet kompetanse innen sosialt arbeid, pedagogikk, interkulturell kommunikasjon og en rekke kunst- og h\u00e5ndverksfag.<\/p>\n\n\n\n<p>I tillegg til \u00e5 legge til rette for aktiviteter og samv\u00e6r p\u00e5 huset, fungerer de ansatte ogs\u00e5 som et bindeledd mellom deltakere og behandlingsapparatet eller forvaltningen i bydelen. Eksempelvis kan vi v\u00e6re ledsagere ved m\u00f8ter p\u00e5 NAV eller delta i ansvarsgrupper, om deltakerne \u00f8nsker det.<\/p>\n\n\n\n<p>Aktivitetshuset engasjerer rundt 25 frivillige, fordelt p\u00e5 ulike dager. De hjelper til praktisk med tilbereding og servering av mat, men deltar ogs\u00e5 aktivt p\u00e5 mange plan i milj\u00f8et, og er for eksempel ofte med p\u00e5 turer.<\/p>\n\n\n\n<h3 class=\"wp-block-heading\" id=\"h-praksis-for-studenter\">Praksis for studenter<\/h3>\n\n\n\n<p>Vi samarbeider ogs\u00e5 med flere utdanningsinstitusjoner, og har studenter i praksis hos oss i flere perioder. Fast er fire ukers praksis for fire studenter fra fagl\u00e6rerutdanningen i design, kunst og h\u00e5ndverk ved <a href=\"https:\/\/www.oslomet.no\/\" target=\"_blank\" rel=\"noreferrer noopener\">OsloMet<\/a>, og fire m\u00e5neders praksis i v\u00e5rsemesteret for to sosionomstudenter fra <a href=\"https:\/\/www.vid.no\/\" target=\"_blank\" rel=\"noreferrer noopener\">VID<\/a> vitenskapelige h\u00f8gskole.<\/p>\n\n\n\n<h3 class=\"wp-block-heading\" id=\"h-var-historie\"><strong>V\u00e5r historie<\/strong><\/h3>\n\n\n\n<p>Aktivitetshuset feiret 25-\u00e5rsjubileum i 2023. Form\u00e5let har v\u00e6rt det samme hele veien, men siden oppstart har b\u00e5de antall deltakere og sammensetningen endret seg. Per i dag er i gjennomsnitt rundt 45 deltakere innom huset daglig, og vi huser mange nasjonaliteter. Utfordringene m\u00e5lgruppen v\u00e5r m\u00f8ter er p\u00e5 mange omr\u00e5der de samme som for 25 \u00e5r siden:<\/p>\n\n\n\n<ul class=\"wp-block-list\">\n<li>Mange sliter med ensomhet.<\/li>\n\n\n\n<li>Mange strever med \u00e5 etablere et sosialt nettverk etter behandling, institusjonsopphold eller terapi.<\/li>\n\n\n\n<li>Mange synes det er vanskelig \u00e5 utl\u00f8se den hjelpen de har krav p\u00e5.<\/li>\n\n\n\n<li>Mange har opplevd at flere av tilbudene som hadde en forebyggende eller avlastende effekt, blir lagt ned.<\/li>\n\n\n\n<li>Mange har store utfordringer knyttet til kommunale botilbud, som i noen tilfeller er av en karakter som forsterker uro, rusbruk og psykisk sykdom.<\/li>\n<\/ul>\n\n\n\n<blockquote class=\"wp-block-quote has-text-align-left is-layout-flow wp-block-quote-is-layout-flow\">\n<p class=\"has-text-align-left\"><strong>Vi \u00f8nsker at du skal f\u00e5 utl\u00f8st dine iboende ressurser \u2013&nbsp; og oppdage nye.<\/strong><\/p>\n<cite>Ansatt ved Aktivitesthuset, Prindsen<\/cite><\/blockquote>\n\n\n\n<h3 class=\"wp-block-heading\" id=\"h-vart-mal\">V\u00e5rt m\u00e5l<\/h3>\n\n\n\n<p>Aktivitetshusets overordnede m\u00e5l er at du som er deltaker, skal f\u00f8le deg sett, respektert og \u00f8nsket.<\/p>\n\n\n\n<p>Vi driver ikke med behandling, men erfarer at et trygt og forutsigbart sosialt nettverk kan skape positiv endring i menneskers liv.<\/p>\n\n\n\n<p>Aktivitetshuset f\u00e5r tilskudd fra Bydel Gr\u00fcnerl\u00f8kka, men driftes av Kirkens Bymisjon. I tr\u00e5d med Kirkens Bymisjons m\u00e5lsetning for sitt arbeid, er vi opptatt av at mennesker som kommer til oss skal oppleve seg myndiggjort. P\u00e5 Aktivitetshuset Prindsen kan dette inneb\u00e6re at vi prioriterer myndiggj\u00f8rende tiltak for og sammen med mennesker som har f\u00e5 rettigheter eller som ikke f\u00e5r innfridd de rettighetene de har. Myndiggj\u00f8ring kan ogs\u00e5 inneb\u00e6re styrket evne til \u00e5 leve med det som er livshemmende eller kritisk, eller kraft til \u00e5 holde ut i krevende overganger. Vi skal utforme v\u00e5re aktiviteter med fokus p\u00e5 menneskers egne erfaringer, ressurser, nettverk, dr\u00f8mmer og h\u00e5p.<\/p>\n\n\n\n<p>Vi legger ingen tidsramme p\u00e5 deltakelsen p\u00e5 huset. Alle som definerer seg innenfor m\u00e5lgruppen v\u00e5r, og har adresse i bydel Gr\u00fcnerl\u00f8kka, kan bruke aktivitetshuset s\u00e5 mye og s\u00e5 lenge som de selv vil.<\/p>\n\n\n\n<h2 class=\"wp-block-heading\" id=\"h-vare-samarbeidspartnere\"><strong>V\u00e5re samarbeidspartnere<\/strong><\/h2>\n\n\n\n<p>Aktivitetshuset har flere faste samarbeidspartnere, som bidrar p\u00e5 ulike m\u00e5ter for \u00e5 gj\u00f8re driften v\u00e5r lettere \u2013 og for \u00e5 skape mer trivsel for brukere, frivillige og ansatte. De viktigste er Kiwi Storgata \/ Norgesgruppen (matvarer), Torso Vulkan (kunst- og tegneutstyr), Friele (kaffe), Matsentralen og Sodexo (middag til f\u00f8rjulsfest). Aktivitetshuset er st\u00f8ttet av Oslo kommune.<\/p>\n","protected":false},"excerpt":{"rendered":"<p>Aktivitetshuset, Prindsen er et lavterskeltilbud for mennesker som bor i Bydel Gr\u00fcnerl\u00f8kka,\u00a0eller er tilknyttet NAV&hellip;<\/p>\n","protected":false},"author":6,"featured_media":0,"parent":0,"menu_order":0,"comment_status":"closed","ping_status":"closed","template":"","meta":{"_relevanssi_hide_post":"","_relevanssi_hide_content":"","_relevanssi_pin_for_all":"","_relevanssi_pin_keywords":"","_relevanssi_unpin_keywords":"","_relevanssi_related_keywords":"","_relevanssi_related_include_ids":"","_relevanssi_related_exclude_ids":"","_relevanssi_related_no_append":"","_relevanssi_related_not_related":"","_relevanssi_related_posts":"1","_relevanssi_noindex_reason":"","editor_notices":[],"footnotes":""},"class_list":["post-7","page","type-page","status-publish","hentry"],"yoast_head":"<!-- This site is optimized with the Yoast SEO Premium plugin v27.2 (Yoast SEO v27.2) - https:\/\/yoast.com\/product\/yoast-seo-premium-wordpress\/ -->\n<title>Om aktivitetshuset - Aktivitetshuset, Prindsen<\/title>\n<meta name=\"robots\" content=\"index, follow, max-snippet:-1, max-image-preview:large, max-video-preview:-1\" \/>\n<link rel=\"canonical\" href=\"https:\/\/kirkensbymisjon.no\/tilbud-aktivitetshuset-prindsen\/om-aktivitetshuset\/\" \/>\n<meta property=\"og:locale\" content=\"nb_NO\" \/>\n<meta property=\"og:type\" content=\"article\" \/>\n<meta property=\"og:title\" content=\"Om aktivitetshuset\" \/>\n<meta property=\"og:description\" content=\"Aktivitetshuset, Prindsen er et lavterskeltilbud for mennesker som bor i Bydel Gr\u00fcnerl\u00f8kka,\u00a0eller er tilknyttet NAV&hellip;\" \/>\n<meta property=\"og:url\" content=\"https:\/\/kirkensbymisjon.no\/tilbud-aktivitetshuset-prindsen\/om-aktivitetshuset\/\" \/>\n<meta property=\"og:site_name\" content=\"Aktivitetshuset, Prindsen\" \/>\n<meta property=\"article:modified_time\" content=\"2024-09-08T08:18:25+00:00\" \/>\n<meta name=\"twitter:card\" content=\"summary_large_image\" \/>\n<meta name=\"twitter:label1\" content=\"Ansl. lesetid\" \/>\n\t<meta name=\"twitter:data1\" content=\"4 minutter\" \/>\n<script type=\"application\/ld+json\" class=\"yoast-schema-graph\">{\"@context\":\"https:\/\/schema.org\",\"@graph\":[{\"@type\":\"WebPage\",\"@id\":\"https:\/\/kirkensbymisjon.no\/tilbud-aktivitetshuset-prindsen\/om-aktivitetshuset\/\",\"url\":\"https:\/\/kirkensbymisjon.no\/tilbud-aktivitetshuset-prindsen\/om-aktivitetshuset\/\",\"name\":\"Om aktivitetshuset - Aktivitetshuset, Prindsen\",\"isPartOf\":{\"@id\":\"https:\/\/kirkensbymisjon.no\/tilbud-aktivitetshuset-prindsen\/#website\"},\"datePublished\":\"2024-07-24T09:27:22+00:00\",\"dateModified\":\"2024-09-08T08:18:25+00:00\",\"breadcrumb\":{\"@id\":\"https:\/\/kirkensbymisjon.no\/tilbud-aktivitetshuset-prindsen\/om-aktivitetshuset\/#breadcrumb\"},\"inLanguage\":\"nb-NO\",\"potentialAction\":[{\"@type\":\"ReadAction\",\"target\":[\"https:\/\/kirkensbymisjon.no\/tilbud-aktivitetshuset-prindsen\/om-aktivitetshuset\/\"]}]},{\"@type\":\"BreadcrumbList\",\"@id\":\"https:\/\/kirkensbymisjon.no\/tilbud-aktivitetshuset-prindsen\/om-aktivitetshuset\/#breadcrumb\",\"itemListElement\":[{\"@type\":\"ListItem\",\"position\":1,\"name\":\"Hjem\",\"item\":\"https:\/\/kirkensbymisjon.no\/tilbud-aktivitetshuset-prindsen\/\"},{\"@type\":\"ListItem\",\"position\":2,\"name\":\"Om aktivitetshuset\"}]},{\"@type\":\"WebSite\",\"@id\":\"https:\/\/kirkensbymisjon.no\/tilbud-aktivitetshuset-prindsen\/#website\",\"url\":\"https:\/\/kirkensbymisjon.no\/tilbud-aktivitetshuset-prindsen\/\",\"name\":\"Aktivitetshuset, Prindsen\",\"description\":\"\",\"potentialAction\":[{\"@type\":\"SearchAction\",\"target\":{\"@type\":\"EntryPoint\",\"urlTemplate\":\"https:\/\/kirkensbymisjon.no\/tilbud-aktivitetshuset-prindsen\/?s={search_term_string}\"},\"query-input\":{\"@type\":\"PropertyValueSpecification\",\"valueRequired\":true,\"valueName\":\"search_term_string\"}}],\"inLanguage\":\"nb-NO\"}]}<\/script>\n<!-- \/ Yoast SEO Premium plugin. -->","yoast_head_json":{"title":"Om aktivitetshuset - Aktivitetshuset, Prindsen","robots":{"index":"index","follow":"follow","max-snippet":"max-snippet:-1","max-image-preview":"max-image-preview:large","max-video-preview":"max-video-preview:-1"},"canonical":"https:\/\/kirkensbymisjon.no\/tilbud-aktivitetshuset-prindsen\/om-aktivitetshuset\/","og_locale":"nb_NO","og_type":"article","og_title":"Om aktivitetshuset","og_description":"Aktivitetshuset, Prindsen er et lavterskeltilbud for mennesker som bor i Bydel Gr\u00fcnerl\u00f8kka,\u00a0eller er tilknyttet NAV&hellip;","og_url":"https:\/\/kirkensbymisjon.no\/tilbud-aktivitetshuset-prindsen\/om-aktivitetshuset\/","og_site_name":"Aktivitetshuset, Prindsen","article_modified_time":"2024-09-08T08:18:25+00:00","twitter_card":"summary_large_image","twitter_misc":{"Ansl. lesetid":"4 minutter"},"schema":{"@context":"https:\/\/schema.org","@graph":[{"@type":"WebPage","@id":"https:\/\/kirkensbymisjon.no\/tilbud-aktivitetshuset-prindsen\/om-aktivitetshuset\/","url":"https:\/\/kirkensbymisjon.no\/tilbud-aktivitetshuset-prindsen\/om-aktivitetshuset\/","name":"Om aktivitetshuset - Aktivitetshuset, Prindsen","isPartOf":{"@id":"https:\/\/kirkensbymisjon.no\/tilbud-aktivitetshuset-prindsen\/#website"},"datePublished":"2024-07-24T09:27:22+00:00","dateModified":"2024-09-08T08:18:25+00:00","breadcrumb":{"@id":"https:\/\/kirkensbymisjon.no\/tilbud-aktivitetshuset-prindsen\/om-aktivitetshuset\/#breadcrumb"},"inLanguage":"nb-NO","potentialAction":[{"@type":"ReadAction","target":["https:\/\/kirkensbymisjon.no\/tilbud-aktivitetshuset-prindsen\/om-aktivitetshuset\/"]}]},{"@type":"BreadcrumbList","@id":"https:\/\/kirkensbymisjon.no\/tilbud-aktivitetshuset-prindsen\/om-aktivitetshuset\/#breadcrumb","itemListElement":[{"@type":"ListItem","position":1,"name":"Hjem","item":"https:\/\/kirkensbymisjon.no\/tilbud-aktivitetshuset-prindsen\/"},{"@type":"ListItem","position":2,"name":"Om aktivitetshuset"}]},{"@type":"WebSite","@id":"https:\/\/kirkensbymisjon.no\/tilbud-aktivitetshuset-prindsen\/#website","url":"https:\/\/kirkensbymisjon.no\/tilbud-aktivitetshuset-prindsen\/","name":"Aktivitetshuset, Prindsen","description":"","potentialAction":[{"@type":"SearchAction","target":{"@type":"EntryPoint","urlTemplate":"https:\/\/kirkensbymisjon.no\/tilbud-aktivitetshuset-prindsen\/?s={search_term_string}"},"query-input":{"@type":"PropertyValueSpecification","valueRequired":true,"valueName":"search_term_string"}}],"inLanguage":"nb-NO"}]}},"_links":{"self":[{"href":"https:\/\/kirkensbymisjon.no\/tilbud-aktivitetshuset-prindsen\/wp-json\/wp\/v2\/pages\/7","targetHints":{"allow":["GET"]}}],"collection":[{"href":"https:\/\/kirkensbymisjon.no\/tilbud-aktivitetshuset-prindsen\/wp-json\/wp\/v2\/pages"}],"about":[{"href":"https:\/\/kirkensbymisjon.no\/tilbud-aktivitetshuset-prindsen\/wp-json\/wp\/v2\/types\/page"}],"author":[{"embeddable":true,"href":"https:\/\/kirkensbymisjon.no\/tilbud-aktivitetshuset-prindsen\/wp-json\/wp\/v2\/users\/6"}],"replies":[{"embeddable":true,"href":"https:\/\/kirkensbymisjon.no\/tilbud-aktivitetshuset-prindsen\/wp-json\/wp\/v2\/comments?post=7"}],"version-history":[{"count":4,"href":"https:\/\/kirkensbymisjon.no\/tilbud-aktivitetshuset-prindsen\/wp-json\/wp\/v2\/pages\/7\/revisions"}],"predecessor-version":[{"id":157,"href":"https:\/\/kirkensbymisjon.no\/tilbud-aktivitetshuset-prindsen\/wp-json\/wp\/v2\/pages\/7\/revisions\/157"}],"wp:attachment":[{"href":"https:\/\/kirkensbymisjon.no\/tilbud-aktivitetshuset-prindsen\/wp-json\/wp\/v2\/media?parent=7"}],"curies":[{"name":"wp","href":"https:\/\/api.w.org\/{rel}","templated":true}]}}