{"id":9,"date":"2024-07-24T11:27:45","date_gmt":"2024-07-24T09:27:45","guid":{"rendered":"https:\/\/kirkensbymisjon.no\/tilbud-aktivitetshuset-prindsen\/?page_id=9"},"modified":"2024-09-08T10:22:14","modified_gmt":"2024-09-08T08:22:14","slug":"bli-frivillig","status":"publish","type":"page","link":"https:\/\/kirkensbymisjon.no\/tilbud-aktivitetshuset-prindsen\/bli-frivillig\/","title":{"rendered":"Bli frivillig"},"content":{"rendered":"\n<h2 class=\"wp-block-heading\" id=\"h-vil-du-bli-en-av-vare-viktige-frivillige\">Vil du bli en av v\u00e5re viktige frivillige?<br><\/h2>\n\n\n\n<p>P\u00e5 Aktivitetshuset Prindsen f\u00f8ler vi oss privilegerte som har s\u00e5 mange flotte frivillige medarbeidere.<\/p>\n\n\n\n<p>Frivillig arbeid p\u00e5 Prindsen inneb\u00e6rer i regelen at man \u00e9n dag i uka, enten p\u00e5 dagtid eller torsdag kveld, bidrar med praktisk hjelp i forbindelse med m\u00e5ltider, og ellers deltar sosialt i milj\u00f8et.<\/p>\n\n\n\n<p>Vi vil gjerne knytte til oss frivillige som, uavhengig av bakgrunn, kj\u00f8nn eller alder, ser verdien i \u00e5 bruke tid og ressurser p\u00e5 \u00e5 bidra til \u00e5 skape et godt og inkluderende milj\u00f8 p\u00e5 Aktivitetshuset.<\/p>\n\n\n\n<div class=\"wp-block-media-text alignwide is-stacked-on-mobile is-style-filled\"><figure class=\"wp-block-media-text__media\"><img decoding=\"async\" src=\"https:\/\/kirkensbymisjon.no\/content\/uploads\/2024\/09\/standard_bli-frivillig_04-1024x707.jpg\" alt=\"Frivillige i samtale med gjest i kafeen.\" class=\"wp-image-3267 size-full\"\/><\/figure><div class=\"wp-block-media-text__content\">\n<h2 class=\"wp-block-heading\" id=\"h-bli-frivillig-nbsp\"><strong>Bli frivillig!<\/strong>&nbsp;<\/h2>\n\n\n\n<p>Vi trenger deg som \u00f8nsker \u00e5 gj\u00f8re en frivillig innsats til nytte og glede for andre og deg selv. Gjennom frivillig engasjement kan du bruke din erfaring og kompetanse \u2013 eller l\u00e6re noe nytt.&nbsp;<\/p>\n\n\n\n<p><a href=\"\/bli-frivillig\">Les mer om frivillighet<\/a><\/p>\n<\/div><\/div>\n\n\n\n<h2 class=\"wp-block-heading\" id=\"h-praksisplass\">Praksisplass<\/h2>\n\n\n\n<p>Vi samarbeider ogs\u00e5 med flere utdanningsinstitusjoner, og har studenter i praksis hos oss i flere perioder. Fast er fire ukers praksis for fire studenter fra fagl\u00e6rerutdanningen i design, kunst og h\u00e5ndverk ved <a href=\"https:\/\/www.oslomet.no\/\" target=\"_blank\" rel=\"noreferrer noopener\">OsloMet<\/a>, og fire m\u00e5neders praksis i v\u00e5rsemesteret for to sosionomstudenter fra <a href=\"https:\/\/www.vid.no\/\" target=\"_blank\" rel=\"noreferrer noopener\">VID<\/a> vitenskapelige h\u00f8gskole.<\/p>\n\n\n\n<blockquote class=\"wp-block-quote has-text-align-left is-layout-flow wp-block-quote-is-layout-flow\">\n<p class=\"has-text-align-left\">Aktivitetshuset er et sted med mange aktiviteter, et sted der jeg kan f\u00f8le trygghet, der jeg kan delta hvis jeg vil. Dette letter trykket p\u00e5 livssituasjonen min og gir meg fred i sinnet. Tidligere brukte jeg rusmidler i h\u00e5p om \u00e5 oppn\u00e5 denne tryggheten.<\/p>\n<cite>Deltaker og bruker av Aktivitetshuset, Prindsen<\/cite><\/blockquote>\n","protected":false},"excerpt":{"rendered":"<p>Vil du bli en av v\u00e5re viktige frivillige? P\u00e5 Aktivitetshuset Prindsen f\u00f8ler vi oss privilegerte&hellip;<\/p>\n","protected":false},"author":6,"featured_media":0,"parent":0,"menu_order":0,"comment_status":"closed","ping_status":"closed","template":"","meta":{"_relevanssi_hide_post":"","_relevanssi_hide_content":"","_relevanssi_pin_for_all":"","_relevanssi_pin_keywords":"","_relevanssi_unpin_keywords":"","_relevanssi_related_keywords":"","_relevanssi_related_include_ids":"","_relevanssi_related_exclude_ids":"","_relevanssi_related_no_append":"","_relevanssi_related_not_related":"","_relevanssi_related_posts":"1","_relevanssi_noindex_reason":"","editor_notices":[],"footnotes":""},"class_list":["post-9","page","type-page","status-publish","hentry"],"yoast_head":"<!-- This site is optimized with the Yoast SEO Premium plugin v27.2 (Yoast SEO v27.2) - https:\/\/yoast.com\/product\/yoast-seo-premium-wordpress\/ -->\n<title>Bli frivillig - Aktivitetshuset, Prindsen<\/title>\n<meta name=\"robots\" content=\"index, follow, max-snippet:-1, max-image-preview:large, max-video-preview:-1\" \/>\n<link rel=\"canonical\" href=\"https:\/\/kirkensbymisjon.no\/tilbud-aktivitetshuset-prindsen\/bli-frivillig\/\" \/>\n<meta property=\"og:locale\" content=\"nb_NO\" \/>\n<meta property=\"og:type\" content=\"article\" \/>\n<meta property=\"og:title\" content=\"Bli frivillig\" \/>\n<meta property=\"og:description\" content=\"Vil du bli en av v\u00e5re viktige frivillige? P\u00e5 Aktivitetshuset Prindsen f\u00f8ler vi oss privilegerte&hellip;\" \/>\n<meta property=\"og:url\" content=\"https:\/\/kirkensbymisjon.no\/tilbud-aktivitetshuset-prindsen\/bli-frivillig\/\" \/>\n<meta property=\"og:site_name\" content=\"Aktivitetshuset, Prindsen\" \/>\n<meta property=\"article:modified_time\" content=\"2024-09-08T08:22:14+00:00\" \/>\n<meta property=\"og:image\" content=\"https:\/\/kirkensbymisjon.no\/content\/uploads\/2024\/09\/standard_bli-frivillig_04-1024x707.jpg\" \/>\n<meta name=\"twitter:card\" content=\"summary_large_image\" \/>\n<meta name=\"twitter:label1\" content=\"Ansl. lesetid\" \/>\n\t<meta name=\"twitter:data1\" content=\"1 minutt\" \/>\n<script type=\"application\/ld+json\" class=\"yoast-schema-graph\">{\"@context\":\"https:\/\/schema.org\",\"@graph\":[{\"@type\":\"WebPage\",\"@id\":\"https:\/\/kirkensbymisjon.no\/tilbud-aktivitetshuset-prindsen\/bli-frivillig\/\",\"url\":\"https:\/\/kirkensbymisjon.no\/tilbud-aktivitetshuset-prindsen\/bli-frivillig\/\",\"name\":\"Bli frivillig - Aktivitetshuset, Prindsen\",\"isPartOf\":{\"@id\":\"https:\/\/kirkensbymisjon.no\/tilbud-aktivitetshuset-prindsen\/#website\"},\"primaryImageOfPage\":{\"@id\":\"https:\/\/kirkensbymisjon.no\/tilbud-aktivitetshuset-prindsen\/bli-frivillig\/#primaryimage\"},\"image\":{\"@id\":\"https:\/\/kirkensbymisjon.no\/tilbud-aktivitetshuset-prindsen\/bli-frivillig\/#primaryimage\"},\"thumbnailUrl\":\"https:\/\/kirkensbymisjon.no\/content\/uploads\/2024\/09\/standard_bli-frivillig_04-1024x707.jpg\",\"datePublished\":\"2024-07-24T09:27:45+00:00\",\"dateModified\":\"2024-09-08T08:22:14+00:00\",\"breadcrumb\":{\"@id\":\"https:\/\/kirkensbymisjon.no\/tilbud-aktivitetshuset-prindsen\/bli-frivillig\/#breadcrumb\"},\"inLanguage\":\"nb-NO\",\"potentialAction\":[{\"@type\":\"ReadAction\",\"target\":[\"https:\/\/kirkensbymisjon.no\/tilbud-aktivitetshuset-prindsen\/bli-frivillig\/\"]}]},{\"@type\":\"ImageObject\",\"inLanguage\":\"nb-NO\",\"@id\":\"https:\/\/kirkensbymisjon.no\/tilbud-aktivitetshuset-prindsen\/bli-frivillig\/#primaryimage\",\"url\":\"https:\/\/kirkensbymisjon.no\/content\/uploads\/2024\/09\/standard_bli-frivillig_04-1024x707.jpg\",\"contentUrl\":\"https:\/\/kirkensbymisjon.no\/content\/uploads\/2024\/09\/standard_bli-frivillig_04-1024x707.jpg\"},{\"@type\":\"BreadcrumbList\",\"@id\":\"https:\/\/kirkensbymisjon.no\/tilbud-aktivitetshuset-prindsen\/bli-frivillig\/#breadcrumb\",\"itemListElement\":[{\"@type\":\"ListItem\",\"position\":1,\"name\":\"Hjem\",\"item\":\"https:\/\/kirkensbymisjon.no\/tilbud-aktivitetshuset-prindsen\/\"},{\"@type\":\"ListItem\",\"position\":2,\"name\":\"Bli frivillig\"}]},{\"@type\":\"WebSite\",\"@id\":\"https:\/\/kirkensbymisjon.no\/tilbud-aktivitetshuset-prindsen\/#website\",\"url\":\"https:\/\/kirkensbymisjon.no\/tilbud-aktivitetshuset-prindsen\/\",\"name\":\"Aktivitetshuset, Prindsen\",\"description\":\"\",\"potentialAction\":[{\"@type\":\"SearchAction\",\"target\":{\"@type\":\"EntryPoint\",\"urlTemplate\":\"https:\/\/kirkensbymisjon.no\/tilbud-aktivitetshuset-prindsen\/?s={search_term_string}\"},\"query-input\":{\"@type\":\"PropertyValueSpecification\",\"valueRequired\":true,\"valueName\":\"search_term_string\"}}],\"inLanguage\":\"nb-NO\"}]}<\/script>\n<!-- \/ Yoast SEO Premium plugin. -->","yoast_head_json":{"title":"Bli frivillig - Aktivitetshuset, Prindsen","robots":{"index":"index","follow":"follow","max-snippet":"max-snippet:-1","max-image-preview":"max-image-preview:large","max-video-preview":"max-video-preview:-1"},"canonical":"https:\/\/kirkensbymisjon.no\/tilbud-aktivitetshuset-prindsen\/bli-frivillig\/","og_locale":"nb_NO","og_type":"article","og_title":"Bli frivillig","og_description":"Vil du bli en av v\u00e5re viktige frivillige? P\u00e5 Aktivitetshuset Prindsen f\u00f8ler vi oss privilegerte&hellip;","og_url":"https:\/\/kirkensbymisjon.no\/tilbud-aktivitetshuset-prindsen\/bli-frivillig\/","og_site_name":"Aktivitetshuset, Prindsen","article_modified_time":"2024-09-08T08:22:14+00:00","og_image":[{"url":"https:\/\/kirkensbymisjon.no\/content\/uploads\/2024\/09\/standard_bli-frivillig_04-1024x707.jpg","type":"","width":"","height":""}],"twitter_card":"summary_large_image","twitter_misc":{"Ansl. lesetid":"1 minutt"},"schema":{"@context":"https:\/\/schema.org","@graph":[{"@type":"WebPage","@id":"https:\/\/kirkensbymisjon.no\/tilbud-aktivitetshuset-prindsen\/bli-frivillig\/","url":"https:\/\/kirkensbymisjon.no\/tilbud-aktivitetshuset-prindsen\/bli-frivillig\/","name":"Bli frivillig - Aktivitetshuset, Prindsen","isPartOf":{"@id":"https:\/\/kirkensbymisjon.no\/tilbud-aktivitetshuset-prindsen\/#website"},"primaryImageOfPage":{"@id":"https:\/\/kirkensbymisjon.no\/tilbud-aktivitetshuset-prindsen\/bli-frivillig\/#primaryimage"},"image":{"@id":"https:\/\/kirkensbymisjon.no\/tilbud-aktivitetshuset-prindsen\/bli-frivillig\/#primaryimage"},"thumbnailUrl":"https:\/\/kirkensbymisjon.no\/content\/uploads\/2024\/09\/standard_bli-frivillig_04-1024x707.jpg","datePublished":"2024-07-24T09:27:45+00:00","dateModified":"2024-09-08T08:22:14+00:00","breadcrumb":{"@id":"https:\/\/kirkensbymisjon.no\/tilbud-aktivitetshuset-prindsen\/bli-frivillig\/#breadcrumb"},"inLanguage":"nb-NO","potentialAction":[{"@type":"ReadAction","target":["https:\/\/kirkensbymisjon.no\/tilbud-aktivitetshuset-prindsen\/bli-frivillig\/"]}]},{"@type":"ImageObject","inLanguage":"nb-NO","@id":"https:\/\/kirkensbymisjon.no\/tilbud-aktivitetshuset-prindsen\/bli-frivillig\/#primaryimage","url":"https:\/\/kirkensbymisjon.no\/content\/uploads\/2024\/09\/standard_bli-frivillig_04-1024x707.jpg","contentUrl":"https:\/\/kirkensbymisjon.no\/content\/uploads\/2024\/09\/standard_bli-frivillig_04-1024x707.jpg"},{"@type":"BreadcrumbList","@id":"https:\/\/kirkensbymisjon.no\/tilbud-aktivitetshuset-prindsen\/bli-frivillig\/#breadcrumb","itemListElement":[{"@type":"ListItem","position":1,"name":"Hjem","item":"https:\/\/kirkensbymisjon.no\/tilbud-aktivitetshuset-prindsen\/"},{"@type":"ListItem","position":2,"name":"Bli frivillig"}]},{"@type":"WebSite","@id":"https:\/\/kirkensbymisjon.no\/tilbud-aktivitetshuset-prindsen\/#website","url":"https:\/\/kirkensbymisjon.no\/tilbud-aktivitetshuset-prindsen\/","name":"Aktivitetshuset, Prindsen","description":"","potentialAction":[{"@type":"SearchAction","target":{"@type":"EntryPoint","urlTemplate":"https:\/\/kirkensbymisjon.no\/tilbud-aktivitetshuset-prindsen\/?s={search_term_string}"},"query-input":{"@type":"PropertyValueSpecification","valueRequired":true,"valueName":"search_term_string"}}],"inLanguage":"nb-NO"}]}},"_links":{"self":[{"href":"https:\/\/kirkensbymisjon.no\/tilbud-aktivitetshuset-prindsen\/wp-json\/wp\/v2\/pages\/9","targetHints":{"allow":["GET"]}}],"collection":[{"href":"https:\/\/kirkensbymisjon.no\/tilbud-aktivitetshuset-prindsen\/wp-json\/wp\/v2\/pages"}],"about":[{"href":"https:\/\/kirkensbymisjon.no\/tilbud-aktivitetshuset-prindsen\/wp-json\/wp\/v2\/types\/page"}],"author":[{"embeddable":true,"href":"https:\/\/kirkensbymisjon.no\/tilbud-aktivitetshuset-prindsen\/wp-json\/wp\/v2\/users\/6"}],"replies":[{"embeddable":true,"href":"https:\/\/kirkensbymisjon.no\/tilbud-aktivitetshuset-prindsen\/wp-json\/wp\/v2\/comments?post=9"}],"version-history":[{"count":5,"href":"https:\/\/kirkensbymisjon.no\/tilbud-aktivitetshuset-prindsen\/wp-json\/wp\/v2\/pages\/9\/revisions"}],"predecessor-version":[{"id":160,"href":"https:\/\/kirkensbymisjon.no\/tilbud-aktivitetshuset-prindsen\/wp-json\/wp\/v2\/pages\/9\/revisions\/160"}],"wp:attachment":[{"href":"https:\/\/kirkensbymisjon.no\/tilbud-aktivitetshuset-prindsen\/wp-json\/wp\/v2\/media?parent=9"}],"curies":[{"name":"wp","href":"https:\/\/api.w.org\/{rel}","templated":true}]}}