{"id":4,"date":"2025-03-21T09:34:23","date_gmt":"2025-03-21T08:34:23","guid":{"rendered":"https:\/\/kirkensbymisjon.no\/tilbud-akuttovernatting\/forside-2\/"},"modified":"2025-03-24T10:46:12","modified_gmt":"2025-03-24T09:46:12","slug":"forside-2","status":"publish","type":"page","link":"https:\/\/kirkensbymisjon.no\/tilbud-akuttovernatting-en\/","title":{"rendered":"Front page"},"content":{"rendered":"\n<p>Kirkens Bymisjon (Church City Mission) offers emergency overnight stays in several cities. We provide a pillow to rest your head on, the opportunity for a shower and a bed for the night, in safe, quiet and warm surroundings.<\/p>\n\n\n\n<h2 class=\"wp-block-heading\" id=\"h-more-information\">More information:<\/h2>\n\n\n<div class=\"t2-accordion wp-block-t2-accordion\" data-allow-multiple=\"1\" role=\"list\">\n<div class=\"t2-accordion-item wp-block-t2-accordion-item\" role=\"listitem\">\n\t\t\t<h2 class=\"t2-accordion-title\">\n\t\t\t\t<button type=\"button\" class=\"t2-accordion-trigger\" id=\"bergen\" aria-controls=\"accordion-panel\" aria-expanded=\"false\">\n\t\t\t\t\tBergen\n\t\t\t\t\t<span class=\"t2-accordion-icon is-closed-icon\"><svg xmlns=\"http:\/\/www.w3.org\/2000\/svg\" viewBox=\"0 0 24 24\" height=\"24\" width=\"24\" class=\"t2-icon t2-icon-plus\" aria-hidden=\"true\" focusable=\"false\"><path d=\"M11.8 5.037a1.088 1.088 0 0 0-.722.566c-.075.148-.078.25-.078 2.772v2.619l-2.61.016c-1.867.012-2.652.03-2.756.064-.168.055-.438.301-.54.494-.049.092-.07.223-.07.432 0 .34.054.476.282.704.289.289.14.275 3.064.288l2.63.012v2.619c0 2.544.002 2.625.08 2.778.191.372.516.577.92.577s.729-.205.92-.577c.078-.153.08-.234.08-2.778v-2.619l2.63-.012c2.924-.013 2.775.001 3.064-.288.228-.228.282-.364.282-.704 0-.209-.021-.34-.07-.432-.102-.193-.372-.439-.54-.494-.104-.034-.889-.052-2.756-.064L13 10.994V8.375c0-2.522-.003-2.624-.078-2.772-.214-.418-.685-.656-1.122-.566\"\/><\/svg><\/span>\n\t\t\t\t\t<span class=\"t2-accordion-icon is-open-icon\"><svg xmlns=\"http:\/\/www.w3.org\/2000\/svg\" viewBox=\"0 0 24 24\" height=\"24\" width=\"24\" class=\"t2-icon t2-icon-chevronup\" aria-hidden=\"true\" focusable=\"false\"><path d=\"M6.7 14.7c-.2-.2-.3-.4-.3-.7s.1-.5.3-.7l4.6-4.6c.1-.1.2-.2.3-.2.1 0 .2-.1.4-.1.1 0 .3 0 .4.1.1 0 .2.1.3.2l4.6 4.6c.2.2.3.4.3.7s-.1.5-.3.7c-.2.2-.4.3-.7.3s-.5-.1-.7-.3L12 10.8l-3.9 3.9c-.2.2-.4.3-.7.3s-.5-.1-.7-.3z\" fill=\"currentColor\" \/><\/svg><\/span>\n\t\t\t\t<\/button>\n\t\t\t<\/h2>\n\t\t\t<div class=\"t2-accordion-item__inner-container is-layout-flow\" id=\"accordion-panel\" aria-labelledby=\"bergen\" role=\"region\" hidden>\n\t\t\t\t\n\n<p>The emergency accommodation in Bergen can be used by poor visiting men, women and couples from the EU\/EEA area.<\/p>\n\n\n\n<p><strong>Opening hours:<\/strong> Open every day, 9:30 PM to 7:30 AM.<\/p>\n\n\n\n<p><strong>Address:<\/strong> Hollendergaten 17, 5017 Bergen.<\/p>\n\n\n\t\t\t<\/div>\n\t\t<\/div>\n\n<div class=\"t2-accordion-item wp-block-t2-accordion-item\" role=\"listitem\">\n\t\t\t<h2 class=\"t2-accordion-title\">\n\t\t\t\t<button type=\"button\" class=\"t2-accordion-trigger\" id=\"oslo\" aria-controls=\"accordion-panel-1\" aria-expanded=\"false\">\n\t\t\t\t\tOslo\n\t\t\t\t\t<span class=\"t2-accordion-icon is-closed-icon\"><svg xmlns=\"http:\/\/www.w3.org\/2000\/svg\" viewBox=\"0 0 24 24\" height=\"24\" width=\"24\" class=\"t2-icon t2-icon-plus\" aria-hidden=\"true\" focusable=\"false\"><path d=\"M11.8 5.037a1.088 1.088 0 0 0-.722.566c-.075.148-.078.25-.078 2.772v2.619l-2.61.016c-1.867.012-2.652.03-2.756.064-.168.055-.438.301-.54.494-.049.092-.07.223-.07.432 0 .34.054.476.282.704.289.289.14.275 3.064.288l2.63.012v2.619c0 2.544.002 2.625.08 2.778.191.372.516.577.92.577s.729-.205.92-.577c.078-.153.08-.234.08-2.778v-2.619l2.63-.012c2.924-.013 2.775.001 3.064-.288.228-.228.282-.364.282-.704 0-.209-.021-.34-.07-.432-.102-.193-.372-.439-.54-.494-.104-.034-.889-.052-2.756-.064L13 10.994V8.375c0-2.522-.003-2.624-.078-2.772-.214-.418-.685-.656-1.122-.566\"\/><\/svg><\/span>\n\t\t\t\t\t<span class=\"t2-accordion-icon is-open-icon\"><svg xmlns=\"http:\/\/www.w3.org\/2000\/svg\" viewBox=\"0 0 24 24\" height=\"24\" width=\"24\" class=\"t2-icon t2-icon-chevronup\" aria-hidden=\"true\" focusable=\"false\"><path d=\"M6.7 14.7c-.2-.2-.3-.4-.3-.7s.1-.5.3-.7l4.6-4.6c.1-.1.2-.2.3-.2.1 0 .2-.1.4-.1.1 0 .3 0 .4.1.1 0 .2.1.3.2l4.6 4.6c.2.2.3.4.3.7s-.1.5-.3.7c-.2.2-.4.3-.7.3s-.5-.1-.7-.3L12 10.8l-3.9 3.9c-.2.2-.4.3-.7.3s-.5-.1-.7-.3z\" fill=\"currentColor\" \/><\/svg><\/span>\n\t\t\t\t<\/button>\n\t\t\t<\/h2>\n\t\t\t<div class=\"t2-accordion-item__inner-container is-layout-flow\" id=\"accordion-panel-1\" aria-labelledby=\"oslo\" role=\"region\" hidden>\n\t\t\t\t\n\n<p>We have approximately 80 beds available, which can be used by poor visiting women and couples. Read more <a href=\"https:\/\/kirkensbymisjon.no\/tilbud-fattige-tilreisende\/\">here<\/a>.<\/p>\n\n\n\n<p><strong>Address:<\/strong> Louises gate 30, 0169 Oslo.<\/p>\n\n\n\n<p><strong>How?<\/strong><br>Beds are purchased upon arrival at Louises gate 30 in Oslo. You can book in for up to five nights at a time, but you only pay for one night at a time, which costs 15 kroner. Those who have pre-reserved a place will be registered and allowed in between 6:00 p.m. and 9:00 p.m. After that, available places will be distributed. If there are more people in line than we have beds for, the remaining places will be allocated by lottery. A simple registration system is used, guests show ID and are then booked in by staff.<\/p>\n\n\n\t\t\t<\/div>\n\t\t<\/div>\n\n<div class=\"t2-accordion-item wp-block-t2-accordion-item\" role=\"listitem\">\n\t\t\t<h2 class=\"t2-accordion-title\">\n\t\t\t\t<button type=\"button\" class=\"t2-accordion-trigger\" id=\"drammen\" aria-controls=\"accordion-panel-2\" aria-expanded=\"false\">\n\t\t\t\t\tDrammen\n\t\t\t\t\t<span class=\"t2-accordion-icon is-closed-icon\"><svg xmlns=\"http:\/\/www.w3.org\/2000\/svg\" viewBox=\"0 0 24 24\" height=\"24\" width=\"24\" class=\"t2-icon t2-icon-plus\" aria-hidden=\"true\" focusable=\"false\"><path d=\"M11.8 5.037a1.088 1.088 0 0 0-.722.566c-.075.148-.078.25-.078 2.772v2.619l-2.61.016c-1.867.012-2.652.03-2.756.064-.168.055-.438.301-.54.494-.049.092-.07.223-.07.432 0 .34.054.476.282.704.289.289.14.275 3.064.288l2.63.012v2.619c0 2.544.002 2.625.08 2.778.191.372.516.577.92.577s.729-.205.92-.577c.078-.153.08-.234.08-2.778v-2.619l2.63-.012c2.924-.013 2.775.001 3.064-.288.228-.228.282-.364.282-.704 0-.209-.021-.34-.07-.432-.102-.193-.372-.439-.54-.494-.104-.034-.889-.052-2.756-.064L13 10.994V8.375c0-2.522-.003-2.624-.078-2.772-.214-.418-.685-.656-1.122-.566\"\/><\/svg><\/span>\n\t\t\t\t\t<span class=\"t2-accordion-icon is-open-icon\"><svg xmlns=\"http:\/\/www.w3.org\/2000\/svg\" viewBox=\"0 0 24 24\" height=\"24\" width=\"24\" class=\"t2-icon t2-icon-chevronup\" aria-hidden=\"true\" focusable=\"false\"><path d=\"M6.7 14.7c-.2-.2-.3-.4-.3-.7s.1-.5.3-.7l4.6-4.6c.1-.1.2-.2.3-.2.1 0 .2-.1.4-.1.1 0 .3 0 .4.1.1 0 .2.1.3.2l4.6 4.6c.2.2.3.4.3.7s-.1.5-.3.7c-.2.2-.4.3-.7.3s-.5-.1-.7-.3L12 10.8l-3.9 3.9c-.2.2-.4.3-.7.3s-.5-.1-.7-.3z\" fill=\"currentColor\" \/><\/svg><\/span>\n\t\t\t\t<\/button>\n\t\t\t<\/h2>\n\t\t\t<div class=\"t2-accordion-item__inner-container is-layout-flow\" id=\"accordion-panel-2\" aria-labelledby=\"drammen\" role=\"region\" hidden>\n\t\t\t\t\n\n<p>The emergency accommodation in Drammen is open during the winter season. The offer is open to poor visiting EEA citizens. Here you get a warm and safe place to spend the night. We are located in the old Courthouse (Tinghuset). <\/p>\n\n\n\n<p><em>More information to come.<\/em><\/p>\n\n\n\n<p><\/p>\n\n\n\t\t\t<\/div>\n\t\t<\/div>\n<\/div>","protected":false},"excerpt":{"rendered":"<p>Kirkens Bymisjon (Church City Mission) offers emergency overnight stays in several cities. We provide a&hellip;<\/p>\n","protected":false},"author":4,"featured_media":12,"parent":0,"menu_order":0,"comment_status":"closed","ping_status":"closed","template":"","meta":{"_relevanssi_hide_post":"","_relevanssi_hide_content":"","_relevanssi_pin_for_all":"","_relevanssi_pin_keywords":"","_relevanssi_unpin_keywords":"","_relevanssi_related_keywords":"","_relevanssi_related_include_ids":"","_relevanssi_related_exclude_ids":"","_relevanssi_related_no_append":"","_relevanssi_related_not_related":"","_relevanssi_related_posts":"1","_relevanssi_noindex_reason":"","editor_notices":[],"footnotes":""},"class_list":["post-4","page","type-page","status-publish","has-post-thumbnail","hentry"],"yoast_head":"<!-- This site is optimized with the Yoast SEO Premium plugin v27.2 (Yoast SEO v27.2) - https:\/\/yoast.com\/product\/yoast-seo-premium-wordpress\/ -->\n<title>Kirkens Bymisjon - Akuttovernatting - English<\/title>\n<meta name=\"description\" content=\"Vi s\u00f8rger for en pute \u00e5 hvile hodet p\u00e5, muligheten for en dusj og en seng for natten, i trygge, rolige og varme omgivelser.\" \/>\n<meta name=\"robots\" content=\"noindex, follow, max-snippet:-1, max-image-preview:large, max-video-preview:-1\" \/>\n<meta property=\"og:locale\" content=\"en_US\" \/>\n<meta property=\"og:type\" content=\"article\" \/>\n<meta property=\"og:title\" content=\"Kirkens Bymisjon - Akuttovernatting - English\" \/>\n<meta property=\"og:description\" content=\"Vi s\u00f8rger for en pute \u00e5 hvile hodet p\u00e5, muligheten for en dusj og en seng for natten, i trygge, rolige og varme omgivelser.\" \/>\n<meta property=\"og:url\" content=\"https:\/\/kirkensbymisjon.no\/tilbud-akuttovernatting-en\/\" \/>\n<meta property=\"og:site_name\" content=\"Akuttovernatting - English\" \/>\n<meta property=\"article:modified_time\" content=\"2025-03-24T09:46:12+00:00\" \/>\n<meta property=\"og:image\" content=\"https:\/\/kirkensbymisjon.no\/content\/uploads\/sites\/176\/2025\/03\/Tilbud_akuttovernatting_01-scaled.jpg\" \/>\n\t<meta property=\"og:image:width\" content=\"2560\" \/>\n\t<meta property=\"og:image:height\" content=\"1880\" \/>\n\t<meta property=\"og:image:type\" content=\"image\/jpeg\" \/>\n<meta name=\"twitter:card\" content=\"summary_large_image\" \/>\n<meta name=\"twitter:title\" content=\"Front page\" \/>\n<meta name=\"twitter:label1\" content=\"Est. reading time\" \/>\n\t<meta name=\"twitter:data1\" content=\"2 minutes\" \/>\n<script type=\"application\/ld+json\" class=\"yoast-schema-graph\">{\"@context\":\"https:\/\/schema.org\",\"@graph\":[{\"@type\":\"WebPage\",\"@id\":\"https:\/\/kirkensbymisjon.no\/tilbud-akuttovernatting-en\/\",\"url\":\"https:\/\/kirkensbymisjon.no\/tilbud-akuttovernatting-en\/\",\"name\":\"Kirkens Bymisjon - Akuttovernatting - English\",\"isPartOf\":{\"@id\":\"https:\/\/kirkensbymisjon.no\/tilbud-akuttovernatting-en\/#website\"},\"primaryImageOfPage\":{\"@id\":\"https:\/\/kirkensbymisjon.no\/tilbud-akuttovernatting-en\/#primaryimage\"},\"image\":{\"@id\":\"https:\/\/kirkensbymisjon.no\/tilbud-akuttovernatting-en\/#primaryimage\"},\"thumbnailUrl\":\"https:\/\/kirkensbymisjon.no\/content\/uploads\/sites\/176\/2025\/03\/Tilbud_akuttovernatting_01-scaled.jpg\",\"datePublished\":\"2025-03-21T08:34:23+00:00\",\"dateModified\":\"2025-03-24T09:46:12+00:00\",\"description\":\"Vi s\u00f8rger for en pute \u00e5 hvile hodet p\u00e5, muligheten for en dusj og en seng for natten, i trygge, rolige og varme omgivelser.\",\"breadcrumb\":{\"@id\":\"https:\/\/kirkensbymisjon.no\/tilbud-akuttovernatting-en\/#breadcrumb\"},\"inLanguage\":\"en-US\",\"potentialAction\":[{\"@type\":\"ReadAction\",\"target\":[\"https:\/\/kirkensbymisjon.no\/tilbud-akuttovernatting-en\/\"]}]},{\"@type\":\"ImageObject\",\"inLanguage\":\"en-US\",\"@id\":\"https:\/\/kirkensbymisjon.no\/tilbud-akuttovernatting-en\/#primaryimage\",\"url\":\"https:\/\/kirkensbymisjon.no\/content\/uploads\/sites\/176\/2025\/03\/Tilbud_akuttovernatting_01-scaled.jpg\",\"contentUrl\":\"https:\/\/kirkensbymisjon.no\/content\/uploads\/sites\/176\/2025\/03\/Tilbud_akuttovernatting_01-scaled.jpg\",\"width\":2560,\"height\":1880},{\"@type\":\"BreadcrumbList\",\"@id\":\"https:\/\/kirkensbymisjon.no\/tilbud-akuttovernatting-en\/#breadcrumb\",\"itemListElement\":[{\"@type\":\"ListItem\",\"position\":1,\"name\":\"Hjem\",\"item\":\"https:\/\/kirkensbymisjon.no\/tilbud-akuttovernatting-en\/\"},{\"@type\":\"ListItem\",\"position\":2,\"name\":\"Front page\"}]},{\"@type\":\"WebSite\",\"@id\":\"https:\/\/kirkensbymisjon.no\/tilbud-akuttovernatting-en\/#website\",\"url\":\"https:\/\/kirkensbymisjon.no\/tilbud-akuttovernatting-en\/\",\"name\":\"Akuttovernatting - English\",\"description\":\"\",\"potentialAction\":[{\"@type\":\"SearchAction\",\"target\":{\"@type\":\"EntryPoint\",\"urlTemplate\":\"https:\/\/kirkensbymisjon.no\/tilbud-akuttovernatting-en\/?s={search_term_string}\"},\"query-input\":{\"@type\":\"PropertyValueSpecification\",\"valueRequired\":true,\"valueName\":\"search_term_string\"}}],\"inLanguage\":\"en-US\"}]}<\/script>\n<!-- \/ Yoast SEO Premium plugin. -->","yoast_head_json":{"title":"Kirkens Bymisjon - Akuttovernatting - English","description":"Vi s\u00f8rger for en pute \u00e5 hvile hodet p\u00e5, muligheten for en dusj og en seng for natten, i trygge, rolige og varme omgivelser.","robots":{"index":"noindex","follow":"follow","max-snippet":"max-snippet:-1","max-image-preview":"max-image-preview:large","max-video-preview":"max-video-preview:-1"},"og_locale":"en_US","og_type":"article","og_title":"Kirkens Bymisjon - Akuttovernatting - English","og_description":"Vi s\u00f8rger for en pute \u00e5 hvile hodet p\u00e5, muligheten for en dusj og en seng for natten, i trygge, rolige og varme omgivelser.","og_url":"https:\/\/kirkensbymisjon.no\/tilbud-akuttovernatting-en\/","og_site_name":"Akuttovernatting - English","article_modified_time":"2025-03-24T09:46:12+00:00","og_image":[{"width":2560,"height":1880,"url":"https:\/\/kirkensbymisjon.no\/content\/uploads\/sites\/176\/2025\/03\/Tilbud_akuttovernatting_01-scaled.jpg","type":"image\/jpeg"}],"twitter_card":"summary_large_image","twitter_title":"Front page","twitter_misc":{"Est. reading time":"2 minutes"},"schema":{"@context":"https:\/\/schema.org","@graph":[{"@type":"WebPage","@id":"https:\/\/kirkensbymisjon.no\/tilbud-akuttovernatting-en\/","url":"https:\/\/kirkensbymisjon.no\/tilbud-akuttovernatting-en\/","name":"Kirkens Bymisjon - Akuttovernatting - English","isPartOf":{"@id":"https:\/\/kirkensbymisjon.no\/tilbud-akuttovernatting-en\/#website"},"primaryImageOfPage":{"@id":"https:\/\/kirkensbymisjon.no\/tilbud-akuttovernatting-en\/#primaryimage"},"image":{"@id":"https:\/\/kirkensbymisjon.no\/tilbud-akuttovernatting-en\/#primaryimage"},"thumbnailUrl":"https:\/\/kirkensbymisjon.no\/content\/uploads\/sites\/176\/2025\/03\/Tilbud_akuttovernatting_01-scaled.jpg","datePublished":"2025-03-21T08:34:23+00:00","dateModified":"2025-03-24T09:46:12+00:00","description":"Vi s\u00f8rger for en pute \u00e5 hvile hodet p\u00e5, muligheten for en dusj og en seng for natten, i trygge, rolige og varme omgivelser.","breadcrumb":{"@id":"https:\/\/kirkensbymisjon.no\/tilbud-akuttovernatting-en\/#breadcrumb"},"inLanguage":"en-US","potentialAction":[{"@type":"ReadAction","target":["https:\/\/kirkensbymisjon.no\/tilbud-akuttovernatting-en\/"]}]},{"@type":"ImageObject","inLanguage":"en-US","@id":"https:\/\/kirkensbymisjon.no\/tilbud-akuttovernatting-en\/#primaryimage","url":"https:\/\/kirkensbymisjon.no\/content\/uploads\/sites\/176\/2025\/03\/Tilbud_akuttovernatting_01-scaled.jpg","contentUrl":"https:\/\/kirkensbymisjon.no\/content\/uploads\/sites\/176\/2025\/03\/Tilbud_akuttovernatting_01-scaled.jpg","width":2560,"height":1880},{"@type":"BreadcrumbList","@id":"https:\/\/kirkensbymisjon.no\/tilbud-akuttovernatting-en\/#breadcrumb","itemListElement":[{"@type":"ListItem","position":1,"name":"Hjem","item":"https:\/\/kirkensbymisjon.no\/tilbud-akuttovernatting-en\/"},{"@type":"ListItem","position":2,"name":"Front page"}]},{"@type":"WebSite","@id":"https:\/\/kirkensbymisjon.no\/tilbud-akuttovernatting-en\/#website","url":"https:\/\/kirkensbymisjon.no\/tilbud-akuttovernatting-en\/","name":"Akuttovernatting - English","description":"","potentialAction":[{"@type":"SearchAction","target":{"@type":"EntryPoint","urlTemplate":"https:\/\/kirkensbymisjon.no\/tilbud-akuttovernatting-en\/?s={search_term_string}"},"query-input":{"@type":"PropertyValueSpecification","valueRequired":true,"valueName":"search_term_string"}}],"inLanguage":"en-US"}]}},"_links":{"self":[{"href":"https:\/\/kirkensbymisjon.no\/tilbud-akuttovernatting-en\/wp-json\/wp\/v2\/pages\/4","targetHints":{"allow":["GET"]}}],"collection":[{"href":"https:\/\/kirkensbymisjon.no\/tilbud-akuttovernatting-en\/wp-json\/wp\/v2\/pages"}],"about":[{"href":"https:\/\/kirkensbymisjon.no\/tilbud-akuttovernatting-en\/wp-json\/wp\/v2\/types\/page"}],"author":[{"embeddable":true,"href":"https:\/\/kirkensbymisjon.no\/tilbud-akuttovernatting-en\/wp-json\/wp\/v2\/users\/4"}],"replies":[{"embeddable":true,"href":"https:\/\/kirkensbymisjon.no\/tilbud-akuttovernatting-en\/wp-json\/wp\/v2\/comments?post=4"}],"version-history":[{"count":5,"href":"https:\/\/kirkensbymisjon.no\/tilbud-akuttovernatting-en\/wp-json\/wp\/v2\/pages\/4\/revisions"}],"predecessor-version":[{"id":35,"href":"https:\/\/kirkensbymisjon.no\/tilbud-akuttovernatting-en\/wp-json\/wp\/v2\/pages\/4\/revisions\/35"}],"wp:featuredmedia":[{"embeddable":true,"href":"https:\/\/kirkensbymisjon.no\/tilbud-akuttovernatting-en\/wp-json\/wp\/v2\/media\/12"}],"wp:attachment":[{"href":"https:\/\/kirkensbymisjon.no\/tilbud-akuttovernatting-en\/wp-json\/wp\/v2\/media?parent=4"}],"curies":[{"name":"wp","href":"https:\/\/api.w.org\/{rel}","templated":true}]}}