{"id":7,"date":"2026-03-27T12:37:07","date_gmt":"2026-03-27T11:37:07","guid":{"rendered":"https:\/\/kirkensbymisjon.no\/tilbud-arbeid-ute\/?page_id=7"},"modified":"2026-03-27T12:55:44","modified_gmt":"2026-03-27T11:55:44","slug":"hva-vi-tilbyr","status":"publish","type":"page","link":"https:\/\/kirkensbymisjon.no\/tilbud-arbeid-ute\/hva-vi-tilbyr\/","title":{"rendered":"Hva vi tilbyr"},"content":{"rendered":"\n<div class=\"wp-block-media-text alignwide is-stacked-on-mobile is-style-filled\"><figure class=\"wp-block-media-text__media\"><img loading=\"lazy\" decoding=\"async\" width=\"1024\" height=\"836\" src=\"https:\/\/kirkensbymisjon.no\/content\/uploads\/sites\/181\/2026\/03\/Tilbud_Arbeid-ute_04-1024x836.jpg\" alt=\"\" class=\"wp-image-20 size-full\" srcset=\"https:\/\/kirkensbymisjon.no\/content\/uploads\/sites\/181\/2026\/03\/Tilbud_Arbeid-ute_04-1024x836.jpg 1024w, https:\/\/kirkensbymisjon.no\/content\/uploads\/sites\/181\/2026\/03\/Tilbud_Arbeid-ute_04-300x245.jpg 300w, https:\/\/kirkensbymisjon.no\/content\/uploads\/sites\/181\/2026\/03\/Tilbud_Arbeid-ute_04-768x627.jpg 768w, https:\/\/kirkensbymisjon.no\/content\/uploads\/sites\/181\/2026\/03\/Tilbud_Arbeid-ute_04-1536x1253.jpg 1536w, https:\/\/kirkensbymisjon.no\/content\/uploads\/sites\/181\/2026\/03\/Tilbud_Arbeid-ute_04-2048x1671.jpg 2048w\" sizes=\"auto, (max-width: 1024px) 100vw, 1024px\" \/><\/figure><div class=\"wp-block-media-text__content\">\n<h2 class=\"wp-block-heading\" id=\"h-vare-samarbeidspartnere\"><strong>V\u00e5re samarbeidspartnere<\/strong><\/h2>\n\n\n\n<p>Arbeid Ute samarbeider med n\u00e6ringslivet, kommunen, fylket og private for \u00e5 utf\u00f8re <a href=\"https:\/\/kirkensbymisjon.no\/tilbud-arbeid-ute\/hva-vi-tilbyr\/#arbeidet\">arbeidsoppgaver<\/a> som de \u00f8nsker \u00e5 f\u00e5 gjort. En av v\u00e5re sentrale samarbeidspartnere er <a href=\"https:\/\/greppestolgaard.no\/\" target=\"_blank\" rel=\"noreferrer noopener\">Greppest\u00f8l g\u00e5rd<\/a>, som blant annet har sau, gris og h\u00f8ner. Arbeid Ute legger til rette for salg og presentasjon av produkter knyttet til g\u00e5rdsdriften.<\/p>\n<\/div><\/div>\n\n\n\n<h2 class=\"wp-block-heading\" id=\"arbeidet\"><strong>Arbeidet vi utf\u00f8rer inneb\u00e6rer blant annet:<\/strong><\/h2>\n\n\n\n<p><em>Listen er ikke utfyllende, og flere bilder kommer.<\/em><\/p>\n\n\n\n<ul class=\"wp-block-list\">\n<li>Vedproduksjon ved hjelp av t\u00f8mmersag.<\/li>\n\n\n\n<li>Beskj\u00e6ring av frukttr\u00e6r og hekker.<\/li>\n\n\n\n<li>Forefallende hagearbeid.<\/li>\n\n\n\n<li>Vedlikehold av bygningsmasse, maling, bygging av terrasser, o.l.<\/li>\n\n\n\n<li>Vask av boliger.<\/li>\n\n\n\n<li>Produksjon av trevirke og treprodukter.<\/li>\n\n\n\n<li>Diverse annet forefallende arbeid.<\/li>\n<\/ul>\n\n\n\n<p>Gjennom v\u00e5rt arbeid med produksjon av tre, kan du spesialbestille serveringsfj\u00f8ler og andre kj\u00f8kkenprodukter. Vi lager ogs\u00e5 inne- og utematerialer til bolig, som gulv, kledning, m\u00f8bler og lignende. P\u00e5 bestilling lager vi ogs\u00e5 store og sm\u00e5 bord til bruk for private boliger\/hytter. Under kan du se flere bilder fra tidligere bestillinger og arbeidet v\u00e5rt.<\/p>\n\n\n\n<p><strong><a href=\"https:\/\/kirkensbymisjon.no\/tilbud-arbeid-ute\/finn-oss\">Ta gjerne kontakt med oss dersom du lurer p\u00e5 noe!<\/a><\/strong><\/p>\n\n\n\t<div class=\"alignfull wp-block-kbm-gallery\" data-scroll=\"1\">\n\t\t<div class=\"kbm-gallery__scroll\">\n\t\t\t<div class=\"kbm-gallery__wrapper\">\n\t\t\t\t\n\n<figure class=\"wp-block-gallery has-nested-images columns-default is-cropped wp-block-gallery-1 is-layout-flex wp-block-gallery-is-layout-flex\">\n<figure class=\"wp-block-image size-large\"><img loading=\"lazy\" decoding=\"async\" width=\"1024\" height=\"819\" data-id=\"27\" src=\"https:\/\/kirkensbymisjon.no\/content\/uploads\/sites\/181\/2026\/03\/Tilbud_Arbeid-ute_09-1024x819.jpg\" alt=\"\" class=\"wp-image-27\" srcset=\"https:\/\/kirkensbymisjon.no\/content\/uploads\/sites\/181\/2026\/03\/Tilbud_Arbeid-ute_09-1024x819.jpg 1024w, https:\/\/kirkensbymisjon.no\/content\/uploads\/sites\/181\/2026\/03\/Tilbud_Arbeid-ute_09-300x240.jpg 300w, https:\/\/kirkensbymisjon.no\/content\/uploads\/sites\/181\/2026\/03\/Tilbud_Arbeid-ute_09-768x614.jpg 768w, https:\/\/kirkensbymisjon.no\/content\/uploads\/sites\/181\/2026\/03\/Tilbud_Arbeid-ute_09-1536x1229.jpg 1536w, https:\/\/kirkensbymisjon.no\/content\/uploads\/sites\/181\/2026\/03\/Tilbud_Arbeid-ute_09-2048x1638.jpg 2048w\" sizes=\"auto, (max-width: 1024px) 100vw, 1024px\" \/><\/figure>\n\n\n\n<figure class=\"wp-block-image size-large\"><img loading=\"lazy\" decoding=\"async\" width=\"1024\" height=\"787\" data-id=\"28\" src=\"https:\/\/kirkensbymisjon.no\/content\/uploads\/sites\/181\/2026\/03\/Tilbud_Arbeid-ute_10-1024x787.jpg\" alt=\"\" class=\"wp-image-28\" srcset=\"https:\/\/kirkensbymisjon.no\/content\/uploads\/sites\/181\/2026\/03\/Tilbud_Arbeid-ute_10-1024x787.jpg 1024w, https:\/\/kirkensbymisjon.no\/content\/uploads\/sites\/181\/2026\/03\/Tilbud_Arbeid-ute_10-300x231.jpg 300w, https:\/\/kirkensbymisjon.no\/content\/uploads\/sites\/181\/2026\/03\/Tilbud_Arbeid-ute_10-768x590.jpg 768w, https:\/\/kirkensbymisjon.no\/content\/uploads\/sites\/181\/2026\/03\/Tilbud_Arbeid-ute_10-1536x1181.jpg 1536w, https:\/\/kirkensbymisjon.no\/content\/uploads\/sites\/181\/2026\/03\/Tilbud_Arbeid-ute_10-2048x1574.jpg 2048w\" sizes=\"auto, (max-width: 1024px) 100vw, 1024px\" \/><\/figure>\n\n\n\n<figure class=\"wp-block-image size-large\"><img loading=\"lazy\" decoding=\"async\" width=\"1024\" height=\"768\" data-id=\"29\" src=\"https:\/\/kirkensbymisjon.no\/content\/uploads\/sites\/181\/2026\/03\/Tilbud_arbeid-ute_11-1024x768.jpg\" alt=\"\" class=\"wp-image-29\" srcset=\"https:\/\/kirkensbymisjon.no\/content\/uploads\/sites\/181\/2026\/03\/Tilbud_arbeid-ute_11-1024x768.jpg 1024w, https:\/\/kirkensbymisjon.no\/content\/uploads\/sites\/181\/2026\/03\/Tilbud_arbeid-ute_11-300x225.jpg 300w, https:\/\/kirkensbymisjon.no\/content\/uploads\/sites\/181\/2026\/03\/Tilbud_arbeid-ute_11-768x576.jpg 768w, https:\/\/kirkensbymisjon.no\/content\/uploads\/sites\/181\/2026\/03\/Tilbud_arbeid-ute_11-1536x1152.jpg 1536w, https:\/\/kirkensbymisjon.no\/content\/uploads\/sites\/181\/2026\/03\/Tilbud_arbeid-ute_11-2048x1536.jpg 2048w\" sizes=\"auto, (max-width: 1024px) 100vw, 1024px\" \/><\/figure>\n\n\n\n<figure class=\"wp-block-image size-large\"><img loading=\"lazy\" decoding=\"async\" width=\"1024\" height=\"801\" data-id=\"26\" src=\"https:\/\/kirkensbymisjon.no\/content\/uploads\/sites\/181\/2026\/03\/Tilbud_Arbeid-ute_07-1024x801.jpg\" alt=\"\" class=\"wp-image-26\" srcset=\"https:\/\/kirkensbymisjon.no\/content\/uploads\/sites\/181\/2026\/03\/Tilbud_Arbeid-ute_07-1024x801.jpg 1024w, https:\/\/kirkensbymisjon.no\/content\/uploads\/sites\/181\/2026\/03\/Tilbud_Arbeid-ute_07-300x235.jpg 300w, https:\/\/kirkensbymisjon.no\/content\/uploads\/sites\/181\/2026\/03\/Tilbud_Arbeid-ute_07-768x601.jpg 768w, https:\/\/kirkensbymisjon.no\/content\/uploads\/sites\/181\/2026\/03\/Tilbud_Arbeid-ute_07.jpg 1050w\" sizes=\"auto, (max-width: 1024px) 100vw, 1024px\" \/><\/figure>\n\n\n\n<figure class=\"wp-block-image size-large\"><img loading=\"lazy\" decoding=\"async\" width=\"1024\" height=\"896\" data-id=\"24\" src=\"https:\/\/kirkensbymisjon.no\/content\/uploads\/sites\/181\/2026\/03\/Tilbud_Arbeid-ute_05-1024x896.jpg\" alt=\"\" class=\"wp-image-24\" srcset=\"https:\/\/kirkensbymisjon.no\/content\/uploads\/sites\/181\/2026\/03\/Tilbud_Arbeid-ute_05-1024x896.jpg 1024w, https:\/\/kirkensbymisjon.no\/content\/uploads\/sites\/181\/2026\/03\/Tilbud_Arbeid-ute_05-300x263.jpg 300w, https:\/\/kirkensbymisjon.no\/content\/uploads\/sites\/181\/2026\/03\/Tilbud_Arbeid-ute_05-768x672.jpg 768w, https:\/\/kirkensbymisjon.no\/content\/uploads\/sites\/181\/2026\/03\/Tilbud_Arbeid-ute_05.jpg 1080w\" sizes=\"auto, (max-width: 1024px) 100vw, 1024px\" \/><\/figure>\n\n\n\n<figure class=\"wp-block-image size-large\"><img loading=\"lazy\" decoding=\"async\" width=\"1006\" height=\"786\" data-id=\"25\" src=\"https:\/\/kirkensbymisjon.no\/content\/uploads\/sites\/181\/2026\/03\/Tilbud_Arbeid-ute_06.jpg\" alt=\"\" class=\"wp-image-25\" srcset=\"https:\/\/kirkensbymisjon.no\/content\/uploads\/sites\/181\/2026\/03\/Tilbud_Arbeid-ute_06.jpg 1006w, https:\/\/kirkensbymisjon.no\/content\/uploads\/sites\/181\/2026\/03\/Tilbud_Arbeid-ute_06-300x234.jpg 300w, https:\/\/kirkensbymisjon.no\/content\/uploads\/sites\/181\/2026\/03\/Tilbud_Arbeid-ute_06-768x600.jpg 768w\" sizes=\"auto, (max-width: 1006px) 100vw, 1006px\" \/><\/figure>\n<\/figure>\n\n\t\t\t<\/div>\n\t\t<\/div>\n\t<\/div>\n\t\n\n\t<div class=\"alignfull wp-block-kbm-gallery\" data-scroll=\"1\">\n\t\t<div class=\"kbm-gallery__scroll\">\n\t\t\t<div class=\"kbm-gallery__wrapper\">\n\t\t\t\t\n\n<figure class=\"wp-block-gallery has-nested-images columns-default is-cropped wp-block-gallery-2 is-layout-flex wp-block-gallery-is-layout-flex\"><\/figure>\n\n\t\t\t<\/div>\n\t\t<\/div>\n\t<\/div>\n\t","protected":false},"excerpt":{"rendered":"<p>V\u00e5re samarbeidspartnere Arbeid Ute samarbeider med n\u00e6ringslivet, kommunen, fylket og private for \u00e5 utf\u00f8re arbeidsoppgaver&hellip;<\/p>\n","protected":false},"author":4,"featured_media":0,"parent":0,"menu_order":0,"comment_status":"closed","ping_status":"closed","template":"","meta":{"_relevanssi_hide_post":"","_relevanssi_hide_content":"","_relevanssi_pin_for_all":"","_relevanssi_pin_keywords":"","_relevanssi_unpin_keywords":"","_relevanssi_related_keywords":"","_relevanssi_related_include_ids":"","_relevanssi_related_exclude_ids":"","_relevanssi_related_no_append":"","_relevanssi_related_not_related":"","_relevanssi_related_posts":"1","_relevanssi_noindex_reason":"","editor_notices":[],"footnotes":""},"class_list":["post-7","page","type-page","status-publish","hentry"],"yoast_head":"<!-- This site is optimized with the Yoast SEO Premium plugin v27.2 (Yoast SEO v27.2) - https:\/\/yoast.com\/product\/yoast-seo-premium-wordpress\/ -->\n<title>Hva vi tilbyr - Arbeid Ute<\/title>\n<meta name=\"robots\" content=\"index, follow, max-snippet:-1, max-image-preview:large, max-video-preview:-1\" \/>\n<link rel=\"canonical\" href=\"https:\/\/kirkensbymisjon.no\/tilbud-arbeid-ute\/hva-vi-tilbyr\/\" \/>\n<meta property=\"og:locale\" content=\"en_US\" \/>\n<meta property=\"og:type\" content=\"article\" \/>\n<meta property=\"og:title\" content=\"Hva vi tilbyr\" \/>\n<meta property=\"og:description\" content=\"V\u00e5re samarbeidspartnere Arbeid Ute samarbeider med n\u00e6ringslivet, kommunen, fylket og private for \u00e5 utf\u00f8re arbeidsoppgaver&hellip;\" \/>\n<meta property=\"og:url\" content=\"https:\/\/kirkensbymisjon.no\/tilbud-arbeid-ute\/hva-vi-tilbyr\/\" \/>\n<meta property=\"og:site_name\" content=\"Arbeid Ute\" \/>\n<meta property=\"article:modified_time\" content=\"2026-03-27T11:55:44+00:00\" \/>\n<meta property=\"og:image\" content=\"https:\/\/kirkensbymisjon.no\/content\/uploads\/sites\/181\/2026\/03\/Tilbud_Arbeid-ute_04-scaled.jpg\" \/>\n\t<meta property=\"og:image:width\" content=\"2560\" \/>\n\t<meta property=\"og:image:height\" content=\"2089\" \/>\n\t<meta property=\"og:image:type\" content=\"image\/jpeg\" \/>\n<meta name=\"twitter:card\" content=\"summary_large_image\" \/>\n<meta name=\"twitter:label1\" content=\"Est. reading time\" \/>\n\t<meta name=\"twitter:data1\" content=\"3 minutes\" \/>\n<script type=\"application\/ld+json\" class=\"yoast-schema-graph\">{\"@context\":\"https:\/\/schema.org\",\"@graph\":[{\"@type\":\"WebPage\",\"@id\":\"https:\/\/kirkensbymisjon.no\/tilbud-arbeid-ute\/hva-vi-tilbyr\/\",\"url\":\"https:\/\/kirkensbymisjon.no\/tilbud-arbeid-ute\/hva-vi-tilbyr\/\",\"name\":\"Hva vi tilbyr - Arbeid Ute\",\"isPartOf\":{\"@id\":\"https:\/\/kirkensbymisjon.no\/tilbud-arbeid-ute\/#website\"},\"primaryImageOfPage\":{\"@id\":\"https:\/\/kirkensbymisjon.no\/tilbud-arbeid-ute\/hva-vi-tilbyr\/#primaryimage\"},\"image\":{\"@id\":\"https:\/\/kirkensbymisjon.no\/tilbud-arbeid-ute\/hva-vi-tilbyr\/#primaryimage\"},\"thumbnailUrl\":\"https:\/\/kirkensbymisjon.no\/content\/uploads\/sites\/181\/2026\/03\/Tilbud_Arbeid-ute_04-1024x836.jpg\",\"datePublished\":\"2026-03-27T11:37:07+00:00\",\"dateModified\":\"2026-03-27T11:55:44+00:00\",\"breadcrumb\":{\"@id\":\"https:\/\/kirkensbymisjon.no\/tilbud-arbeid-ute\/hva-vi-tilbyr\/#breadcrumb\"},\"inLanguage\":\"en-US\",\"potentialAction\":[{\"@type\":\"ReadAction\",\"target\":[\"https:\/\/kirkensbymisjon.no\/tilbud-arbeid-ute\/hva-vi-tilbyr\/\"]}]},{\"@type\":\"ImageObject\",\"inLanguage\":\"en-US\",\"@id\":\"https:\/\/kirkensbymisjon.no\/tilbud-arbeid-ute\/hva-vi-tilbyr\/#primaryimage\",\"url\":\"https:\/\/kirkensbymisjon.no\/content\/uploads\/sites\/181\/2026\/03\/Tilbud_Arbeid-ute_04-1024x836.jpg\",\"contentUrl\":\"https:\/\/kirkensbymisjon.no\/content\/uploads\/sites\/181\/2026\/03\/Tilbud_Arbeid-ute_04-1024x836.jpg\"},{\"@type\":\"BreadcrumbList\",\"@id\":\"https:\/\/kirkensbymisjon.no\/tilbud-arbeid-ute\/hva-vi-tilbyr\/#breadcrumb\",\"itemListElement\":[{\"@type\":\"ListItem\",\"position\":1,\"name\":\"Hjem\",\"item\":\"https:\/\/kirkensbymisjon.no\/tilbud-arbeid-ute\/\"},{\"@type\":\"ListItem\",\"position\":2,\"name\":\"Hva vi tilbyr\"}]},{\"@type\":\"WebSite\",\"@id\":\"https:\/\/kirkensbymisjon.no\/tilbud-arbeid-ute\/#website\",\"url\":\"https:\/\/kirkensbymisjon.no\/tilbud-arbeid-ute\/\",\"name\":\"Arbeid Ute\",\"description\":\"\",\"potentialAction\":[{\"@type\":\"SearchAction\",\"target\":{\"@type\":\"EntryPoint\",\"urlTemplate\":\"https:\/\/kirkensbymisjon.no\/tilbud-arbeid-ute\/?s={search_term_string}\"},\"query-input\":{\"@type\":\"PropertyValueSpecification\",\"valueRequired\":true,\"valueName\":\"search_term_string\"}}],\"inLanguage\":\"en-US\"}]}<\/script>\n<!-- \/ Yoast SEO Premium plugin. -->","yoast_head_json":{"title":"Hva vi tilbyr - Arbeid Ute","robots":{"index":"index","follow":"follow","max-snippet":"max-snippet:-1","max-image-preview":"max-image-preview:large","max-video-preview":"max-video-preview:-1"},"canonical":"https:\/\/kirkensbymisjon.no\/tilbud-arbeid-ute\/hva-vi-tilbyr\/","og_locale":"en_US","og_type":"article","og_title":"Hva vi tilbyr","og_description":"V\u00e5re samarbeidspartnere Arbeid Ute samarbeider med n\u00e6ringslivet, kommunen, fylket og private for \u00e5 utf\u00f8re arbeidsoppgaver&hellip;","og_url":"https:\/\/kirkensbymisjon.no\/tilbud-arbeid-ute\/hva-vi-tilbyr\/","og_site_name":"Arbeid Ute","article_modified_time":"2026-03-27T11:55:44+00:00","og_image":[{"width":2560,"height":2089,"url":"https:\/\/kirkensbymisjon.no\/content\/uploads\/sites\/181\/2026\/03\/Tilbud_Arbeid-ute_04-scaled.jpg","type":"image\/jpeg"}],"twitter_card":"summary_large_image","twitter_misc":{"Est. reading time":"3 minutes"},"schema":{"@context":"https:\/\/schema.org","@graph":[{"@type":"WebPage","@id":"https:\/\/kirkensbymisjon.no\/tilbud-arbeid-ute\/hva-vi-tilbyr\/","url":"https:\/\/kirkensbymisjon.no\/tilbud-arbeid-ute\/hva-vi-tilbyr\/","name":"Hva vi tilbyr - Arbeid Ute","isPartOf":{"@id":"https:\/\/kirkensbymisjon.no\/tilbud-arbeid-ute\/#website"},"primaryImageOfPage":{"@id":"https:\/\/kirkensbymisjon.no\/tilbud-arbeid-ute\/hva-vi-tilbyr\/#primaryimage"},"image":{"@id":"https:\/\/kirkensbymisjon.no\/tilbud-arbeid-ute\/hva-vi-tilbyr\/#primaryimage"},"thumbnailUrl":"https:\/\/kirkensbymisjon.no\/content\/uploads\/sites\/181\/2026\/03\/Tilbud_Arbeid-ute_04-1024x836.jpg","datePublished":"2026-03-27T11:37:07+00:00","dateModified":"2026-03-27T11:55:44+00:00","breadcrumb":{"@id":"https:\/\/kirkensbymisjon.no\/tilbud-arbeid-ute\/hva-vi-tilbyr\/#breadcrumb"},"inLanguage":"en-US","potentialAction":[{"@type":"ReadAction","target":["https:\/\/kirkensbymisjon.no\/tilbud-arbeid-ute\/hva-vi-tilbyr\/"]}]},{"@type":"ImageObject","inLanguage":"en-US","@id":"https:\/\/kirkensbymisjon.no\/tilbud-arbeid-ute\/hva-vi-tilbyr\/#primaryimage","url":"https:\/\/kirkensbymisjon.no\/content\/uploads\/sites\/181\/2026\/03\/Tilbud_Arbeid-ute_04-1024x836.jpg","contentUrl":"https:\/\/kirkensbymisjon.no\/content\/uploads\/sites\/181\/2026\/03\/Tilbud_Arbeid-ute_04-1024x836.jpg"},{"@type":"BreadcrumbList","@id":"https:\/\/kirkensbymisjon.no\/tilbud-arbeid-ute\/hva-vi-tilbyr\/#breadcrumb","itemListElement":[{"@type":"ListItem","position":1,"name":"Hjem","item":"https:\/\/kirkensbymisjon.no\/tilbud-arbeid-ute\/"},{"@type":"ListItem","position":2,"name":"Hva vi tilbyr"}]},{"@type":"WebSite","@id":"https:\/\/kirkensbymisjon.no\/tilbud-arbeid-ute\/#website","url":"https:\/\/kirkensbymisjon.no\/tilbud-arbeid-ute\/","name":"Arbeid Ute","description":"","potentialAction":[{"@type":"SearchAction","target":{"@type":"EntryPoint","urlTemplate":"https:\/\/kirkensbymisjon.no\/tilbud-arbeid-ute\/?s={search_term_string}"},"query-input":{"@type":"PropertyValueSpecification","valueRequired":true,"valueName":"search_term_string"}}],"inLanguage":"en-US"}]}},"_links":{"self":[{"href":"https:\/\/kirkensbymisjon.no\/tilbud-arbeid-ute\/wp-json\/wp\/v2\/pages\/7","targetHints":{"allow":["GET"]}}],"collection":[{"href":"https:\/\/kirkensbymisjon.no\/tilbud-arbeid-ute\/wp-json\/wp\/v2\/pages"}],"about":[{"href":"https:\/\/kirkensbymisjon.no\/tilbud-arbeid-ute\/wp-json\/wp\/v2\/types\/page"}],"author":[{"embeddable":true,"href":"https:\/\/kirkensbymisjon.no\/tilbud-arbeid-ute\/wp-json\/wp\/v2\/users\/4"}],"replies":[{"embeddable":true,"href":"https:\/\/kirkensbymisjon.no\/tilbud-arbeid-ute\/wp-json\/wp\/v2\/comments?post=7"}],"version-history":[{"count":5,"href":"https:\/\/kirkensbymisjon.no\/tilbud-arbeid-ute\/wp-json\/wp\/v2\/pages\/7\/revisions"}],"predecessor-version":[{"id":34,"href":"https:\/\/kirkensbymisjon.no\/tilbud-arbeid-ute\/wp-json\/wp\/v2\/pages\/7\/revisions\/34"}],"wp:attachment":[{"href":"https:\/\/kirkensbymisjon.no\/tilbud-arbeid-ute\/wp-json\/wp\/v2\/media?parent=7"}],"curies":[{"name":"wp","href":"https:\/\/api.w.org\/{rel}","templated":true}]}}