{"id":14,"date":"2024-07-24T11:51:12","date_gmt":"2024-07-24T09:51:12","guid":{"rendered":"https:\/\/kirkensbymisjon.no\/tilbud-bybo-oslo\/?page_id=14"},"modified":"2025-08-20T17:16:50","modified_gmt":"2025-08-20T15:16:50","slug":"livet-i-egen-bolig","status":"publish","type":"page","link":"https:\/\/kirkensbymisjon.no\/tilbud-bybo-oslo\/livet-i-egen-bolig\/","title":{"rendered":"Livet i egen bolig"},"content":{"rendered":"\n<p>De fleste av v\u00e5re beboere har mistet boligen sin mange ganger f\u00f8r de f\u00e5r bolig hos oss. Vi er opptatt av \u00e5 samarbeide med beboerne slik at de kan beholde boligen sin.<\/p>\n\n\n\n<h2 class=\"wp-block-heading\" id=\"h-samarbeid-etter-behov\">Samarbeid etter behov<\/h2>\n\n\n\n<p>Vi m\u00f8ter alle v\u00e5re beboere etter behov og \u00f8nske. Vi samarbeider med dem om det vi i fellesskap har avtalt. Dette kan for eksempel v\u00e6re:<\/p>\n\n\n\n<ul class=\"wp-block-list\">\n<li>V\u00e6re mer sammen med andre.<\/li>\n\n\n\n<li>Holde orden i leiligheten.<\/li>\n\n\n\n<li>Finne en god struktur i hverdagen.<\/li>\n\n\n\n<li>At vi blir med p\u00e5 ansvarsgrupper og samtaler med NAV, sykehus\/institusjoner, fastleger eller andre.<\/li>\n<\/ul>\n\n\n\n<h2 class=\"wp-block-heading\" id=\"h-motes-til-fellesskap\">M\u00f8tes til fellesskap<\/h2>\n\n\n\n<p>Vi mener bolig er grunnlag for \u00e5 kunne ha et godt liv. Egen bolig kan gj\u00f8re at vi f\u00f8ler oss hjemme i n\u00e6rmilj\u00f8 og lokalsamfunn som er en ramme for et sosialt liv. Vi legger til rette for sosiale treffpunkter b\u00e5de innenfor og utenfor husene. Dette kan for eksempel v\u00e6re grilling i bakg\u00e5rden, kj\u00f8returer, kafebes\u00f8k eller kino.<\/p>\n","protected":false},"excerpt":{"rendered":"<p>De fleste av v\u00e5re beboere har mistet boligen sin mange ganger f\u00f8r de f\u00e5r bolig&hellip;<\/p>\n","protected":false},"author":6,"featured_media":0,"parent":0,"menu_order":0,"comment_status":"closed","ping_status":"closed","template":"","meta":{"_relevanssi_hide_post":"","_relevanssi_hide_content":"","_relevanssi_pin_for_all":"","_relevanssi_pin_keywords":"","_relevanssi_unpin_keywords":"","_relevanssi_related_keywords":"","_relevanssi_related_include_ids":"","_relevanssi_related_exclude_ids":"","_relevanssi_related_no_append":"","_relevanssi_related_not_related":"","_relevanssi_related_posts":"1","_relevanssi_noindex_reason":"","editor_notices":[],"footnotes":""},"class_list":["post-14","page","type-page","status-publish","hentry"],"yoast_head":"<!-- This site is optimized with the Yoast SEO Premium plugin v27.2 (Yoast SEO v27.4) - https:\/\/yoast.com\/product\/yoast-seo-premium-wordpress\/ -->\n<title>Livet i egen bolig - Bybo, Oslo<\/title>\n<meta name=\"robots\" content=\"index, follow, max-snippet:-1, max-image-preview:large, max-video-preview:-1\" \/>\n<link rel=\"canonical\" href=\"https:\/\/kirkensbymisjon.no\/tilbud-bybo-oslo\/livet-i-egen-bolig\/\" \/>\n<meta property=\"og:locale\" content=\"nb_NO\" \/>\n<meta property=\"og:type\" content=\"article\" \/>\n<meta property=\"og:title\" content=\"Livet i egen bolig\" \/>\n<meta property=\"og:description\" content=\"De fleste av v\u00e5re beboere har mistet boligen sin mange ganger f\u00f8r de f\u00e5r bolig&hellip;\" \/>\n<meta property=\"og:url\" content=\"https:\/\/kirkensbymisjon.no\/tilbud-bybo-oslo\/livet-i-egen-bolig\/\" \/>\n<meta property=\"og:site_name\" content=\"Bybo, Oslo\" \/>\n<meta property=\"article:modified_time\" content=\"2025-08-20T15:16:50+00:00\" \/>\n<meta name=\"twitter:card\" content=\"summary_large_image\" \/>\n<meta name=\"twitter:label1\" content=\"Ansl. lesetid\" \/>\n\t<meta name=\"twitter:data1\" content=\"1 minutt\" \/>\n<script type=\"application\/ld+json\" class=\"yoast-schema-graph\">{\"@context\":\"https:\\\/\\\/schema.org\",\"@graph\":[{\"@type\":\"WebPage\",\"@id\":\"https:\\\/\\\/kirkensbymisjon.no\\\/tilbud-bybo-oslo\\\/livet-i-egen-bolig\\\/\",\"url\":\"https:\\\/\\\/kirkensbymisjon.no\\\/tilbud-bybo-oslo\\\/livet-i-egen-bolig\\\/\",\"name\":\"Livet i egen bolig - Bybo, Oslo\",\"isPartOf\":{\"@id\":\"https:\\\/\\\/kirkensbymisjon.no\\\/tilbud-bybo-oslo\\\/#website\"},\"datePublished\":\"2024-07-24T09:51:12+00:00\",\"dateModified\":\"2025-08-20T15:16:50+00:00\",\"breadcrumb\":{\"@id\":\"https:\\\/\\\/kirkensbymisjon.no\\\/tilbud-bybo-oslo\\\/livet-i-egen-bolig\\\/#breadcrumb\"},\"inLanguage\":\"nb-NO\",\"potentialAction\":[{\"@type\":\"ReadAction\",\"target\":[\"https:\\\/\\\/kirkensbymisjon.no\\\/tilbud-bybo-oslo\\\/livet-i-egen-bolig\\\/\"]}]},{\"@type\":\"BreadcrumbList\",\"@id\":\"https:\\\/\\\/kirkensbymisjon.no\\\/tilbud-bybo-oslo\\\/livet-i-egen-bolig\\\/#breadcrumb\",\"itemListElement\":[{\"@type\":\"ListItem\",\"position\":1,\"name\":\"Hjem\",\"item\":\"https:\\\/\\\/kirkensbymisjon.no\\\/tilbud-bybo-oslo\\\/\"},{\"@type\":\"ListItem\",\"position\":2,\"name\":\"Livet i egen bolig\"}]},{\"@type\":\"WebSite\",\"@id\":\"https:\\\/\\\/kirkensbymisjon.no\\\/tilbud-bybo-oslo\\\/#website\",\"url\":\"https:\\\/\\\/kirkensbymisjon.no\\\/tilbud-bybo-oslo\\\/\",\"name\":\"Bybo, Oslo\",\"description\":\"\",\"potentialAction\":[{\"@type\":\"SearchAction\",\"target\":{\"@type\":\"EntryPoint\",\"urlTemplate\":\"https:\\\/\\\/kirkensbymisjon.no\\\/tilbud-bybo-oslo\\\/?s={search_term_string}\"},\"query-input\":{\"@type\":\"PropertyValueSpecification\",\"valueRequired\":true,\"valueName\":\"search_term_string\"}}],\"inLanguage\":\"nb-NO\"}]}<\/script>\n<!-- \/ Yoast SEO Premium plugin. -->","yoast_head_json":{"title":"Livet i egen bolig - Bybo, Oslo","robots":{"index":"index","follow":"follow","max-snippet":"max-snippet:-1","max-image-preview":"max-image-preview:large","max-video-preview":"max-video-preview:-1"},"canonical":"https:\/\/kirkensbymisjon.no\/tilbud-bybo-oslo\/livet-i-egen-bolig\/","og_locale":"nb_NO","og_type":"article","og_title":"Livet i egen bolig","og_description":"De fleste av v\u00e5re beboere har mistet boligen sin mange ganger f\u00f8r de f\u00e5r bolig&hellip;","og_url":"https:\/\/kirkensbymisjon.no\/tilbud-bybo-oslo\/livet-i-egen-bolig\/","og_site_name":"Bybo, Oslo","article_modified_time":"2025-08-20T15:16:50+00:00","twitter_card":"summary_large_image","twitter_misc":{"Ansl. lesetid":"1 minutt"},"schema":{"@context":"https:\/\/schema.org","@graph":[{"@type":"WebPage","@id":"https:\/\/kirkensbymisjon.no\/tilbud-bybo-oslo\/livet-i-egen-bolig\/","url":"https:\/\/kirkensbymisjon.no\/tilbud-bybo-oslo\/livet-i-egen-bolig\/","name":"Livet i egen bolig - Bybo, Oslo","isPartOf":{"@id":"https:\/\/kirkensbymisjon.no\/tilbud-bybo-oslo\/#website"},"datePublished":"2024-07-24T09:51:12+00:00","dateModified":"2025-08-20T15:16:50+00:00","breadcrumb":{"@id":"https:\/\/kirkensbymisjon.no\/tilbud-bybo-oslo\/livet-i-egen-bolig\/#breadcrumb"},"inLanguage":"nb-NO","potentialAction":[{"@type":"ReadAction","target":["https:\/\/kirkensbymisjon.no\/tilbud-bybo-oslo\/livet-i-egen-bolig\/"]}]},{"@type":"BreadcrumbList","@id":"https:\/\/kirkensbymisjon.no\/tilbud-bybo-oslo\/livet-i-egen-bolig\/#breadcrumb","itemListElement":[{"@type":"ListItem","position":1,"name":"Hjem","item":"https:\/\/kirkensbymisjon.no\/tilbud-bybo-oslo\/"},{"@type":"ListItem","position":2,"name":"Livet i egen bolig"}]},{"@type":"WebSite","@id":"https:\/\/kirkensbymisjon.no\/tilbud-bybo-oslo\/#website","url":"https:\/\/kirkensbymisjon.no\/tilbud-bybo-oslo\/","name":"Bybo, Oslo","description":"","potentialAction":[{"@type":"SearchAction","target":{"@type":"EntryPoint","urlTemplate":"https:\/\/kirkensbymisjon.no\/tilbud-bybo-oslo\/?s={search_term_string}"},"query-input":{"@type":"PropertyValueSpecification","valueRequired":true,"valueName":"search_term_string"}}],"inLanguage":"nb-NO"}]}},"_links":{"self":[{"href":"https:\/\/kirkensbymisjon.no\/tilbud-bybo-oslo\/wp-json\/wp\/v2\/pages\/14","targetHints":{"allow":["GET"]}}],"collection":[{"href":"https:\/\/kirkensbymisjon.no\/tilbud-bybo-oslo\/wp-json\/wp\/v2\/pages"}],"about":[{"href":"https:\/\/kirkensbymisjon.no\/tilbud-bybo-oslo\/wp-json\/wp\/v2\/types\/page"}],"author":[{"embeddable":true,"href":"https:\/\/kirkensbymisjon.no\/tilbud-bybo-oslo\/wp-json\/wp\/v2\/users\/6"}],"replies":[{"embeddable":true,"href":"https:\/\/kirkensbymisjon.no\/tilbud-bybo-oslo\/wp-json\/wp\/v2\/comments?post=14"}],"version-history":[{"count":4,"href":"https:\/\/kirkensbymisjon.no\/tilbud-bybo-oslo\/wp-json\/wp\/v2\/pages\/14\/revisions"}],"predecessor-version":[{"id":164,"href":"https:\/\/kirkensbymisjon.no\/tilbud-bybo-oslo\/wp-json\/wp\/v2\/pages\/14\/revisions\/164"}],"wp:attachment":[{"href":"https:\/\/kirkensbymisjon.no\/tilbud-bybo-oslo\/wp-json\/wp\/v2\/media?parent=14"}],"curies":[{"name":"wp","href":"https:\/\/api.w.org\/{rel}","templated":true}]}}