{"id":3,"date":"2024-06-26T21:02:25","date_gmt":"2024-06-26T19:02:25","guid":{"rendered":"https:\/\/kirkensbymisjon.no\/tilbud-bybo-oslo\/forside\/"},"modified":"2025-08-20T17:14:17","modified_gmt":"2025-08-20T15:14:17","slug":"forside","status":"publish","type":"page","link":"https:\/\/kirkensbymisjon.no\/tilbud-bybo-oslo\/","title":{"rendered":"Forside"},"content":{"rendered":"\n<p>___________<\/p>\n\n\n\n<p><em>Vi har ikke lenger en rammeavtale med Oslo kommune, men selger plasser enkeltvis til ulike bydeler i Oslo. Bybo fortsetter med drift i <\/em><strong><em><a href=\"https:\/\/kirkensbymisjon.no\/tilbud-bybo-oslo\/om-tilbudet\/#h-vare-avdelinger\">Pilestredet<\/a> <\/em><\/strong><em>og <\/em><a href=\"https:\/\/kirkensbymisjon.no\/tilbud-bybo-oslo\/om-tilbudet\/#h-vare-avdelinger\"><strong><em>Thaulows vei<\/em><\/strong><\/a><em>.<\/em><\/p>\n\n\n\n<p>Se fremgangsm\u00e5te for \u00e5 <strong>s\u00f8ke plass<\/strong> under<strong> \u00ab<a href=\"https:\/\/kirkensbymisjon.no\/tilbud-bybo-oslo\/bli-beboer\">Bli beboer<\/a>\u00bb.<\/strong><\/p>\n\n\n\n<p>____________<\/p>\n\n\n\n<div class=\"wp-block-media-text alignwide is-stacked-on-mobile is-style-filled\"><figure class=\"wp-block-media-text__media\"><img loading=\"lazy\" decoding=\"async\" width=\"1024\" height=\"768\" src=\"https:\/\/kirkensbymisjon.no\/content\/uploads\/sites\/83\/2025\/08\/Tilbud_bybo_Oslo_eksterior_001-1024x768.jpeg\" alt=\"\" class=\"wp-image-161 size-full\" srcset=\"https:\/\/kirkensbymisjon.no\/content\/uploads\/sites\/83\/2025\/08\/Tilbud_bybo_Oslo_eksterior_001-1024x768.jpeg 1024w, https:\/\/kirkensbymisjon.no\/content\/uploads\/sites\/83\/2025\/08\/Tilbud_bybo_Oslo_eksterior_001-300x225.jpeg 300w, https:\/\/kirkensbymisjon.no\/content\/uploads\/sites\/83\/2025\/08\/Tilbud_bybo_Oslo_eksterior_001-768x576.jpeg 768w, https:\/\/kirkensbymisjon.no\/content\/uploads\/sites\/83\/2025\/08\/Tilbud_bybo_Oslo_eksterior_001-1536x1153.jpeg 1536w, https:\/\/kirkensbymisjon.no\/content\/uploads\/sites\/83\/2025\/08\/Tilbud_bybo_Oslo_eksterior_001-2048x1537.jpeg 2048w\" sizes=\"auto, (max-width: 1024px) 100vw, 1024px\" \/><\/figure><div class=\"wp-block-media-text__content\">\n<h2 class=\"wp-block-heading\" id=\"h-et-godt-hjem-a-trives-i\">Et godt hjem \u00e5 trives i<\/h2>\n\n\n\n<p>Vi har lang erfaring med boligarbeid og boligutvikling for vanskeligstilte i Oslo som, p\u00e5 grunn av rusavhengighet, psykisk lidelse, isolasjon, d\u00e5rlig \u00f8konomi eller annet, har utfordringer med \u00e5 bo. Vi erfarer hvor viktig det er med forutsigbarhet, regelmessig kontakt, praktisk hjelp og omsorg for \u00e5 kunne bo trygt og godt. Med tiden har vi tilegnet oss erfaringer og stor kompetanse p\u00e5 \u00e5 gi mennesker bistand og boliger.<\/p>\n\n\n\n<p><a href=\"\/tilbud-bybo-oslo\/om-tilbudet\">Les mer om hvordan vi jobber<\/a>.<\/p>\n<\/div><\/div>\n\n\n\t<div class=\"alignwide wp-block-kbm-link-list\">\n\t\t<div class=\"kbm-link-list__items\">\n\t\t\t\n<div class=\"wp-block-kbm-link-list-item\">\t<svg xmlns=\"http:\/\/www.w3.org\/2000\/svg\" viewBox=\"0 0 48 48\" height=\"24\" width=\"24\" class=\"t2-icon t2-icon-housing\" aria-hidden=\"true\" focusable=\"false\"><path d=\"M23.546 3.463c-.096.053-4.748 4.237-10.338 9.297l-10.164 9.2 2.478.021L8 22.002v11.087c0 10.096.012 11.111.131 11.362.256.541.306.549 3.393.549 3.033 0 3.006.004 3.335-.498.131-.199.144-.674.181-6.605l.04-6.39.261-.234.262-.233h2.842c3.152 0 3.185.005 3.424.509.118.247.131.901.131 6.451 0 6.834-.019 6.573.511 6.864.23.126.873.136 8.489.136 7.616 0 8.259-.01 8.489-.136.546-.299.511.504.511-11.775V22.002l2.477-.021 2.478-.021-10.128-9.16c-5.57-5.038-10.222-9.223-10.337-9.299-.242-.161-.691-.179-.944-.038\"\/><\/svg>\t<div class=\"kbm-link-list-item__content\">\n\t\t<p class=\"kbm-link-list-item__title\">Et trygt hjem<\/p>\n\t\t\t\t\t<p class=\"kbm-link-list-item__description\">Vi har 22 utleieboliger i Oslo med ordin\u00e6re kontrakter. Vi \u00f8nsker at v\u00e5re beboere skal f\u00e5 et hjem hvor de trives og har det godt.<\/p>\n\t\t\t<\/div>\n\t<\/div>\n\n<div class=\"wp-block-kbm-link-list-item\">\t<svg xmlns=\"http:\/\/www.w3.org\/2000\/svg\" viewBox=\"0 0 48 48\" height=\"24\" width=\"24\" class=\"t2-icon t2-icon-substanceabuse\" aria-hidden=\"true\" focusable=\"false\"><path d=\"M12.56 9.154c-1.341.298-2.645 1.02-3.574 1.979C7.697 12.465 7.02 14.139 7.02 16c0 1.434.389 2.738 1.147 3.847 1.839 2.689 5.013 3.786 8.045 2.781 2.343-.777 4.141-2.82 4.672-5.308.157-.736.12-2.2-.074-2.939-.374-1.42-.887-2.311-1.927-3.341-.989-.98-2.132-1.604-3.441-1.88-.683-.143-2.248-.147-2.882-.006m19.96.013c-.635.139-1.595.533-2.262.927-.582.343-1.821 1.582-2.164 2.164-.801 1.355-1.097 2.524-1.03 4.056.053 1.203.179 1.707.694 2.766a6.659 6.659 0 0 0 3.162 3.162c1.198.583 1.617.675 3.08.675s1.882-.092 3.08-.675a6.878 6.878 0 0 0 2.325-1.823c.5-.602 1.152-1.869 1.369-2.659.108-.395.143-.818.143-1.76 0-1.463-.092-1.882-.675-3.08a6.878 6.878 0 0 0-1.823-2.325c-.59-.49-1.865-1.151-2.619-1.357-.694-.191-2.555-.231-3.28-.071M8.438 28.079c-2.389.351-4.344 1.951-5.133 4.201l-.225.64-.024 3.02-.025 3.02h17.586l.048-1.06c.071-1.592.431-2.97 1.156-4.42.413-.828 1.123-1.894 1.7-2.553.219-.251.399-.497.399-.548 0-.149-.879-.956-1.44-1.322a7.39 7.39 0 0 0-1.133-.577c-1.197-.462-1.483-.481-7.257-.47-2.888.005-5.431.037-5.652.069m24.251.006c-1.748.203-3.4.813-4.929 1.82-.842.555-2.146 1.809-2.743 2.638-1.226 1.702-1.977 3.887-1.977 5.747v.67h21.92v-.67c0-1.861-.751-4.045-1.978-5.748-.523-.727-1.755-1.947-2.502-2.478-2.187-1.554-5.092-2.292-7.791-1.979\"\/><\/svg>\t<div class=\"kbm-link-list-item__content\">\n\t\t<p class=\"kbm-link-list-item__title\">God oppf\u00f8lging<\/p>\n\t\t\t\t\t<p class=\"kbm-link-list-item__description\">Vi er opptatt av \u00e5 tilby et stabilt hjem med trygge rammer. Vi vektlegger respekt og toleranse for den enkelte, og bist\u00e5r med orden og struktur i hverdagen p\u00e5 beboers premisser.<\/p>\n\t\t\t<\/div>\n\t<\/div>\n\n<div class=\"wp-block-kbm-link-list-item\">\t<svg xmlns=\"http:\/\/www.w3.org\/2000\/svg\" viewBox=\"0 0 48 48\" height=\"24\" width=\"24\" class=\"t2-icon t2-icon-heart\" aria-hidden=\"true\" focusable=\"false\"><path d=\"M12.608 7.169c-1.695.306-3.132.959-4.579 2.081-1.894 1.468-3.293 3.755-3.79 6.194-.689 3.382.232 7.499 2.57 11.489 2.339 3.991 6.459 8.359 11.511 12.202 1.924 1.463 5.432 3.825 5.682 3.825.244 0 3.789-2.389 5.678-3.826 3.507-2.666 6.767-5.781 9.058-8.654 4.107-5.151 5.927-10.598 5.023-15.036-.867-4.255-4.231-7.559-8.431-8.282-.908-.156-2.546-.157-3.46-.001-3.228.55-6.151 2.758-7.548 5.699-.151.319-.296.58-.32.58-.025 0-.212-.333-.416-.74-1.452-2.905-4.266-4.995-7.456-5.539-.885-.151-2.667-.147-3.522.008\"\/><\/svg>\t<div class=\"kbm-link-list-item__content\">\n\t\t<p class=\"kbm-link-list-item__title\">Rause fellesskap<\/p>\n\t\t\t\t\t<p class=\"kbm-link-list-item__description\">Vi \u00f8nsker at de som bor hos oss skal kunne ta del i nye, gode fellesskap der de bor, og tilbyr felles aktiviteter og middager for dem som \u00f8nsker det.<\/p>\n\t\t\t<\/div>\n\t<\/div>\n\t\t<\/div>\n\t<\/div>\n\t","protected":false},"excerpt":{"rendered":"<p>___________ Vi har ikke lenger en rammeavtale med Oslo kommune, men selger plasser enkeltvis til&hellip;<\/p>\n","protected":false},"author":5,"featured_media":0,"parent":0,"menu_order":0,"comment_status":"closed","ping_status":"closed","template":"","meta":{"_relevanssi_hide_post":"","_relevanssi_hide_content":"","_relevanssi_pin_for_all":"","_relevanssi_pin_keywords":"","_relevanssi_unpin_keywords":"","_relevanssi_related_keywords":"","_relevanssi_related_include_ids":"","_relevanssi_related_exclude_ids":"","_relevanssi_related_no_append":"","_relevanssi_related_not_related":"","_relevanssi_related_posts":"1","_relevanssi_noindex_reason":"","editor_notices":[],"footnotes":""},"class_list":["post-3","page","type-page","status-publish","hentry"],"yoast_head":"<!-- This site is optimized with the Yoast SEO Premium plugin v27.2 (Yoast SEO v27.4) - https:\/\/yoast.com\/product\/yoast-seo-premium-wordpress\/ -->\n<title>Kirkens Bymisjon - Bybo, Oslo<\/title>\n<meta name=\"description\" content=\"Vi tilbyr boliger i Oslo for vanskeligstilte som har utfordringer med \u00e5 bo.\" \/>\n<meta name=\"robots\" content=\"index, follow, max-snippet:-1, max-image-preview:large, max-video-preview:-1\" \/>\n<link rel=\"canonical\" href=\"https:\/\/kirkensbymisjon.no\/tilbud-bybo-oslo\/\" \/>\n<meta property=\"og:locale\" content=\"nb_NO\" \/>\n<meta property=\"og:type\" content=\"article\" \/>\n<meta property=\"og:title\" content=\"Forside\" \/>\n<meta property=\"og:description\" content=\"Vi tilbyr boliger i Oslo for vanskeligstilte som har utfordringer med \u00e5 bo.\" \/>\n<meta property=\"og:url\" content=\"https:\/\/kirkensbymisjon.no\/tilbud-bybo-oslo\/\" \/>\n<meta property=\"og:site_name\" content=\"Bybo, Oslo\" \/>\n<meta property=\"article:modified_time\" content=\"2025-08-20T15:14:17+00:00\" \/>\n<meta property=\"og:image\" content=\"https:\/\/kirkensbymisjon.no\/content\/uploads\/sites\/83\/2025\/08\/Tilbud_bybo_Oslo_eksterior_001-1024x768.jpeg\" \/>\n\t<meta property=\"og:image:width\" content=\"1024\" \/>\n\t<meta property=\"og:image:height\" content=\"768\" \/>\n\t<meta property=\"og:image:type\" content=\"image\/jpeg\" \/>\n<meta name=\"twitter:card\" content=\"summary_large_image\" \/>\n<meta name=\"twitter:label1\" content=\"Ansl. lesetid\" \/>\n\t<meta name=\"twitter:data1\" content=\"1 minutt\" \/>\n<script type=\"application\/ld+json\" class=\"yoast-schema-graph\">{\"@context\":\"https:\\\/\\\/schema.org\",\"@graph\":[{\"@type\":\"WebPage\",\"@id\":\"https:\\\/\\\/kirkensbymisjon.no\\\/tilbud-bybo-oslo\\\/\",\"url\":\"https:\\\/\\\/kirkensbymisjon.no\\\/tilbud-bybo-oslo\\\/\",\"name\":\"Kirkens Bymisjon - Bybo, Oslo\",\"isPartOf\":{\"@id\":\"https:\\\/\\\/kirkensbymisjon.no\\\/tilbud-bybo-oslo\\\/#website\"},\"primaryImageOfPage\":{\"@id\":\"https:\\\/\\\/kirkensbymisjon.no\\\/tilbud-bybo-oslo\\\/#primaryimage\"},\"image\":{\"@id\":\"https:\\\/\\\/kirkensbymisjon.no\\\/tilbud-bybo-oslo\\\/#primaryimage\"},\"thumbnailUrl\":\"https:\\\/\\\/kirkensbymisjon.no\\\/content\\\/uploads\\\/sites\\\/83\\\/2025\\\/08\\\/Tilbud_bybo_Oslo_eksterior_001-1024x768.jpeg\",\"datePublished\":\"2024-06-26T19:02:25+00:00\",\"dateModified\":\"2025-08-20T15:14:17+00:00\",\"description\":\"Vi tilbyr boliger i Oslo for vanskeligstilte som har utfordringer med \u00e5 bo.\",\"breadcrumb\":{\"@id\":\"https:\\\/\\\/kirkensbymisjon.no\\\/tilbud-bybo-oslo\\\/#breadcrumb\"},\"inLanguage\":\"nb-NO\",\"potentialAction\":[{\"@type\":\"ReadAction\",\"target\":[\"https:\\\/\\\/kirkensbymisjon.no\\\/tilbud-bybo-oslo\\\/\"]}]},{\"@type\":\"ImageObject\",\"inLanguage\":\"nb-NO\",\"@id\":\"https:\\\/\\\/kirkensbymisjon.no\\\/tilbud-bybo-oslo\\\/#primaryimage\",\"url\":\"https:\\\/\\\/kirkensbymisjon.no\\\/content\\\/uploads\\\/sites\\\/83\\\/2025\\\/08\\\/Tilbud_bybo_Oslo_eksterior_001-1024x768.jpeg\",\"contentUrl\":\"https:\\\/\\\/kirkensbymisjon.no\\\/content\\\/uploads\\\/sites\\\/83\\\/2025\\\/08\\\/Tilbud_bybo_Oslo_eksterior_001-1024x768.jpeg\"},{\"@type\":\"BreadcrumbList\",\"@id\":\"https:\\\/\\\/kirkensbymisjon.no\\\/tilbud-bybo-oslo\\\/#breadcrumb\",\"itemListElement\":[{\"@type\":\"ListItem\",\"position\":1,\"name\":\"Hjem\",\"item\":\"https:\\\/\\\/kirkensbymisjon.no\\\/tilbud-bybo-oslo\\\/\"},{\"@type\":\"ListItem\",\"position\":2,\"name\":\"Forside\"}]},{\"@type\":\"WebSite\",\"@id\":\"https:\\\/\\\/kirkensbymisjon.no\\\/tilbud-bybo-oslo\\\/#website\",\"url\":\"https:\\\/\\\/kirkensbymisjon.no\\\/tilbud-bybo-oslo\\\/\",\"name\":\"Bybo, Oslo\",\"description\":\"\",\"potentialAction\":[{\"@type\":\"SearchAction\",\"target\":{\"@type\":\"EntryPoint\",\"urlTemplate\":\"https:\\\/\\\/kirkensbymisjon.no\\\/tilbud-bybo-oslo\\\/?s={search_term_string}\"},\"query-input\":{\"@type\":\"PropertyValueSpecification\",\"valueRequired\":true,\"valueName\":\"search_term_string\"}}],\"inLanguage\":\"nb-NO\"}]}<\/script>\n<!-- \/ Yoast SEO Premium plugin. -->","yoast_head_json":{"title":"Kirkens Bymisjon - Bybo, Oslo","description":"Vi tilbyr boliger i Oslo for vanskeligstilte som har utfordringer med \u00e5 bo.","robots":{"index":"index","follow":"follow","max-snippet":"max-snippet:-1","max-image-preview":"max-image-preview:large","max-video-preview":"max-video-preview:-1"},"canonical":"https:\/\/kirkensbymisjon.no\/tilbud-bybo-oslo\/","og_locale":"nb_NO","og_type":"article","og_title":"Forside","og_description":"Vi tilbyr boliger i Oslo for vanskeligstilte som har utfordringer med \u00e5 bo.","og_url":"https:\/\/kirkensbymisjon.no\/tilbud-bybo-oslo\/","og_site_name":"Bybo, Oslo","article_modified_time":"2025-08-20T15:14:17+00:00","og_image":[{"width":1024,"height":768,"url":"https:\/\/kirkensbymisjon.no\/content\/uploads\/sites\/83\/2025\/08\/Tilbud_bybo_Oslo_eksterior_001-1024x768.jpeg","type":"image\/jpeg"}],"twitter_card":"summary_large_image","twitter_misc":{"Ansl. lesetid":"1 minutt"},"schema":{"@context":"https:\/\/schema.org","@graph":[{"@type":"WebPage","@id":"https:\/\/kirkensbymisjon.no\/tilbud-bybo-oslo\/","url":"https:\/\/kirkensbymisjon.no\/tilbud-bybo-oslo\/","name":"Kirkens Bymisjon - Bybo, Oslo","isPartOf":{"@id":"https:\/\/kirkensbymisjon.no\/tilbud-bybo-oslo\/#website"},"primaryImageOfPage":{"@id":"https:\/\/kirkensbymisjon.no\/tilbud-bybo-oslo\/#primaryimage"},"image":{"@id":"https:\/\/kirkensbymisjon.no\/tilbud-bybo-oslo\/#primaryimage"},"thumbnailUrl":"https:\/\/kirkensbymisjon.no\/content\/uploads\/sites\/83\/2025\/08\/Tilbud_bybo_Oslo_eksterior_001-1024x768.jpeg","datePublished":"2024-06-26T19:02:25+00:00","dateModified":"2025-08-20T15:14:17+00:00","description":"Vi tilbyr boliger i Oslo for vanskeligstilte som har utfordringer med \u00e5 bo.","breadcrumb":{"@id":"https:\/\/kirkensbymisjon.no\/tilbud-bybo-oslo\/#breadcrumb"},"inLanguage":"nb-NO","potentialAction":[{"@type":"ReadAction","target":["https:\/\/kirkensbymisjon.no\/tilbud-bybo-oslo\/"]}]},{"@type":"ImageObject","inLanguage":"nb-NO","@id":"https:\/\/kirkensbymisjon.no\/tilbud-bybo-oslo\/#primaryimage","url":"https:\/\/kirkensbymisjon.no\/content\/uploads\/sites\/83\/2025\/08\/Tilbud_bybo_Oslo_eksterior_001-1024x768.jpeg","contentUrl":"https:\/\/kirkensbymisjon.no\/content\/uploads\/sites\/83\/2025\/08\/Tilbud_bybo_Oslo_eksterior_001-1024x768.jpeg"},{"@type":"BreadcrumbList","@id":"https:\/\/kirkensbymisjon.no\/tilbud-bybo-oslo\/#breadcrumb","itemListElement":[{"@type":"ListItem","position":1,"name":"Hjem","item":"https:\/\/kirkensbymisjon.no\/tilbud-bybo-oslo\/"},{"@type":"ListItem","position":2,"name":"Forside"}]},{"@type":"WebSite","@id":"https:\/\/kirkensbymisjon.no\/tilbud-bybo-oslo\/#website","url":"https:\/\/kirkensbymisjon.no\/tilbud-bybo-oslo\/","name":"Bybo, Oslo","description":"","potentialAction":[{"@type":"SearchAction","target":{"@type":"EntryPoint","urlTemplate":"https:\/\/kirkensbymisjon.no\/tilbud-bybo-oslo\/?s={search_term_string}"},"query-input":{"@type":"PropertyValueSpecification","valueRequired":true,"valueName":"search_term_string"}}],"inLanguage":"nb-NO"}]}},"_links":{"self":[{"href":"https:\/\/kirkensbymisjon.no\/tilbud-bybo-oslo\/wp-json\/wp\/v2\/pages\/3","targetHints":{"allow":["GET"]}}],"collection":[{"href":"https:\/\/kirkensbymisjon.no\/tilbud-bybo-oslo\/wp-json\/wp\/v2\/pages"}],"about":[{"href":"https:\/\/kirkensbymisjon.no\/tilbud-bybo-oslo\/wp-json\/wp\/v2\/types\/page"}],"author":[{"embeddable":true,"href":"https:\/\/kirkensbymisjon.no\/tilbud-bybo-oslo\/wp-json\/wp\/v2\/users\/5"}],"replies":[{"embeddable":true,"href":"https:\/\/kirkensbymisjon.no\/tilbud-bybo-oslo\/wp-json\/wp\/v2\/comments?post=3"}],"version-history":[{"count":5,"href":"https:\/\/kirkensbymisjon.no\/tilbud-bybo-oslo\/wp-json\/wp\/v2\/pages\/3\/revisions"}],"predecessor-version":[{"id":162,"href":"https:\/\/kirkensbymisjon.no\/tilbud-bybo-oslo\/wp-json\/wp\/v2\/pages\/3\/revisions\/162"}],"wp:attachment":[{"href":"https:\/\/kirkensbymisjon.no\/tilbud-bybo-oslo\/wp-json\/wp\/v2\/media?parent=3"}],"curies":[{"name":"wp","href":"https:\/\/api.w.org\/{rel}","templated":true}]}}