{"id":99,"date":"2024-09-09T06:59:49","date_gmt":"2024-09-09T04:59:49","guid":{"rendered":"https:\/\/kirkensbymisjon.no\/tilbud-bymisjonssenteret-porsgrunn\/?page_id=99"},"modified":"2024-09-09T07:07:35","modified_gmt":"2024-09-09T05:07:35","slug":"etter-18","status":"publish","type":"page","link":"https:\/\/kirkensbymisjon.no\/tilbud-bymisjonssenteret-porsgrunn\/etter-18\/","title":{"rendered":"Etter 18"},"content":{"rendered":"\n<p>Etter 18 er et aktivitetstilbud for personer med utfordringer knyttet til rus, psykisk helse og ensomhet.<\/p>\n\n\n\n<figure class=\"wp-block-image size-full\"><img loading=\"lazy\" decoding=\"async\" width=\"1000\" height=\"500\" src=\"https:\/\/kirkensbymisjon.no\/content\/uploads\/sites\/138\/2024\/09\/tilbud_Bymisjonssenteret_Porsgrunn_12.jpg\" alt=\"Deltakere ved Etter 18\" class=\"wp-image-101\" srcset=\"https:\/\/kirkensbymisjon.no\/content\/uploads\/sites\/138\/2024\/09\/tilbud_Bymisjonssenteret_Porsgrunn_12.jpg 1000w, https:\/\/kirkensbymisjon.no\/content\/uploads\/sites\/138\/2024\/09\/tilbud_Bymisjonssenteret_Porsgrunn_12-300x150.jpg 300w, https:\/\/kirkensbymisjon.no\/content\/uploads\/sites\/138\/2024\/09\/tilbud_Bymisjonssenteret_Porsgrunn_12-768x384.jpg 768w\" sizes=\"auto, (max-width: 1000px) 100vw, 1000px\" \/><\/figure>\n\n\n\n<p>Vi har spillekvelder, foredrag, turer og utflukter i n\u00e6romr\u00e5dene, fotballkamper, og generelt sosialt samv\u00e6r. Det serveres et felles m\u00e5ltid i l\u00f8pet av kvelden.<\/p>\n\n\n\n<p>Vi m\u00f8tes p\u00e5 Bymisjonssenteret hver torsdag, kl. 18.00\u201320.00.<\/p>\n\n\n<div class=\"t2-accordion wp-block-t2-accordion\" data-allow-multiple=\"1\" role=\"list\">\n<div class=\"t2-accordion-item wp-block-t2-accordion-item\" role=\"listitem\">\n\t\t\t<h2 class=\"t2-accordion-title\">\n\t\t\t\t<button type=\"button\" class=\"t2-accordion-trigger\" id=\"kontaktpersoner\" aria-controls=\"accordion-panel\" aria-expanded=\"false\">\n\t\t\t\t\tKontaktpersoner\n\t\t\t\t\t<span class=\"t2-accordion-icon is-closed-icon\"><svg xmlns=\"http:\/\/www.w3.org\/2000\/svg\" viewBox=\"0 0 24 24\" height=\"24\" width=\"24\" class=\"t2-icon t2-icon-plus\" aria-hidden=\"true\" focusable=\"false\"><path d=\"M11.8 5.037a1.088 1.088 0 0 0-.722.566c-.075.148-.078.25-.078 2.772v2.619l-2.61.016c-1.867.012-2.652.03-2.756.064-.168.055-.438.301-.54.494-.049.092-.07.223-.07.432 0 .34.054.476.282.704.289.289.14.275 3.064.288l2.63.012v2.619c0 2.544.002 2.625.08 2.778.191.372.516.577.92.577s.729-.205.92-.577c.078-.153.08-.234.08-2.778v-2.619l2.63-.012c2.924-.013 2.775.001 3.064-.288.228-.228.282-.364.282-.704 0-.209-.021-.34-.07-.432-.102-.193-.372-.439-.54-.494-.104-.034-.889-.052-2.756-.064L13 10.994V8.375c0-2.522-.003-2.624-.078-2.772-.214-.418-.685-.656-1.122-.566\"\/><\/svg><\/span>\n\t\t\t\t\t<span class=\"t2-accordion-icon is-open-icon\"><svg xmlns=\"http:\/\/www.w3.org\/2000\/svg\" viewBox=\"0 0 24 24\" height=\"24\" width=\"24\" class=\"t2-icon t2-icon-chevronup\" aria-hidden=\"true\" focusable=\"false\"><path d=\"M6.7 14.7c-.2-.2-.3-.4-.3-.7s.1-.5.3-.7l4.6-4.6c.1-.1.2-.2.3-.2.1 0 .2-.1.4-.1.1 0 .3 0 .4.1.1 0 .2.1.3.2l4.6 4.6c.2.2.3.4.3.7s-.1.5-.3.7c-.2.2-.4.3-.7.3s-.5-.1-.7-.3L12 10.8l-3.9 3.9c-.2.2-.4.3-.7.3s-.5-.1-.7-.3z\" fill=\"currentColor\" \/><\/svg><\/span>\n\t\t\t\t<\/button>\n\t\t\t<\/h2>\n\t\t\t<div class=\"t2-accordion-item__inner-container is-layout-flow\" id=\"accordion-panel\" aria-labelledby=\"kontaktpersoner\" role=\"region\" hidden>\n\t\t\t\t\n\t<div class=\"wp-block-kbm-byline\">\n\t\t\t\t\t<p class=\"kbm-byline__role\">Etter 18<\/p>\n\t\t\t\t<p class=\"kbm-byline__name\">J\u00f8rn Aage Austad<\/p>\n\t\t\t\t\t<ul>\n\t\t\t\t\t\t\t\t\t<li><a href=\"tel:99209945\">992 09 945<\/a><\/li>\n\t\t\t\t\t\t\t\t\t<li><a href=\"mailto:&#106;o&#114;n.&#097;&#097;g&#101;&#046;&#097;&#117;&#115;&#116;&#097;d&#064;b&#121;&#109;&#105;&#115;j&#111;n&#046;n&#111;\">&#106;o&#114;n.&#097;&#097;g&#101;&#046;&#097;&#117;&#115;&#116;&#097;d&#064;b&#121;&#109;&#105;&#115;j&#111;n&#046;n&#111;<\/a><\/li>\n\t\t\t\t\t\t\t<\/ul>\n\t\t\t<\/div>\n\t\n\n\t\t\t<\/div>\n\t\t<\/div>\n<\/div>","protected":false},"excerpt":{"rendered":"<p>Etter 18 er et aktivitetstilbud for personer med utfordringer knyttet til rus, psykisk helse og&hellip;<\/p>\n","protected":false},"author":5,"featured_media":0,"parent":0,"menu_order":0,"comment_status":"closed","ping_status":"closed","template":"","meta":{"_relevanssi_hide_post":"","_relevanssi_hide_content":"","_relevanssi_pin_for_all":"","_relevanssi_pin_keywords":"","_relevanssi_unpin_keywords":"","_relevanssi_related_keywords":"","_relevanssi_related_include_ids":"","_relevanssi_related_exclude_ids":"","_relevanssi_related_no_append":"","_relevanssi_related_not_related":"","_relevanssi_related_posts":"1","_relevanssi_noindex_reason":"","editor_notices":[],"footnotes":""},"class_list":["post-99","page","type-page","status-publish","hentry"],"yoast_head":"<!-- This site is optimized with the Yoast SEO Premium plugin v27.2 (Yoast SEO v27.4) - https:\/\/yoast.com\/product\/yoast-seo-premium-wordpress\/ -->\n<title>Etter 18 - Bymisjonssenteret, Porsgrunn<\/title>\n<meta name=\"robots\" content=\"index, follow, max-snippet:-1, max-image-preview:large, max-video-preview:-1\" \/>\n<link rel=\"canonical\" href=\"https:\/\/kirkensbymisjon.no\/tilbud-bymisjonssenteret-porsgrunn\/etter-18\/\" \/>\n<meta property=\"og:locale\" content=\"nb_NO\" \/>\n<meta property=\"og:type\" content=\"article\" \/>\n<meta property=\"og:title\" content=\"Etter 18\" \/>\n<meta property=\"og:description\" content=\"Etter 18 er et aktivitetstilbud for personer med utfordringer knyttet til rus, psykisk helse og&hellip;\" \/>\n<meta property=\"og:url\" content=\"https:\/\/kirkensbymisjon.no\/tilbud-bymisjonssenteret-porsgrunn\/etter-18\/\" \/>\n<meta property=\"og:site_name\" content=\"Bymisjonssenteret, Porsgrunn\" \/>\n<meta property=\"article:modified_time\" content=\"2024-09-09T05:07:35+00:00\" \/>\n<meta property=\"og:image\" content=\"https:\/\/kirkensbymisjon.no\/content\/uploads\/sites\/138\/2024\/09\/tilbud_Bymisjonssenteret_Porsgrunn_12.jpg\" \/>\n<meta name=\"twitter:card\" content=\"summary_large_image\" \/>\n<meta name=\"twitter:label1\" content=\"Ansl. lesetid\" \/>\n\t<meta name=\"twitter:data1\" content=\"1 minutt\" \/>\n<script type=\"application\/ld+json\" class=\"yoast-schema-graph\">{\"@context\":\"https:\\\/\\\/schema.org\",\"@graph\":[{\"@type\":\"WebPage\",\"@id\":\"https:\\\/\\\/kirkensbymisjon.no\\\/tilbud-bymisjonssenteret-porsgrunn\\\/etter-18\\\/\",\"url\":\"https:\\\/\\\/kirkensbymisjon.no\\\/tilbud-bymisjonssenteret-porsgrunn\\\/etter-18\\\/\",\"name\":\"Etter 18 - Bymisjonssenteret, Porsgrunn\",\"isPartOf\":{\"@id\":\"https:\\\/\\\/kirkensbymisjon.no\\\/tilbud-bymisjonssenteret-porsgrunn\\\/#website\"},\"primaryImageOfPage\":{\"@id\":\"https:\\\/\\\/kirkensbymisjon.no\\\/tilbud-bymisjonssenteret-porsgrunn\\\/etter-18\\\/#primaryimage\"},\"image\":{\"@id\":\"https:\\\/\\\/kirkensbymisjon.no\\\/tilbud-bymisjonssenteret-porsgrunn\\\/etter-18\\\/#primaryimage\"},\"thumbnailUrl\":\"https:\\\/\\\/kirkensbymisjon.no\\\/content\\\/uploads\\\/sites\\\/138\\\/2024\\\/09\\\/tilbud_Bymisjonssenteret_Porsgrunn_12.jpg\",\"datePublished\":\"2024-09-09T04:59:49+00:00\",\"dateModified\":\"2024-09-09T05:07:35+00:00\",\"breadcrumb\":{\"@id\":\"https:\\\/\\\/kirkensbymisjon.no\\\/tilbud-bymisjonssenteret-porsgrunn\\\/etter-18\\\/#breadcrumb\"},\"inLanguage\":\"nb-NO\",\"potentialAction\":[{\"@type\":\"ReadAction\",\"target\":[\"https:\\\/\\\/kirkensbymisjon.no\\\/tilbud-bymisjonssenteret-porsgrunn\\\/etter-18\\\/\"]}]},{\"@type\":\"ImageObject\",\"inLanguage\":\"nb-NO\",\"@id\":\"https:\\\/\\\/kirkensbymisjon.no\\\/tilbud-bymisjonssenteret-porsgrunn\\\/etter-18\\\/#primaryimage\",\"url\":\"https:\\\/\\\/kirkensbymisjon.no\\\/content\\\/uploads\\\/sites\\\/138\\\/2024\\\/09\\\/tilbud_Bymisjonssenteret_Porsgrunn_12.jpg\",\"contentUrl\":\"https:\\\/\\\/kirkensbymisjon.no\\\/content\\\/uploads\\\/sites\\\/138\\\/2024\\\/09\\\/tilbud_Bymisjonssenteret_Porsgrunn_12.jpg\"},{\"@type\":\"BreadcrumbList\",\"@id\":\"https:\\\/\\\/kirkensbymisjon.no\\\/tilbud-bymisjonssenteret-porsgrunn\\\/etter-18\\\/#breadcrumb\",\"itemListElement\":[{\"@type\":\"ListItem\",\"position\":1,\"name\":\"Hjem\",\"item\":\"https:\\\/\\\/kirkensbymisjon.no\\\/tilbud-bymisjonssenteret-porsgrunn\\\/\"},{\"@type\":\"ListItem\",\"position\":2,\"name\":\"Etter 18\"}]},{\"@type\":\"WebSite\",\"@id\":\"https:\\\/\\\/kirkensbymisjon.no\\\/tilbud-bymisjonssenteret-porsgrunn\\\/#website\",\"url\":\"https:\\\/\\\/kirkensbymisjon.no\\\/tilbud-bymisjonssenteret-porsgrunn\\\/\",\"name\":\"Bymisjonssenteret, Porsgrunn\",\"description\":\"\",\"potentialAction\":[{\"@type\":\"SearchAction\",\"target\":{\"@type\":\"EntryPoint\",\"urlTemplate\":\"https:\\\/\\\/kirkensbymisjon.no\\\/tilbud-bymisjonssenteret-porsgrunn\\\/?s={search_term_string}\"},\"query-input\":{\"@type\":\"PropertyValueSpecification\",\"valueRequired\":true,\"valueName\":\"search_term_string\"}}],\"inLanguage\":\"nb-NO\"}]}<\/script>\n<!-- \/ Yoast SEO Premium plugin. -->","yoast_head_json":{"title":"Etter 18 - Bymisjonssenteret, Porsgrunn","robots":{"index":"index","follow":"follow","max-snippet":"max-snippet:-1","max-image-preview":"max-image-preview:large","max-video-preview":"max-video-preview:-1"},"canonical":"https:\/\/kirkensbymisjon.no\/tilbud-bymisjonssenteret-porsgrunn\/etter-18\/","og_locale":"nb_NO","og_type":"article","og_title":"Etter 18","og_description":"Etter 18 er et aktivitetstilbud for personer med utfordringer knyttet til rus, psykisk helse og&hellip;","og_url":"https:\/\/kirkensbymisjon.no\/tilbud-bymisjonssenteret-porsgrunn\/etter-18\/","og_site_name":"Bymisjonssenteret, Porsgrunn","article_modified_time":"2024-09-09T05:07:35+00:00","og_image":[{"url":"https:\/\/kirkensbymisjon.no\/content\/uploads\/sites\/138\/2024\/09\/tilbud_Bymisjonssenteret_Porsgrunn_12.jpg","type":"","width":"","height":""}],"twitter_card":"summary_large_image","twitter_misc":{"Ansl. lesetid":"1 minutt"},"schema":{"@context":"https:\/\/schema.org","@graph":[{"@type":"WebPage","@id":"https:\/\/kirkensbymisjon.no\/tilbud-bymisjonssenteret-porsgrunn\/etter-18\/","url":"https:\/\/kirkensbymisjon.no\/tilbud-bymisjonssenteret-porsgrunn\/etter-18\/","name":"Etter 18 - Bymisjonssenteret, Porsgrunn","isPartOf":{"@id":"https:\/\/kirkensbymisjon.no\/tilbud-bymisjonssenteret-porsgrunn\/#website"},"primaryImageOfPage":{"@id":"https:\/\/kirkensbymisjon.no\/tilbud-bymisjonssenteret-porsgrunn\/etter-18\/#primaryimage"},"image":{"@id":"https:\/\/kirkensbymisjon.no\/tilbud-bymisjonssenteret-porsgrunn\/etter-18\/#primaryimage"},"thumbnailUrl":"https:\/\/kirkensbymisjon.no\/content\/uploads\/sites\/138\/2024\/09\/tilbud_Bymisjonssenteret_Porsgrunn_12.jpg","datePublished":"2024-09-09T04:59:49+00:00","dateModified":"2024-09-09T05:07:35+00:00","breadcrumb":{"@id":"https:\/\/kirkensbymisjon.no\/tilbud-bymisjonssenteret-porsgrunn\/etter-18\/#breadcrumb"},"inLanguage":"nb-NO","potentialAction":[{"@type":"ReadAction","target":["https:\/\/kirkensbymisjon.no\/tilbud-bymisjonssenteret-porsgrunn\/etter-18\/"]}]},{"@type":"ImageObject","inLanguage":"nb-NO","@id":"https:\/\/kirkensbymisjon.no\/tilbud-bymisjonssenteret-porsgrunn\/etter-18\/#primaryimage","url":"https:\/\/kirkensbymisjon.no\/content\/uploads\/sites\/138\/2024\/09\/tilbud_Bymisjonssenteret_Porsgrunn_12.jpg","contentUrl":"https:\/\/kirkensbymisjon.no\/content\/uploads\/sites\/138\/2024\/09\/tilbud_Bymisjonssenteret_Porsgrunn_12.jpg"},{"@type":"BreadcrumbList","@id":"https:\/\/kirkensbymisjon.no\/tilbud-bymisjonssenteret-porsgrunn\/etter-18\/#breadcrumb","itemListElement":[{"@type":"ListItem","position":1,"name":"Hjem","item":"https:\/\/kirkensbymisjon.no\/tilbud-bymisjonssenteret-porsgrunn\/"},{"@type":"ListItem","position":2,"name":"Etter 18"}]},{"@type":"WebSite","@id":"https:\/\/kirkensbymisjon.no\/tilbud-bymisjonssenteret-porsgrunn\/#website","url":"https:\/\/kirkensbymisjon.no\/tilbud-bymisjonssenteret-porsgrunn\/","name":"Bymisjonssenteret, Porsgrunn","description":"","potentialAction":[{"@type":"SearchAction","target":{"@type":"EntryPoint","urlTemplate":"https:\/\/kirkensbymisjon.no\/tilbud-bymisjonssenteret-porsgrunn\/?s={search_term_string}"},"query-input":{"@type":"PropertyValueSpecification","valueRequired":true,"valueName":"search_term_string"}}],"inLanguage":"nb-NO"}]}},"_links":{"self":[{"href":"https:\/\/kirkensbymisjon.no\/tilbud-bymisjonssenteret-porsgrunn\/wp-json\/wp\/v2\/pages\/99","targetHints":{"allow":["GET"]}}],"collection":[{"href":"https:\/\/kirkensbymisjon.no\/tilbud-bymisjonssenteret-porsgrunn\/wp-json\/wp\/v2\/pages"}],"about":[{"href":"https:\/\/kirkensbymisjon.no\/tilbud-bymisjonssenteret-porsgrunn\/wp-json\/wp\/v2\/types\/page"}],"author":[{"embeddable":true,"href":"https:\/\/kirkensbymisjon.no\/tilbud-bymisjonssenteret-porsgrunn\/wp-json\/wp\/v2\/users\/5"}],"replies":[{"embeddable":true,"href":"https:\/\/kirkensbymisjon.no\/tilbud-bymisjonssenteret-porsgrunn\/wp-json\/wp\/v2\/comments?post=99"}],"version-history":[{"count":5,"href":"https:\/\/kirkensbymisjon.no\/tilbud-bymisjonssenteret-porsgrunn\/wp-json\/wp\/v2\/pages\/99\/revisions"}],"predecessor-version":[{"id":110,"href":"https:\/\/kirkensbymisjon.no\/tilbud-bymisjonssenteret-porsgrunn\/wp-json\/wp\/v2\/pages\/99\/revisions\/110"}],"wp:attachment":[{"href":"https:\/\/kirkensbymisjon.no\/tilbud-bymisjonssenteret-porsgrunn\/wp-json\/wp\/v2\/media?parent=99"}],"curies":[{"name":"wp","href":"https:\/\/api.w.org\/{rel}","templated":true}]}}