{"id":194,"date":"2025-01-29T10:42:13","date_gmt":"2025-01-29T09:42:13","guid":{"rendered":"https:\/\/kirkensbymisjon.no\/tilbud-byparken\/?page_id=194"},"modified":"2025-01-29T10:44:23","modified_gmt":"2025-01-29T09:44:23","slug":"meny","status":"publish","type":"page","link":"https:\/\/kirkensbymisjon.no\/tilbud-byparken\/meny\/","title":{"rendered":"Meny"},"content":{"rendered":"\n<h2 class=\"wp-block-heading\" id=\"h-byparkens-meny\">Byparkens meny<\/h2>\n\n\n\n<p>Vi har mange fristende alternativer \u00e5 velge mellom til lunsj! Se beskrivelse for hver rett under bildet. Vi tilbereder ogs\u00e5 vegetar og tar hensyn til innmeldte allergener. <a href=\"https:\/\/kirkensbymisjon.no\/tilbud-byparken\/kontaktinformasjon\/\">Ta kontakt<\/a>&nbsp;for spesifikke \u00f8nsker.<\/p>\n\n\n\n<figure class=\"wp-block-image size-full is-resized\"><img loading=\"lazy\" decoding=\"async\" width=\"1500\" height=\"979\" src=\"https:\/\/kirkensbymisjon.no\/content\/uploads\/sites\/4\/2025\/01\/Tilbud_Byparken_Biffgryte.jpg\" alt=\"\" class=\"wp-image-187\" style=\"width:477px;height:auto\" srcset=\"https:\/\/kirkensbymisjon.no\/content\/uploads\/sites\/4\/2025\/01\/Tilbud_Byparken_Biffgryte.jpg 1500w, https:\/\/kirkensbymisjon.no\/content\/uploads\/sites\/4\/2025\/01\/Tilbud_Byparken_Biffgryte-300x196.jpg 300w, https:\/\/kirkensbymisjon.no\/content\/uploads\/sites\/4\/2025\/01\/Tilbud_Byparken_Biffgryte-1024x668.jpg 1024w, https:\/\/kirkensbymisjon.no\/content\/uploads\/sites\/4\/2025\/01\/Tilbud_Byparken_Biffgryte-768x501.jpg 768w\" sizes=\"auto, (max-width: 1500px) 100vw, 1500px\" \/><\/figure>\n\n\n\n<p><strong>Husets biffgryte<\/strong><br>Langtidsstekt h\u00f8yrygg av okse i fyldig r\u00f8dvinssaus med gulrot, sopp, l\u00f8k og hvitl\u00f8k. <br><em>Serveres med focaccia og sm\u00f8r.<\/em><\/p>\n\n\n\n<figure class=\"wp-block-image size-full is-resized\"><img loading=\"lazy\" decoding=\"async\" width=\"1500\" height=\"979\" src=\"https:\/\/kirkensbymisjon.no\/content\/uploads\/sites\/4\/2025\/01\/Tilbud_Byparken_Kyllinggryte.jpg\" alt=\"\" class=\"wp-image-192\" style=\"width:481px;height:auto\" srcset=\"https:\/\/kirkensbymisjon.no\/content\/uploads\/sites\/4\/2025\/01\/Tilbud_Byparken_Kyllinggryte.jpg 1500w, https:\/\/kirkensbymisjon.no\/content\/uploads\/sites\/4\/2025\/01\/Tilbud_Byparken_Kyllinggryte-300x196.jpg 300w, https:\/\/kirkensbymisjon.no\/content\/uploads\/sites\/4\/2025\/01\/Tilbud_Byparken_Kyllinggryte-1024x668.jpg 1024w, https:\/\/kirkensbymisjon.no\/content\/uploads\/sites\/4\/2025\/01\/Tilbud_Byparken_Kyllinggryte-768x501.jpg 768w\" sizes=\"auto, (max-width: 1500px) 100vw, 1500px\" \/><\/figure>\n\n\n\n<p><strong>Husets kyllinggryte<\/strong><br>Strimlet kyllingfil\u00e9t i husets fl\u00f8tesaus m\/hvitvin sammen med potetkuber, gulrot, sopp, l\u00f8k og hvitl\u00f8k.<br><em>Serveres med focaccia og sm\u00f8r.<\/em><\/p>\n\n\n\n<figure class=\"wp-block-image size-full is-resized\"><img loading=\"lazy\" decoding=\"async\" width=\"1500\" height=\"979\" src=\"https:\/\/kirkensbymisjon.no\/content\/uploads\/sites\/4\/2025\/01\/Tilbud_Byparken_Thai-kyllinggryte.jpg\" alt=\"\" class=\"wp-image-193\" style=\"width:478px;height:auto\" srcset=\"https:\/\/kirkensbymisjon.no\/content\/uploads\/sites\/4\/2025\/01\/Tilbud_Byparken_Thai-kyllinggryte.jpg 1500w, https:\/\/kirkensbymisjon.no\/content\/uploads\/sites\/4\/2025\/01\/Tilbud_Byparken_Thai-kyllinggryte-300x196.jpg 300w, https:\/\/kirkensbymisjon.no\/content\/uploads\/sites\/4\/2025\/01\/Tilbud_Byparken_Thai-kyllinggryte-1024x668.jpg 1024w, https:\/\/kirkensbymisjon.no\/content\/uploads\/sites\/4\/2025\/01\/Tilbud_Byparken_Thai-kyllinggryte-768x501.jpg 768w\" sizes=\"auto, (max-width: 1500px) 100vw, 1500px\" \/><\/figure>\n\n\n\n<p><strong>R\u00f8d Thai Curry m\/kylling eller fisk<\/strong><br>Thaigryte med kylling laget med r\u00f8d karri, kokosmelk, lime, sitrongress, paprika, l\u00f8k, hvitl\u00f8k, ingef\u00e6r og basilikum.<br><em>Serveres med Jasmin-ris.<\/em><\/p>\n\n\n\n<figure class=\"wp-block-image size-full is-resized\"><img loading=\"lazy\" decoding=\"async\" width=\"1500\" height=\"979\" src=\"https:\/\/kirkensbymisjon.no\/content\/uploads\/sites\/4\/2025\/01\/Tilbud_Byparken_Kalkunfilet.jpg\" alt=\"\" class=\"wp-image-190\" style=\"width:477px;height:auto\" srcset=\"https:\/\/kirkensbymisjon.no\/content\/uploads\/sites\/4\/2025\/01\/Tilbud_Byparken_Kalkunfilet.jpg 1500w, https:\/\/kirkensbymisjon.no\/content\/uploads\/sites\/4\/2025\/01\/Tilbud_Byparken_Kalkunfilet-300x196.jpg 300w, https:\/\/kirkensbymisjon.no\/content\/uploads\/sites\/4\/2025\/01\/Tilbud_Byparken_Kalkunfilet-1024x668.jpg 1024w, https:\/\/kirkensbymisjon.no\/content\/uploads\/sites\/4\/2025\/01\/Tilbud_Byparken_Kalkunfilet-768x501.jpg 768w\" sizes=\"auto, (max-width: 1500px) 100vw, 1500px\" \/><\/figure>\n\n\n\n<p><strong>Husets kalkunstek<\/strong><br>Kalkunfil\u00e9t i skiver med poteter, ovnsbakte gr\u00f8nnsaker, brun saus og tytteb\u00e6r.<\/p>\n\n\n\n<figure class=\"wp-block-image size-full is-resized\"><img loading=\"lazy\" decoding=\"async\" width=\"1500\" height=\"979\" src=\"https:\/\/kirkensbymisjon.no\/content\/uploads\/sites\/4\/2025\/01\/Tilbud_Byparken_Brun-lapskaus.jpg\" alt=\"\" class=\"wp-image-188\" style=\"width:478px;height:auto\" srcset=\"https:\/\/kirkensbymisjon.no\/content\/uploads\/sites\/4\/2025\/01\/Tilbud_Byparken_Brun-lapskaus.jpg 1500w, https:\/\/kirkensbymisjon.no\/content\/uploads\/sites\/4\/2025\/01\/Tilbud_Byparken_Brun-lapskaus-300x196.jpg 300w, https:\/\/kirkensbymisjon.no\/content\/uploads\/sites\/4\/2025\/01\/Tilbud_Byparken_Brun-lapskaus-1024x668.jpg 1024w, https:\/\/kirkensbymisjon.no\/content\/uploads\/sites\/4\/2025\/01\/Tilbud_Byparken_Brun-lapskaus-768x501.jpg 768w\" sizes=\"auto, (max-width: 1500px) 100vw, 1500px\" \/><\/figure>\n\n\n\n<p><strong>Husets lapskaus<\/strong><br>Brun lapskaus med h\u00f8yrygg av okse og gr\u00f8nnsaker. <br><em>Serveres med flatbr\u00f8d og tytteb\u00e6r.<\/em><\/p>\n\n\n\n<figure class=\"wp-block-image size-full is-resized\"><img loading=\"lazy\" decoding=\"async\" width=\"1500\" height=\"979\" src=\"https:\/\/kirkensbymisjon.no\/content\/uploads\/sites\/4\/2025\/01\/Tilbud_Byparken_Danske-smorbrod.jpg\" alt=\"\" class=\"wp-image-189\" style=\"width:478px;height:auto\" srcset=\"https:\/\/kirkensbymisjon.no\/content\/uploads\/sites\/4\/2025\/01\/Tilbud_Byparken_Danske-smorbrod.jpg 1500w, https:\/\/kirkensbymisjon.no\/content\/uploads\/sites\/4\/2025\/01\/Tilbud_Byparken_Danske-smorbrod-300x196.jpg 300w, https:\/\/kirkensbymisjon.no\/content\/uploads\/sites\/4\/2025\/01\/Tilbud_Byparken_Danske-smorbrod-1024x668.jpg 1024w, https:\/\/kirkensbymisjon.no\/content\/uploads\/sites\/4\/2025\/01\/Tilbud_Byparken_Danske-smorbrod-768x501.jpg 768w\" sizes=\"auto, (max-width: 1500px) 100vw, 1500px\" \/><\/figure>\n\n\n\n<p><strong>Danske sm\u00f8rbr\u00f8d<\/strong><br><u>Roastbiff<\/u> m\/potetsalat.<br><u>Karbonade<\/u> m\/stekt l\u00f8k.<br><u>Reker m\/<\/u>egg og majones.<br><u>R\u00f8kt laks m\/<\/u>egger\u00f8re.<br><em>2 sm\u00f8rbr\u00f8d per person<\/em>.<\/p>\n\n\n\n<figure class=\"wp-block-image size-full is-resized\"><img loading=\"lazy\" decoding=\"async\" width=\"1500\" height=\"979\" src=\"https:\/\/kirkensbymisjon.no\/content\/uploads\/sites\/4\/2025\/01\/Tilbud_Byparken_Koldtbord.jpg\" alt=\"\" class=\"wp-image-191\" style=\"width:492px;height:auto\" srcset=\"https:\/\/kirkensbymisjon.no\/content\/uploads\/sites\/4\/2025\/01\/Tilbud_Byparken_Koldtbord.jpg 1500w, https:\/\/kirkensbymisjon.no\/content\/uploads\/sites\/4\/2025\/01\/Tilbud_Byparken_Koldtbord-300x196.jpg 300w, https:\/\/kirkensbymisjon.no\/content\/uploads\/sites\/4\/2025\/01\/Tilbud_Byparken_Koldtbord-1024x668.jpg 1024w, https:\/\/kirkensbymisjon.no\/content\/uploads\/sites\/4\/2025\/01\/Tilbud_Byparken_Koldtbord-768x501.jpg 768w\" sizes=\"auto, (max-width: 1500px) 100vw, 1500px\" \/><\/figure>\n\n\n\n<p><strong>Tradisjonelt Koldtbord*<\/strong><br>&#8211; Helstekt \u00f8rret med sitron, dill, gressl\u00f8k og kapers.<br>&#8211; Skinkestek m\/svisker og surk\u00e5l.<br>&#8211; Roastbiff m\/r\u00f8d l\u00f8k og remulade.<br>&#8211; Spekefat m\/egger\u00f8re, flatbr\u00f8d og potetsalat.<br>&#8211; R\u00f8kt laks m\/egger\u00f8re og r\u00f8d l\u00f8k.<br>&#8211; Marinert kalkunfil\u00e9t i skiver<br>&#8211; Karbonader m\/stekt l\u00f8k (varme)<br>&#8211; Pastasalat m\/r\u00f8d pesto, parmasan, r\u00f8d l\u00f8k og oliven.<br>&#8211; Gr\u00f8nn salat m\/dressing<br>&#8211; Hjemmelaget karvebr\u00f8d og sm\u00f8r<br><br><em>*Ekstra kostnad p\u00e5 kroner 100,- per person.<\/em><\/p>\n","protected":false},"excerpt":{"rendered":"<p>Byparkens meny Vi har mange fristende alternativer \u00e5 velge mellom til lunsj! Se beskrivelse for&hellip;<\/p>\n","protected":false},"author":4,"featured_media":0,"parent":0,"menu_order":0,"comment_status":"closed","ping_status":"closed","template":"","meta":{"_relevanssi_hide_post":"","_relevanssi_hide_content":"","_relevanssi_pin_for_all":"","_relevanssi_pin_keywords":"","_relevanssi_unpin_keywords":"","_relevanssi_related_keywords":"","_relevanssi_related_include_ids":"","_relevanssi_related_exclude_ids":"","_relevanssi_related_no_append":"","_relevanssi_related_not_related":"","_relevanssi_related_posts":"1","_relevanssi_noindex_reason":"","editor_notices":[],"footnotes":""},"class_list":["post-194","page","type-page","status-publish","hentry"],"yoast_head":"<!-- This site is optimized with the Yoast SEO Premium plugin v27.2 (Yoast SEO v27.4) - https:\/\/yoast.com\/product\/yoast-seo-premium-wordpress\/ -->\n<title>Meny - Byparken<\/title>\n<meta name=\"robots\" content=\"index, follow, max-snippet:-1, max-image-preview:large, max-video-preview:-1\" \/>\n<link rel=\"canonical\" href=\"https:\/\/kirkensbymisjon.no\/tilbud-byparken\/meny\/\" \/>\n<meta property=\"og:locale\" content=\"nb_NO\" \/>\n<meta property=\"og:type\" content=\"article\" \/>\n<meta property=\"og:title\" content=\"Meny\" \/>\n<meta property=\"og:description\" content=\"Byparkens meny Vi har mange fristende alternativer \u00e5 velge mellom til lunsj! Se beskrivelse for&hellip;\" \/>\n<meta property=\"og:url\" content=\"https:\/\/kirkensbymisjon.no\/tilbud-byparken\/meny\/\" \/>\n<meta property=\"og:site_name\" content=\"Byparken\" \/>\n<meta property=\"article:modified_time\" content=\"2025-01-29T09:44:23+00:00\" \/>\n<meta property=\"og:image\" content=\"https:\/\/kirkensbymisjon.no\/content\/uploads\/sites\/4\/2025\/01\/Tilbud_Byparken_Biffgryte.jpg\" \/>\n\t<meta property=\"og:image:width\" content=\"1500\" \/>\n\t<meta property=\"og:image:height\" content=\"979\" \/>\n\t<meta property=\"og:image:type\" content=\"image\/jpeg\" \/>\n<meta name=\"twitter:card\" content=\"summary_large_image\" \/>\n<script type=\"application\/ld+json\" class=\"yoast-schema-graph\">{\"@context\":\"https:\\\/\\\/schema.org\",\"@graph\":[{\"@type\":\"WebPage\",\"@id\":\"https:\\\/\\\/kirkensbymisjon.no\\\/tilbud-byparken\\\/meny\\\/\",\"url\":\"https:\\\/\\\/kirkensbymisjon.no\\\/tilbud-byparken\\\/meny\\\/\",\"name\":\"Meny - Byparken\",\"isPartOf\":{\"@id\":\"https:\\\/\\\/kirkensbymisjon.no\\\/tilbud-byparken\\\/#website\"},\"primaryImageOfPage\":{\"@id\":\"https:\\\/\\\/kirkensbymisjon.no\\\/tilbud-byparken\\\/meny\\\/#primaryimage\"},\"image\":{\"@id\":\"https:\\\/\\\/kirkensbymisjon.no\\\/tilbud-byparken\\\/meny\\\/#primaryimage\"},\"thumbnailUrl\":\"https:\\\/\\\/kirkensbymisjon.no\\\/content\\\/uploads\\\/sites\\\/4\\\/2025\\\/01\\\/Tilbud_Byparken_Biffgryte.jpg\",\"datePublished\":\"2025-01-29T09:42:13+00:00\",\"dateModified\":\"2025-01-29T09:44:23+00:00\",\"breadcrumb\":{\"@id\":\"https:\\\/\\\/kirkensbymisjon.no\\\/tilbud-byparken\\\/meny\\\/#breadcrumb\"},\"inLanguage\":\"nb-NO\",\"potentialAction\":[{\"@type\":\"ReadAction\",\"target\":[\"https:\\\/\\\/kirkensbymisjon.no\\\/tilbud-byparken\\\/meny\\\/\"]}]},{\"@type\":\"ImageObject\",\"inLanguage\":\"nb-NO\",\"@id\":\"https:\\\/\\\/kirkensbymisjon.no\\\/tilbud-byparken\\\/meny\\\/#primaryimage\",\"url\":\"https:\\\/\\\/kirkensbymisjon.no\\\/content\\\/uploads\\\/sites\\\/4\\\/2025\\\/01\\\/Tilbud_Byparken_Biffgryte.jpg\",\"contentUrl\":\"https:\\\/\\\/kirkensbymisjon.no\\\/content\\\/uploads\\\/sites\\\/4\\\/2025\\\/01\\\/Tilbud_Byparken_Biffgryte.jpg\"},{\"@type\":\"BreadcrumbList\",\"@id\":\"https:\\\/\\\/kirkensbymisjon.no\\\/tilbud-byparken\\\/meny\\\/#breadcrumb\",\"itemListElement\":[{\"@type\":\"ListItem\",\"position\":1,\"name\":\"Hjem\",\"item\":\"https:\\\/\\\/kirkensbymisjon.no\\\/tilbud-byparken\\\/\"},{\"@type\":\"ListItem\",\"position\":2,\"name\":\"Meny\"}]},{\"@type\":\"WebSite\",\"@id\":\"https:\\\/\\\/kirkensbymisjon.no\\\/tilbud-byparken\\\/#website\",\"url\":\"https:\\\/\\\/kirkensbymisjon.no\\\/tilbud-byparken\\\/\",\"name\":\"Byparken\",\"description\":\"\",\"potentialAction\":[{\"@type\":\"SearchAction\",\"target\":{\"@type\":\"EntryPoint\",\"urlTemplate\":\"https:\\\/\\\/kirkensbymisjon.no\\\/tilbud-byparken\\\/?s={search_term_string}\"},\"query-input\":{\"@type\":\"PropertyValueSpecification\",\"valueRequired\":true,\"valueName\":\"search_term_string\"}}],\"inLanguage\":\"nb-NO\"}]}<\/script>\n<!-- \/ Yoast SEO Premium plugin. -->","yoast_head_json":{"title":"Meny - Byparken","robots":{"index":"index","follow":"follow","max-snippet":"max-snippet:-1","max-image-preview":"max-image-preview:large","max-video-preview":"max-video-preview:-1"},"canonical":"https:\/\/kirkensbymisjon.no\/tilbud-byparken\/meny\/","og_locale":"nb_NO","og_type":"article","og_title":"Meny","og_description":"Byparkens meny Vi har mange fristende alternativer \u00e5 velge mellom til lunsj! Se beskrivelse for&hellip;","og_url":"https:\/\/kirkensbymisjon.no\/tilbud-byparken\/meny\/","og_site_name":"Byparken","article_modified_time":"2025-01-29T09:44:23+00:00","og_image":[{"width":1500,"height":979,"url":"https:\/\/kirkensbymisjon.no\/content\/uploads\/sites\/4\/2025\/01\/Tilbud_Byparken_Biffgryte.jpg","type":"image\/jpeg"}],"twitter_card":"summary_large_image","schema":{"@context":"https:\/\/schema.org","@graph":[{"@type":"WebPage","@id":"https:\/\/kirkensbymisjon.no\/tilbud-byparken\/meny\/","url":"https:\/\/kirkensbymisjon.no\/tilbud-byparken\/meny\/","name":"Meny - Byparken","isPartOf":{"@id":"https:\/\/kirkensbymisjon.no\/tilbud-byparken\/#website"},"primaryImageOfPage":{"@id":"https:\/\/kirkensbymisjon.no\/tilbud-byparken\/meny\/#primaryimage"},"image":{"@id":"https:\/\/kirkensbymisjon.no\/tilbud-byparken\/meny\/#primaryimage"},"thumbnailUrl":"https:\/\/kirkensbymisjon.no\/content\/uploads\/sites\/4\/2025\/01\/Tilbud_Byparken_Biffgryte.jpg","datePublished":"2025-01-29T09:42:13+00:00","dateModified":"2025-01-29T09:44:23+00:00","breadcrumb":{"@id":"https:\/\/kirkensbymisjon.no\/tilbud-byparken\/meny\/#breadcrumb"},"inLanguage":"nb-NO","potentialAction":[{"@type":"ReadAction","target":["https:\/\/kirkensbymisjon.no\/tilbud-byparken\/meny\/"]}]},{"@type":"ImageObject","inLanguage":"nb-NO","@id":"https:\/\/kirkensbymisjon.no\/tilbud-byparken\/meny\/#primaryimage","url":"https:\/\/kirkensbymisjon.no\/content\/uploads\/sites\/4\/2025\/01\/Tilbud_Byparken_Biffgryte.jpg","contentUrl":"https:\/\/kirkensbymisjon.no\/content\/uploads\/sites\/4\/2025\/01\/Tilbud_Byparken_Biffgryte.jpg"},{"@type":"BreadcrumbList","@id":"https:\/\/kirkensbymisjon.no\/tilbud-byparken\/meny\/#breadcrumb","itemListElement":[{"@type":"ListItem","position":1,"name":"Hjem","item":"https:\/\/kirkensbymisjon.no\/tilbud-byparken\/"},{"@type":"ListItem","position":2,"name":"Meny"}]},{"@type":"WebSite","@id":"https:\/\/kirkensbymisjon.no\/tilbud-byparken\/#website","url":"https:\/\/kirkensbymisjon.no\/tilbud-byparken\/","name":"Byparken","description":"","potentialAction":[{"@type":"SearchAction","target":{"@type":"EntryPoint","urlTemplate":"https:\/\/kirkensbymisjon.no\/tilbud-byparken\/?s={search_term_string}"},"query-input":{"@type":"PropertyValueSpecification","valueRequired":true,"valueName":"search_term_string"}}],"inLanguage":"nb-NO"}]}},"_links":{"self":[{"href":"https:\/\/kirkensbymisjon.no\/tilbud-byparken\/wp-json\/wp\/v2\/pages\/194","targetHints":{"allow":["GET"]}}],"collection":[{"href":"https:\/\/kirkensbymisjon.no\/tilbud-byparken\/wp-json\/wp\/v2\/pages"}],"about":[{"href":"https:\/\/kirkensbymisjon.no\/tilbud-byparken\/wp-json\/wp\/v2\/types\/page"}],"author":[{"embeddable":true,"href":"https:\/\/kirkensbymisjon.no\/tilbud-byparken\/wp-json\/wp\/v2\/users\/4"}],"replies":[{"embeddable":true,"href":"https:\/\/kirkensbymisjon.no\/tilbud-byparken\/wp-json\/wp\/v2\/comments?post=194"}],"version-history":[{"count":5,"href":"https:\/\/kirkensbymisjon.no\/tilbud-byparken\/wp-json\/wp\/v2\/pages\/194\/revisions"}],"predecessor-version":[{"id":200,"href":"https:\/\/kirkensbymisjon.no\/tilbud-byparken\/wp-json\/wp\/v2\/pages\/194\/revisions\/200"}],"wp:attachment":[{"href":"https:\/\/kirkensbymisjon.no\/tilbud-byparken\/wp-json\/wp\/v2\/media?parent=194"}],"curies":[{"name":"wp","href":"https:\/\/api.w.org\/{rel}","templated":true}]}}