{"id":37,"date":"2024-09-09T15:28:15","date_gmt":"2024-09-09T13:28:15","guid":{"rendered":"https:\/\/kirkensbymisjon.no\/tilbud-dag-1\/?page_id=37"},"modified":"2024-12-03T10:50:04","modified_gmt":"2024-12-03T09:50:04","slug":"om-kurset","status":"publish","type":"page","link":"https:\/\/kirkensbymisjon.no\/tilbud-dag-1\/om-kurset\/","title":{"rendered":"Om kurset"},"content":{"rendered":"\n<h2 class=\"wp-block-heading\" id=\"h-er-du-ny-i-foreldrerollen\">Er du ny i foreldrerollen?<\/h2>\n\n\n\n<p>Velkommen til et 3-timers kurs for alle vordende foreldrepar som f\u00f8der p\u00e5 Ringerike sykehus. Kurset gjennomf\u00f8res aller helst i andre trisemester. <\/p>\n\n\n\t<div class=\"alignfull wp-block-kbm-gallery\" data-scroll=\"1\">\n\t\t<div class=\"kbm-gallery__scroll\">\n\t\t\t<div class=\"kbm-gallery__wrapper\">\n\t\t\t\t\n\n<figure class=\"wp-block-gallery has-nested-images columns-default is-cropped wp-block-gallery-1 is-layout-flex wp-block-gallery-is-layout-flex\">\n<figure class=\"wp-block-image size-large\"><img loading=\"lazy\" decoding=\"async\" width=\"1024\" height=\"683\" data-id=\"29\" src=\"https:\/\/kirkensbymisjon.no\/content\/uploads\/sites\/153\/2024\/09\/tilbud_dag-1_03-1024x683.jpeg\" alt=\"Mor og baby\" class=\"wp-image-29\" srcset=\"https:\/\/kirkensbymisjon.no\/content\/uploads\/sites\/153\/2024\/09\/tilbud_dag-1_03-1024x683.jpeg 1024w, https:\/\/kirkensbymisjon.no\/content\/uploads\/sites\/153\/2024\/09\/tilbud_dag-1_03-300x200.jpeg 300w, https:\/\/kirkensbymisjon.no\/content\/uploads\/sites\/153\/2024\/09\/tilbud_dag-1_03-768x512.jpeg 768w, https:\/\/kirkensbymisjon.no\/content\/uploads\/sites\/153\/2024\/09\/tilbud_dag-1_03-1536x1024.jpeg 1536w, https:\/\/kirkensbymisjon.no\/content\/uploads\/sites\/153\/2024\/09\/tilbud_dag-1_03-2048x1366.jpeg 2048w\" sizes=\"auto, (max-width: 1024px) 100vw, 1024px\" \/><\/figure>\n\n\n\n<figure class=\"wp-block-image size-large\"><img loading=\"lazy\" decoding=\"async\" width=\"1024\" height=\"681\" data-id=\"25\" src=\"https:\/\/kirkensbymisjon.no\/content\/uploads\/sites\/153\/2024\/09\/tilbud_dag-1_07-1024x681.jpeg\" alt=\"Mor og baby\" class=\"wp-image-25\" srcset=\"https:\/\/kirkensbymisjon.no\/content\/uploads\/sites\/153\/2024\/09\/tilbud_dag-1_07-1024x681.jpeg 1024w, https:\/\/kirkensbymisjon.no\/content\/uploads\/sites\/153\/2024\/09\/tilbud_dag-1_07-300x200.jpeg 300w, https:\/\/kirkensbymisjon.no\/content\/uploads\/sites\/153\/2024\/09\/tilbud_dag-1_07-768x511.jpeg 768w, https:\/\/kirkensbymisjon.no\/content\/uploads\/sites\/153\/2024\/09\/tilbud_dag-1_07-1536x1022.jpeg 1536w, https:\/\/kirkensbymisjon.no\/content\/uploads\/sites\/153\/2024\/09\/tilbud_dag-1_07-2048x1362.jpeg 2048w\" sizes=\"auto, (max-width: 1024px) 100vw, 1024px\" \/><\/figure>\n\n\n\n<figure class=\"wp-block-image size-large\"><img loading=\"lazy\" decoding=\"async\" width=\"1024\" height=\"683\" data-id=\"24\" src=\"https:\/\/kirkensbymisjon.no\/content\/uploads\/sites\/153\/2024\/09\/tilbud_dag-1_08-1024x683.jpeg\" alt=\"Baby\" class=\"wp-image-24\" srcset=\"https:\/\/kirkensbymisjon.no\/content\/uploads\/sites\/153\/2024\/09\/tilbud_dag-1_08-1024x683.jpeg 1024w, https:\/\/kirkensbymisjon.no\/content\/uploads\/sites\/153\/2024\/09\/tilbud_dag-1_08-300x200.jpeg 300w, https:\/\/kirkensbymisjon.no\/content\/uploads\/sites\/153\/2024\/09\/tilbud_dag-1_08-768x512.jpeg 768w, https:\/\/kirkensbymisjon.no\/content\/uploads\/sites\/153\/2024\/09\/tilbud_dag-1_08-1536x1024.jpeg 1536w, https:\/\/kirkensbymisjon.no\/content\/uploads\/sites\/153\/2024\/09\/tilbud_dag-1_08-2048x1366.jpeg 2048w\" sizes=\"auto, (max-width: 1024px) 100vw, 1024px\" \/><\/figure>\n\n\n\n<figure class=\"wp-block-image size-large\"><img loading=\"lazy\" decoding=\"async\" width=\"1024\" height=\"683\" data-id=\"27\" src=\"https:\/\/kirkensbymisjon.no\/content\/uploads\/sites\/153\/2024\/09\/tilbud_dag-1_05-1024x683.jpeg\" alt=\"Mor, far og baby\" class=\"wp-image-27\" srcset=\"https:\/\/kirkensbymisjon.no\/content\/uploads\/sites\/153\/2024\/09\/tilbud_dag-1_05-1024x683.jpeg 1024w, https:\/\/kirkensbymisjon.no\/content\/uploads\/sites\/153\/2024\/09\/tilbud_dag-1_05-300x200.jpeg 300w, https:\/\/kirkensbymisjon.no\/content\/uploads\/sites\/153\/2024\/09\/tilbud_dag-1_05-768x512.jpeg 768w, https:\/\/kirkensbymisjon.no\/content\/uploads\/sites\/153\/2024\/09\/tilbud_dag-1_05-1536x1024.jpeg 1536w, https:\/\/kirkensbymisjon.no\/content\/uploads\/sites\/153\/2024\/09\/tilbud_dag-1_05-2048x1366.jpeg 2048w\" sizes=\"auto, (max-width: 1024px) 100vw, 1024px\" \/><\/figure>\n\n\n\n<figure class=\"wp-block-image size-large\"><img loading=\"lazy\" decoding=\"async\" width=\"1024\" height=\"683\" data-id=\"28\" src=\"https:\/\/kirkensbymisjon.no\/content\/uploads\/sites\/153\/2024\/09\/tilbud_dag-1_04-1024x683.jpeg\" alt=\"Mor og baby\" class=\"wp-image-28\" srcset=\"https:\/\/kirkensbymisjon.no\/content\/uploads\/sites\/153\/2024\/09\/tilbud_dag-1_04-1024x683.jpeg 1024w, https:\/\/kirkensbymisjon.no\/content\/uploads\/sites\/153\/2024\/09\/tilbud_dag-1_04-300x200.jpeg 300w, https:\/\/kirkensbymisjon.no\/content\/uploads\/sites\/153\/2024\/09\/tilbud_dag-1_04-768x512.jpeg 768w, https:\/\/kirkensbymisjon.no\/content\/uploads\/sites\/153\/2024\/09\/tilbud_dag-1_04-1536x1024.jpeg 1536w, https:\/\/kirkensbymisjon.no\/content\/uploads\/sites\/153\/2024\/09\/tilbud_dag-1_04-2048x1366.jpeg 2048w\" sizes=\"auto, (max-width: 1024px) 100vw, 1024px\" \/><\/figure>\n<\/figure>\n\n\t\t\t<\/div>\n\t\t<\/div>\n\t<\/div>\n\t\n\n<div class=\"t2-accordion wp-block-t2-accordion\" data-allow-multiple=\"1\" role=\"list\">\n<div class=\"t2-accordion-item wp-block-t2-accordion-item\" role=\"listitem\">\n\t\t\t<h2 class=\"t2-accordion-title\">\n\t\t\t\t<button type=\"button\" class=\"t2-accordion-trigger\" id=\"n\u00e5r-blir-man-et-barn?\" aria-controls=\"accordion-panel\" aria-expanded=\"false\">\n\t\t\t\t\tN\u00e5r blir man et barn?\n\t\t\t\t\t<span class=\"t2-accordion-icon is-closed-icon\"><svg xmlns=\"http:\/\/www.w3.org\/2000\/svg\" viewBox=\"0 0 24 24\" height=\"24\" width=\"24\" class=\"t2-icon t2-icon-plus\" aria-hidden=\"true\" focusable=\"false\"><path d=\"M11.8 5.037a1.088 1.088 0 0 0-.722.566c-.075.148-.078.25-.078 2.772v2.619l-2.61.016c-1.867.012-2.652.03-2.756.064-.168.055-.438.301-.54.494-.049.092-.07.223-.07.432 0 .34.054.476.282.704.289.289.14.275 3.064.288l2.63.012v2.619c0 2.544.002 2.625.08 2.778.191.372.516.577.92.577s.729-.205.92-.577c.078-.153.08-.234.08-2.778v-2.619l2.63-.012c2.924-.013 2.775.001 3.064-.288.228-.228.282-.364.282-.704 0-.209-.021-.34-.07-.432-.102-.193-.372-.439-.54-.494-.104-.034-.889-.052-2.756-.064L13 10.994V8.375c0-2.522-.003-2.624-.078-2.772-.214-.418-.685-.656-1.122-.566\"\/><\/svg><\/span>\n\t\t\t\t\t<span class=\"t2-accordion-icon is-open-icon\"><svg xmlns=\"http:\/\/www.w3.org\/2000\/svg\" viewBox=\"0 0 24 24\" height=\"24\" width=\"24\" class=\"t2-icon t2-icon-chevronup\" aria-hidden=\"true\" focusable=\"false\"><path d=\"M6.7 14.7c-.2-.2-.3-.4-.3-.7s.1-.5.3-.7l4.6-4.6c.1-.1.2-.2.3-.2.1 0 .2-.1.4-.1.1 0 .3 0 .4.1.1 0 .2.1.3.2l4.6 4.6c.2.2.3.4.3.7s-.1.5-.3.7c-.2.2-.4.3-.7.3s-.5-.1-.7-.3L12 10.8l-3.9 3.9c-.2.2-.4.3-.7.3s-.5-.1-.7-.3z\" fill=\"currentColor\" \/><\/svg><\/span>\n\t\t\t\t<\/button>\n\t\t\t<\/h2>\n\t\t\t<div class=\"t2-accordion-item__inner-container is-layout-flow\" id=\"accordion-panel\" aria-labelledby=\"n\u00e5r-blir-man-et-barn?\" role=\"region\" hidden>\n\t\t\t\t\n\n<p>Dag 1 \u2013 minus 120 dager. <br>N\u00e5r mor er 5 m\u00e5neder p\u00e5 vei, inviterer vi til \u00abDag 1\u00bb.<\/p>\n\n\n\n<p>Tr\u00e5dene i hjernen finner sin plass s\u00e5 tidlig som i de to f\u00f8rste leve\u00e5rene. <br>I dette kurset f\u00e5r foreldre gode verkt\u00f8y f\u00f8r barnet er f\u00f8dt, slik at barnet allerede i magen l\u00e6rer og f\u00f8ler kj\u00e6rlighet; gjennom mors bevegelser og sinnsstemning. Vi fokuserer p\u00e5 forst\u00e5elsen av dette og viser sm\u00e5, men viktige grep \u2013\u00a0<strong>for \u00e5 gi hvert enkelt barn den beste starten i livet<\/strong>!<\/p>\n\n\n\n<p>For noen instanser er <strong>tidlig <\/strong>synonymt med;<em> i barneskolen<\/em>,<br>hos andre; <em>i barnehagen<\/em>. Men forskning av bl.a.\u00a0<a href=\"https:\/\/haarklou.no\/\" target=\"_blank\" rel=\"noreferrer noopener\">Joachim Haarklou<\/a>, som dette kurset har f\u00e5tt inspirasjon og faglig veiledning av, viser at det er for sent. Vi m\u00e5 begynne f\u00f8r mor f\u00f8der. \u00abDag 1\u00bb avholdes i andre trisemester av svangerskapet.<\/p>\n\n\n\n<p>Alle vordene foreldre som deltar p\u00e5 kurset blir invitert til et oppfriskningskurs n\u00e5r barnet er \u00e5tte m\u00e5neder.\u00a0<br><strong>Begge kursene er gratis for alle deltakere.<\/strong><\/p>\n\n\n\t\t\t<\/div>\n\t\t<\/div>\n\n<div class=\"t2-accordion-item wp-block-t2-accordion-item\" role=\"listitem\">\n\t\t\t<h2 class=\"t2-accordion-title\">\n\t\t\t\t<button type=\"button\" class=\"t2-accordion-trigger\" id=\"hva-handler-kurset-om?\" aria-controls=\"accordion-panel-1\" aria-expanded=\"false\">\n\t\t\t\t\tHva handler kurset om?\n\t\t\t\t\t<span class=\"t2-accordion-icon is-closed-icon\"><svg xmlns=\"http:\/\/www.w3.org\/2000\/svg\" viewBox=\"0 0 24 24\" height=\"24\" width=\"24\" class=\"t2-icon t2-icon-plus\" aria-hidden=\"true\" focusable=\"false\"><path d=\"M11.8 5.037a1.088 1.088 0 0 0-.722.566c-.075.148-.078.25-.078 2.772v2.619l-2.61.016c-1.867.012-2.652.03-2.756.064-.168.055-.438.301-.54.494-.049.092-.07.223-.07.432 0 .34.054.476.282.704.289.289.14.275 3.064.288l2.63.012v2.619c0 2.544.002 2.625.08 2.778.191.372.516.577.92.577s.729-.205.92-.577c.078-.153.08-.234.08-2.778v-2.619l2.63-.012c2.924-.013 2.775.001 3.064-.288.228-.228.282-.364.282-.704 0-.209-.021-.34-.07-.432-.102-.193-.372-.439-.54-.494-.104-.034-.889-.052-2.756-.064L13 10.994V8.375c0-2.522-.003-2.624-.078-2.772-.214-.418-.685-.656-1.122-.566\"\/><\/svg><\/span>\n\t\t\t\t\t<span class=\"t2-accordion-icon is-open-icon\"><svg xmlns=\"http:\/\/www.w3.org\/2000\/svg\" viewBox=\"0 0 24 24\" height=\"24\" width=\"24\" class=\"t2-icon t2-icon-chevronup\" aria-hidden=\"true\" focusable=\"false\"><path d=\"M6.7 14.7c-.2-.2-.3-.4-.3-.7s.1-.5.3-.7l4.6-4.6c.1-.1.2-.2.3-.2.1 0 .2-.1.4-.1.1 0 .3 0 .4.1.1 0 .2.1.3.2l4.6 4.6c.2.2.3.4.3.7s-.1.5-.3.7c-.2.2-.4.3-.7.3s-.5-.1-.7-.3L12 10.8l-3.9 3.9c-.2.2-.4.3-.7.3s-.5-.1-.7-.3z\" fill=\"currentColor\" \/><\/svg><\/span>\n\t\t\t\t<\/button>\n\t\t\t<\/h2>\n\t\t\t<div class=\"t2-accordion-item__inner-container is-layout-flow\" id=\"accordion-panel-1\" aria-labelledby=\"hva-handler-kurset-om?\" role=\"region\" hidden>\n\t\t\t\t\n\n<p><strong>\u00abDag 1\u00bb<\/strong> <strong>er et kurs om:<\/strong><\/p>\n\n\n\n<ul class=\"wp-block-list\">\n<li>Viktigheten av tilknytning.<\/li>\n\n\n\n<li>Betydningen av trygg tilknytning.<\/li>\n\n\n\n<li>Fokus p\u00e5 kj\u00e6rlighet.<\/li>\n\n\n\n<li>Det er&nbsp;ikke&nbsp;et kurs i barneoppdragelse.<\/li>\n\n\n\n<li>Det er&nbsp;ikke&nbsp;et kurs basert p\u00e5 atferdskorrigerende tenkning.<\/li>\n\n\n\n<li>Kurset er basert p\u00e5 utviklingspsykologisk teori (biologisk, sosialt og kulturelt).<\/li>\n<\/ul>\n\n\n\n<p><strong>\u00abDag 1\u00bb omhandler:<\/strong><\/p>\n\n\n\n<ul class=\"wp-block-list\">\n<li>God barndom.<\/li>\n\n\n\n<li>Hvordan elske et barn.-<\/li>\n\n\n\n<li>Hvordan skape en trygg tilknytning.<\/li>\n\n\n\n<li>Fokus p\u00e5 det som er bra \u2013 ikke problem-fokuserende.<\/li>\n\n\n\n<li>\u00c5 gi nybakte foreldre trygghet i foreldrerollen.<\/li>\n<\/ul>\n\n\n\t\t\t<\/div>\n\t\t<\/div>\n\n<div class=\"t2-accordion-item wp-block-t2-accordion-item\" role=\"listitem\">\n\t\t\t<h2 class=\"t2-accordion-title\">\n\t\t\t\t<button type=\"button\" class=\"t2-accordion-trigger\" id=\"bakgrunn-og-historie\" aria-controls=\"accordion-panel-2\" aria-expanded=\"false\">\n\t\t\t\t\tBakgrunn og historie\n\t\t\t\t\t<span class=\"t2-accordion-icon is-closed-icon\"><svg xmlns=\"http:\/\/www.w3.org\/2000\/svg\" viewBox=\"0 0 24 24\" height=\"24\" width=\"24\" class=\"t2-icon t2-icon-plus\" aria-hidden=\"true\" focusable=\"false\"><path d=\"M11.8 5.037a1.088 1.088 0 0 0-.722.566c-.075.148-.078.25-.078 2.772v2.619l-2.61.016c-1.867.012-2.652.03-2.756.064-.168.055-.438.301-.54.494-.049.092-.07.223-.07.432 0 .34.054.476.282.704.289.289.14.275 3.064.288l2.63.012v2.619c0 2.544.002 2.625.08 2.778.191.372.516.577.92.577s.729-.205.92-.577c.078-.153.08-.234.08-2.778v-2.619l2.63-.012c2.924-.013 2.775.001 3.064-.288.228-.228.282-.364.282-.704 0-.209-.021-.34-.07-.432-.102-.193-.372-.439-.54-.494-.104-.034-.889-.052-2.756-.064L13 10.994V8.375c0-2.522-.003-2.624-.078-2.772-.214-.418-.685-.656-1.122-.566\"\/><\/svg><\/span>\n\t\t\t\t\t<span class=\"t2-accordion-icon is-open-icon\"><svg xmlns=\"http:\/\/www.w3.org\/2000\/svg\" viewBox=\"0 0 24 24\" height=\"24\" width=\"24\" class=\"t2-icon t2-icon-chevronup\" aria-hidden=\"true\" focusable=\"false\"><path d=\"M6.7 14.7c-.2-.2-.3-.4-.3-.7s.1-.5.3-.7l4.6-4.6c.1-.1.2-.2.3-.2.1 0 .2-.1.4-.1.1 0 .3 0 .4.1.1 0 .2.1.3.2l4.6 4.6c.2.2.3.4.3.7s-.1.5-.3.7c-.2.2-.4.3-.7.3s-.5-.1-.7-.3L12 10.8l-3.9 3.9c-.2.2-.4.3-.7.3s-.5-.1-.7-.3z\" fill=\"currentColor\" \/><\/svg><\/span>\n\t\t\t\t<\/button>\n\t\t\t<\/h2>\n\t\t\t<div class=\"t2-accordion-item__inner-container is-layout-flow\" id=\"accordion-panel-2\" aria-labelledby=\"bakgrunn-og-historie\" role=\"region\" hidden>\n\t\t\t\t\n\n<p><em>\u00abDag 1\u00bb er et kort, billedlig og enkelt forklart kurs utarbeidet for alle vordende foreldre.<\/em><\/p>\n\n\n\n<p>Det knyttes b\u00e5nd mellom mor og barn allerede under svangerskapet.<br>Det har derfor betydning hvordan den vordende mor:<\/p>\n\n\n\n<ul class=\"wp-block-list\">\n<li>Bor.<\/li>\n\n\n\n<li>Lever.<\/li>\n\n\n\n<li>Har det f\u00f8lelsesmessig.<\/li>\n\n\n\n<li>Har det i forhold til sine n\u00e6rmeste.<\/li>\n\n\n\n<li>Steller seg.<\/li>\n\n\n\n<li>Er kjemisk hormonelt aktivert.<\/li>\n<\/ul>\n\n\n\n<p>Babyer kan lukte i mors mage og senere huske det de har luktet. <br>Barnet l\u00e6rer alts\u00e5 allerede i mors mage.<\/p>\n\n\n\n<p>Gjennom kurset l\u00e6rer du som vordene forelder \u00e5 se ditt barn \u00abhele tiden\u00bb, videre \u00e5 speile barnet i situasjoner som gj\u00f8r at det l\u00e6rer seg selv \u00e5 kjenne. Det er viktig at de kan stole p\u00e5 at du som forelder er der \u2013 uansett hva som skjer.<\/p>\n\n\n\n<p><strong>Hvem har bidratt til utviklingen av kurset?<\/strong><\/p>\n\n\n\n<p><strong>Joachim Haarklou, psykologspesialist.<\/strong>\u00a0Haarklous behandlingstenkning er forankret i utviklingspsykologisk teori og tilknytningsteori, og hans m\u00e5l er \u00e5 fremme en trygg tilknytning mellom barn og foreldre.<em> <\/em><br><em>Trygg tilknytning og kj\u00e6rlighet er det samme.<\/em> Haarklou har dermed et fokus p\u00e5 \u00e5 fremme trygg tilknytning gjennom \u00e5 elske barnet, fremfor \u00e5 oppdra barnet etter atferdsregulerende prinsipper. Gjennom tilknytningsterapi skal barnet elskes friskt, og \u00abkom til meg n\u00e5r livet blir vanskelig\u00bb, blir en motpol til atferdsterapiens time-out tenkning.<\/p>\n\n\n\n<p>Han er en erfaren foredragsholder og har holdt mange hundre foredrag om tilknytning og tilknytningsforstyrrelse, samspill med barn, barn og media, barneoppdragelse og grensesetting, barns selvoppfatning, mobbing og barn og stress, i skoler og barnehager.<\/p>\n\n\n\n<p>P\u00e5 \u00abDag 1<strong>\u00bb<\/strong>-kurset har vi foredragsholdere som har erfaringer fra arbeid med barn og ungdom som strever med skader etter oppvekst, manglede tilknytning og oppdragelse.<\/p>\n\n\n\n<p><strong>Foredragsholder og kursansvarlig, Jon Gulbrandsen<\/strong>, har selv v\u00e6rt fosterfar i 17 \u00e5r. Gjennom arbeidet her har han deltatt p\u00e5 en rekke kurs og foredrag, med bl.a. Joachim Haarklou. Gulbrandsen har ogs\u00e5 jobbet med barn og unge i flere sammenhenger, sist som leder av Kirkens Bymisjons feriekoloni&nbsp;<a href=\"\/tilbud-camp-killingen\/\">Camp Killingen<\/a>. Han har ogs\u00e5 deltatt i flere konsultasjoner mellom ungdommer og Haarklou, for \u00e5 selv \u00f8ke egen kompetanse og kjennskap til hvordan ting henger sammen.<\/p>\n\n\n\n<p>Kurset er faglig forankret og st\u00f8ttet av flere kommunale enheter i Ringerike kommune. Vi har inng\u00e5tt et samarbeid med kommunen, hvor en gruppe med fagpersoner jobber sammen med oss, og bidrar til implementering av kurset for alle vordene foreldre som f\u00f8der p\u00e5 Ringerike sykehus.<\/p>\n\n\n\t\t\t<\/div>\n\t\t<\/div>\n\n<div class=\"t2-accordion-item wp-block-t2-accordion-item\" role=\"listitem\">\n\t\t\t<h2 class=\"t2-accordion-title\">\n\t\t\t\t<button type=\"button\" class=\"t2-accordion-trigger\" id=\"kurskalender\" aria-controls=\"accordion-panel-3\" aria-expanded=\"false\">\n\t\t\t\t\tKurskalender\n\t\t\t\t\t<span class=\"t2-accordion-icon is-closed-icon\"><svg xmlns=\"http:\/\/www.w3.org\/2000\/svg\" viewBox=\"0 0 24 24\" height=\"24\" width=\"24\" class=\"t2-icon t2-icon-plus\" aria-hidden=\"true\" focusable=\"false\"><path d=\"M11.8 5.037a1.088 1.088 0 0 0-.722.566c-.075.148-.078.25-.078 2.772v2.619l-2.61.016c-1.867.012-2.652.03-2.756.064-.168.055-.438.301-.54.494-.049.092-.07.223-.07.432 0 .34.054.476.282.704.289.289.14.275 3.064.288l2.63.012v2.619c0 2.544.002 2.625.08 2.778.191.372.516.577.92.577s.729-.205.92-.577c.078-.153.08-.234.08-2.778v-2.619l2.63-.012c2.924-.013 2.775.001 3.064-.288.228-.228.282-.364.282-.704 0-.209-.021-.34-.07-.432-.102-.193-.372-.439-.54-.494-.104-.034-.889-.052-2.756-.064L13 10.994V8.375c0-2.522-.003-2.624-.078-2.772-.214-.418-.685-.656-1.122-.566\"\/><\/svg><\/span>\n\t\t\t\t\t<span class=\"t2-accordion-icon is-open-icon\"><svg xmlns=\"http:\/\/www.w3.org\/2000\/svg\" viewBox=\"0 0 24 24\" height=\"24\" width=\"24\" class=\"t2-icon t2-icon-chevronup\" aria-hidden=\"true\" focusable=\"false\"><path d=\"M6.7 14.7c-.2-.2-.3-.4-.3-.7s.1-.5.3-.7l4.6-4.6c.1-.1.2-.2.3-.2.1 0 .2-.1.4-.1.1 0 .3 0 .4.1.1 0 .2.1.3.2l4.6 4.6c.2.2.3.4.3.7s-.1.5-.3.7c-.2.2-.4.3-.7.3s-.5-.1-.7-.3L12 10.8l-3.9 3.9c-.2.2-.4.3-.7.3s-.5-.1-.7-.3z\" fill=\"currentColor\" \/><\/svg><\/span>\n\t\t\t\t<\/button>\n\t\t\t<\/h2>\n\t\t\t<div class=\"t2-accordion-item__inner-container is-layout-flow\" id=\"accordion-panel-3\" aria-labelledby=\"kurskalender\" role=\"region\" hidden>\n\t\t\t\t\n\n<p>F\u00f8lg med for oppdaterte datoer.<\/p>\n\n\n\n<p><a href=\"\/tilbud-dag-1\/finn-oss\/\">Ta kontakt<\/a> for n\u00e6rmere informasjon og p\u00e5melding.<\/p>\n\n\n\t\t\t<\/div>\n\t\t<\/div>\n<\/div>","protected":false},"excerpt":{"rendered":"<p>Er du ny i foreldrerollen? Velkommen til et 3-timers kurs for alle vordende foreldrepar som&hellip;<\/p>\n","protected":false},"author":5,"featured_media":0,"parent":0,"menu_order":0,"comment_status":"closed","ping_status":"closed","template":"","meta":{"_relevanssi_hide_post":"","_relevanssi_hide_content":"","_relevanssi_pin_for_all":"","_relevanssi_pin_keywords":"","_relevanssi_unpin_keywords":"","_relevanssi_related_keywords":"","_relevanssi_related_include_ids":"","_relevanssi_related_exclude_ids":"","_relevanssi_related_no_append":"","_relevanssi_related_not_related":"","_relevanssi_related_posts":"1","_relevanssi_noindex_reason":"","editor_notices":[],"footnotes":""},"class_list":["post-37","page","type-page","status-publish","hentry"],"yoast_head":"<!-- This site is optimized with the Yoast SEO Premium plugin v27.2 (Yoast SEO v27.2) - https:\/\/yoast.com\/product\/yoast-seo-premium-wordpress\/ -->\n<title>Om kurset - Dag 1<\/title>\n<meta name=\"robots\" content=\"index, follow, max-snippet:-1, max-image-preview:large, max-video-preview:-1\" \/>\n<link rel=\"canonical\" href=\"https:\/\/kirkensbymisjon.no\/tilbud-dag-1\/om-kurset\/\" \/>\n<meta property=\"og:locale\" content=\"nb_NO\" \/>\n<meta property=\"og:type\" content=\"article\" \/>\n<meta property=\"og:title\" content=\"Om kurset\" \/>\n<meta property=\"og:description\" content=\"Er du ny i foreldrerollen? Velkommen til et 3-timers kurs for alle vordende foreldrepar som&hellip;\" \/>\n<meta property=\"og:url\" content=\"https:\/\/kirkensbymisjon.no\/tilbud-dag-1\/om-kurset\/\" \/>\n<meta property=\"og:site_name\" content=\"Dag 1\" \/>\n<meta property=\"article:modified_time\" content=\"2024-12-03T09:50:04+00:00\" \/>\n<meta property=\"og:image\" content=\"https:\/\/kirkensbymisjon.no\/content\/uploads\/sites\/153\/2024\/09\/tilbud_dag-1_03.jpeg\" \/>\n\t<meta property=\"og:image:width\" content=\"2560\" \/>\n\t<meta property=\"og:image:height\" content=\"1707\" \/>\n\t<meta property=\"og:image:type\" content=\"image\/jpeg\" \/>\n<meta name=\"twitter:card\" content=\"summary_large_image\" \/>\n<meta name=\"twitter:label1\" content=\"Ansl. lesetid\" \/>\n\t<meta name=\"twitter:data1\" content=\"5 minutter\" \/>\n<script type=\"application\/ld+json\" class=\"yoast-schema-graph\">{\"@context\":\"https:\/\/schema.org\",\"@graph\":[{\"@type\":\"WebPage\",\"@id\":\"https:\/\/kirkensbymisjon.no\/tilbud-dag-1\/om-kurset\/\",\"url\":\"https:\/\/kirkensbymisjon.no\/tilbud-dag-1\/om-kurset\/\",\"name\":\"Om kurset - Dag 1\",\"isPartOf\":{\"@id\":\"https:\/\/kirkensbymisjon.no\/tilbud-dag-1\/#website\"},\"primaryImageOfPage\":{\"@id\":\"https:\/\/kirkensbymisjon.no\/tilbud-dag-1\/om-kurset\/#primaryimage\"},\"image\":{\"@id\":\"https:\/\/kirkensbymisjon.no\/tilbud-dag-1\/om-kurset\/#primaryimage\"},\"thumbnailUrl\":\"https:\/\/kirkensbymisjon.no\/content\/uploads\/sites\/153\/2024\/09\/tilbud_dag-1_03-1024x683.jpeg\",\"datePublished\":\"2024-09-09T13:28:15+00:00\",\"dateModified\":\"2024-12-03T09:50:04+00:00\",\"breadcrumb\":{\"@id\":\"https:\/\/kirkensbymisjon.no\/tilbud-dag-1\/om-kurset\/#breadcrumb\"},\"inLanguage\":\"nb-NO\",\"potentialAction\":[{\"@type\":\"ReadAction\",\"target\":[\"https:\/\/kirkensbymisjon.no\/tilbud-dag-1\/om-kurset\/\"]}]},{\"@type\":\"ImageObject\",\"inLanguage\":\"nb-NO\",\"@id\":\"https:\/\/kirkensbymisjon.no\/tilbud-dag-1\/om-kurset\/#primaryimage\",\"url\":\"https:\/\/kirkensbymisjon.no\/content\/uploads\/sites\/153\/2024\/09\/tilbud_dag-1_03-1024x683.jpeg\",\"contentUrl\":\"https:\/\/kirkensbymisjon.no\/content\/uploads\/sites\/153\/2024\/09\/tilbud_dag-1_03-1024x683.jpeg\"},{\"@type\":\"BreadcrumbList\",\"@id\":\"https:\/\/kirkensbymisjon.no\/tilbud-dag-1\/om-kurset\/#breadcrumb\",\"itemListElement\":[{\"@type\":\"ListItem\",\"position\":1,\"name\":\"Hjem\",\"item\":\"https:\/\/kirkensbymisjon.no\/tilbud-dag-1\/\"},{\"@type\":\"ListItem\",\"position\":2,\"name\":\"Om kurset\"}]},{\"@type\":\"WebSite\",\"@id\":\"https:\/\/kirkensbymisjon.no\/tilbud-dag-1\/#website\",\"url\":\"https:\/\/kirkensbymisjon.no\/tilbud-dag-1\/\",\"name\":\"Dag 1\",\"description\":\"\",\"potentialAction\":[{\"@type\":\"SearchAction\",\"target\":{\"@type\":\"EntryPoint\",\"urlTemplate\":\"https:\/\/kirkensbymisjon.no\/tilbud-dag-1\/?s={search_term_string}\"},\"query-input\":{\"@type\":\"PropertyValueSpecification\",\"valueRequired\":true,\"valueName\":\"search_term_string\"}}],\"inLanguage\":\"nb-NO\"}]}<\/script>\n<!-- \/ Yoast SEO Premium plugin. -->","yoast_head_json":{"title":"Om kurset - Dag 1","robots":{"index":"index","follow":"follow","max-snippet":"max-snippet:-1","max-image-preview":"max-image-preview:large","max-video-preview":"max-video-preview:-1"},"canonical":"https:\/\/kirkensbymisjon.no\/tilbud-dag-1\/om-kurset\/","og_locale":"nb_NO","og_type":"article","og_title":"Om kurset","og_description":"Er du ny i foreldrerollen? Velkommen til et 3-timers kurs for alle vordende foreldrepar som&hellip;","og_url":"https:\/\/kirkensbymisjon.no\/tilbud-dag-1\/om-kurset\/","og_site_name":"Dag 1","article_modified_time":"2024-12-03T09:50:04+00:00","og_image":[{"width":2560,"height":1707,"url":"https:\/\/kirkensbymisjon.no\/content\/uploads\/sites\/153\/2024\/09\/tilbud_dag-1_03.jpeg","type":"image\/jpeg"}],"twitter_card":"summary_large_image","twitter_misc":{"Ansl. lesetid":"5 minutter"},"schema":{"@context":"https:\/\/schema.org","@graph":[{"@type":"WebPage","@id":"https:\/\/kirkensbymisjon.no\/tilbud-dag-1\/om-kurset\/","url":"https:\/\/kirkensbymisjon.no\/tilbud-dag-1\/om-kurset\/","name":"Om kurset - Dag 1","isPartOf":{"@id":"https:\/\/kirkensbymisjon.no\/tilbud-dag-1\/#website"},"primaryImageOfPage":{"@id":"https:\/\/kirkensbymisjon.no\/tilbud-dag-1\/om-kurset\/#primaryimage"},"image":{"@id":"https:\/\/kirkensbymisjon.no\/tilbud-dag-1\/om-kurset\/#primaryimage"},"thumbnailUrl":"https:\/\/kirkensbymisjon.no\/content\/uploads\/sites\/153\/2024\/09\/tilbud_dag-1_03-1024x683.jpeg","datePublished":"2024-09-09T13:28:15+00:00","dateModified":"2024-12-03T09:50:04+00:00","breadcrumb":{"@id":"https:\/\/kirkensbymisjon.no\/tilbud-dag-1\/om-kurset\/#breadcrumb"},"inLanguage":"nb-NO","potentialAction":[{"@type":"ReadAction","target":["https:\/\/kirkensbymisjon.no\/tilbud-dag-1\/om-kurset\/"]}]},{"@type":"ImageObject","inLanguage":"nb-NO","@id":"https:\/\/kirkensbymisjon.no\/tilbud-dag-1\/om-kurset\/#primaryimage","url":"https:\/\/kirkensbymisjon.no\/content\/uploads\/sites\/153\/2024\/09\/tilbud_dag-1_03-1024x683.jpeg","contentUrl":"https:\/\/kirkensbymisjon.no\/content\/uploads\/sites\/153\/2024\/09\/tilbud_dag-1_03-1024x683.jpeg"},{"@type":"BreadcrumbList","@id":"https:\/\/kirkensbymisjon.no\/tilbud-dag-1\/om-kurset\/#breadcrumb","itemListElement":[{"@type":"ListItem","position":1,"name":"Hjem","item":"https:\/\/kirkensbymisjon.no\/tilbud-dag-1\/"},{"@type":"ListItem","position":2,"name":"Om kurset"}]},{"@type":"WebSite","@id":"https:\/\/kirkensbymisjon.no\/tilbud-dag-1\/#website","url":"https:\/\/kirkensbymisjon.no\/tilbud-dag-1\/","name":"Dag 1","description":"","potentialAction":[{"@type":"SearchAction","target":{"@type":"EntryPoint","urlTemplate":"https:\/\/kirkensbymisjon.no\/tilbud-dag-1\/?s={search_term_string}"},"query-input":{"@type":"PropertyValueSpecification","valueRequired":true,"valueName":"search_term_string"}}],"inLanguage":"nb-NO"}]}},"_links":{"self":[{"href":"https:\/\/kirkensbymisjon.no\/tilbud-dag-1\/wp-json\/wp\/v2\/pages\/37","targetHints":{"allow":["GET"]}}],"collection":[{"href":"https:\/\/kirkensbymisjon.no\/tilbud-dag-1\/wp-json\/wp\/v2\/pages"}],"about":[{"href":"https:\/\/kirkensbymisjon.no\/tilbud-dag-1\/wp-json\/wp\/v2\/types\/page"}],"author":[{"embeddable":true,"href":"https:\/\/kirkensbymisjon.no\/tilbud-dag-1\/wp-json\/wp\/v2\/users\/5"}],"replies":[{"embeddable":true,"href":"https:\/\/kirkensbymisjon.no\/tilbud-dag-1\/wp-json\/wp\/v2\/comments?post=37"}],"version-history":[{"count":4,"href":"https:\/\/kirkensbymisjon.no\/tilbud-dag-1\/wp-json\/wp\/v2\/pages\/37\/revisions"}],"predecessor-version":[{"id":76,"href":"https:\/\/kirkensbymisjon.no\/tilbud-dag-1\/wp-json\/wp\/v2\/pages\/37\/revisions\/76"}],"wp:attachment":[{"href":"https:\/\/kirkensbymisjon.no\/tilbud-dag-1\/wp-json\/wp\/v2\/media?parent=37"}],"curies":[{"name":"wp","href":"https:\/\/api.w.org\/{rel}","templated":true}]}}