{"id":11,"date":"2024-07-24T12:02:58","date_gmt":"2024-07-24T10:02:58","guid":{"rendered":"https:\/\/kirkensbymisjon.no\/tilbud-friminuttet\/?page_id=11"},"modified":"2024-08-22T09:16:41","modified_gmt":"2024-08-22T07:16:41","slug":"hva-vi-tilbyr","status":"publish","type":"page","link":"https:\/\/kirkensbymisjon.no\/tilbud-friminuttet\/hva-vi-tilbyr\/","title":{"rendered":"Hva vi tilbyr"},"content":{"rendered":"\n<h2 class=\"wp-block-heading\" id=\"h-gode-og-trygge-rammer-nbsp\"><strong>Gode og trygge rammer&nbsp;<\/strong><\/h2>\n\n\n\n<p>Friminuttet har som m\u00e5l \u00e5 gi barna et \u00abfriminutt\u00bb fra hverdagens utfordringer. Hver ukedag har 12 barn fast plass p\u00e5 Friminuttet. Alle barn som deltar p\u00e5 Friminuttet hentes p\u00e5 skolen og kj\u00f8res hjem p\u00e5 kvelden. Det skal oppleves som godt og trygt \u00e5 delta p\u00e5 v\u00e5re aktiviteter.&nbsp;<\/p>\n\n\n\n<h2 class=\"wp-block-heading\" id=\"h-vi-tilbyr-blant-annet\"><strong>Vi tilbyr blant annet:<\/strong><\/h2>\n\n\n\n<ul class=\"wp-block-list\">\n<li>N\u00e6ringsrike m\u00e5ltider.<\/li>\n\n\n\n<li>Leksehjelp.&nbsp;&nbsp;<\/li>\n\n\n\n<li>Fysisk aktivitet.&nbsp;&nbsp;<\/li>\n\n\n\n<li>Omsorg.&nbsp;&nbsp;<\/li>\n<\/ul>\n\n\n\n<p>I tillegg til det som skjer p\u00e5 ukedagene, har Friminuttet ogs\u00e5 enkelte aktiviteter i skoleferier og helger, i tillegg til ulike gruppesamlinger for foreldre.&nbsp;<\/p>\n\n\n\n<h2 class=\"wp-block-heading\" id=\"h-vare-ferietilbud-nbsp\"><strong>V\u00e5re ferietilbud<\/strong>&nbsp;<\/h2>\n\n\n\n<p>Om sommeren blir alle barna invitert p\u00e5 en uke ferietur sammen med oss, til <a href=\"\/tilbud-camp-killingen\/\">Camp Killingen<\/a>. Feriekolonien p\u00e5 Camp Killingen er et tilbud til barn i alle livssituasjoner og fra alle hjem, hos oss skal alle oppleve \u00e5 ha like muligheter og likt utgangspunkt for gode ferieopplevelser i trygge omgivelser.&nbsp;<\/p>\n\n\n\n<p>I vinterferien pr\u00f8ver vi \u00e5 arrangere en overnattingstur p\u00e5 fjellet. Andre eksempler p\u00e5 hva vi gj\u00f8r i ferier og helger er tur til Oslo eller andre steder i n\u00e6rheten, deltakelse p\u00e5 arrangementer i regi av andre, som <a href=\"https:\/\/www.dnt.no\/aktiviteter\/arrangementer\/komdegut\/\" target=\"_blank\" rel=\"noreferrer noopener\">\u00abKom deg ut-dagen\u00bb, DNT<\/a>, kulturarrangementer p\u00e5 <a href=\"https:\/\/www.unionscene.no\/\" target=\"_blank\" rel=\"noreferrer noopener\">Union Scene<\/a> og skogsturer.&nbsp;<\/p>\n","protected":false},"excerpt":{"rendered":"<p>Gode og trygge rammer&nbsp; Friminuttet har som m\u00e5l \u00e5 gi barna et \u00abfriminutt\u00bb fra hverdagens&hellip;<\/p>\n","protected":false},"author":6,"featured_media":0,"parent":0,"menu_order":0,"comment_status":"closed","ping_status":"closed","template":"","meta":{"_relevanssi_hide_post":"","_relevanssi_hide_content":"","_relevanssi_pin_for_all":"","_relevanssi_pin_keywords":"","_relevanssi_unpin_keywords":"","_relevanssi_related_keywords":"","_relevanssi_related_include_ids":"","_relevanssi_related_exclude_ids":"","_relevanssi_related_no_append":"","_relevanssi_related_not_related":"","_relevanssi_related_posts":"1","_relevanssi_noindex_reason":"","editor_notices":[],"footnotes":""},"class_list":["post-11","page","type-page","status-publish","hentry"],"yoast_head":"<!-- This site is optimized with the Yoast SEO Premium plugin v27.2 (Yoast SEO v27.4) - https:\/\/yoast.com\/product\/yoast-seo-premium-wordpress\/ -->\n<title>Hva vi tilbyr - Friminuttet<\/title>\n<meta name=\"robots\" content=\"index, follow, max-snippet:-1, max-image-preview:large, max-video-preview:-1\" \/>\n<link rel=\"canonical\" href=\"https:\/\/kirkensbymisjon.no\/tilbud-friminuttet\/hva-vi-tilbyr\/\" \/>\n<meta property=\"og:locale\" content=\"nb_NO\" \/>\n<meta property=\"og:type\" content=\"article\" \/>\n<meta property=\"og:title\" content=\"Hva vi tilbyr\" \/>\n<meta property=\"og:description\" content=\"Gode og trygge rammer&nbsp; Friminuttet har som m\u00e5l \u00e5 gi barna et \u00abfriminutt\u00bb fra hverdagens&hellip;\" \/>\n<meta property=\"og:url\" content=\"https:\/\/kirkensbymisjon.no\/tilbud-friminuttet\/hva-vi-tilbyr\/\" \/>\n<meta property=\"og:site_name\" content=\"Friminuttet\" \/>\n<meta property=\"article:modified_time\" content=\"2024-08-22T07:16:41+00:00\" \/>\n<meta name=\"twitter:card\" content=\"summary_large_image\" \/>\n<meta name=\"twitter:label1\" content=\"Ansl. lesetid\" \/>\n\t<meta name=\"twitter:data1\" content=\"2 minutter\" \/>\n<script type=\"application\/ld+json\" class=\"yoast-schema-graph\">{\"@context\":\"https:\\\/\\\/schema.org\",\"@graph\":[{\"@type\":\"WebPage\",\"@id\":\"https:\\\/\\\/kirkensbymisjon.no\\\/tilbud-friminuttet\\\/hva-vi-tilbyr\\\/\",\"url\":\"https:\\\/\\\/kirkensbymisjon.no\\\/tilbud-friminuttet\\\/hva-vi-tilbyr\\\/\",\"name\":\"Hva vi tilbyr - Friminuttet\",\"isPartOf\":{\"@id\":\"https:\\\/\\\/kirkensbymisjon.no\\\/tilbud-friminuttet\\\/#website\"},\"datePublished\":\"2024-07-24T10:02:58+00:00\",\"dateModified\":\"2024-08-22T07:16:41+00:00\",\"breadcrumb\":{\"@id\":\"https:\\\/\\\/kirkensbymisjon.no\\\/tilbud-friminuttet\\\/hva-vi-tilbyr\\\/#breadcrumb\"},\"inLanguage\":\"nb-NO\",\"potentialAction\":[{\"@type\":\"ReadAction\",\"target\":[\"https:\\\/\\\/kirkensbymisjon.no\\\/tilbud-friminuttet\\\/hva-vi-tilbyr\\\/\"]}]},{\"@type\":\"BreadcrumbList\",\"@id\":\"https:\\\/\\\/kirkensbymisjon.no\\\/tilbud-friminuttet\\\/hva-vi-tilbyr\\\/#breadcrumb\",\"itemListElement\":[{\"@type\":\"ListItem\",\"position\":1,\"name\":\"Hjem\",\"item\":\"https:\\\/\\\/kirkensbymisjon.no\\\/tilbud-friminuttet\\\/\"},{\"@type\":\"ListItem\",\"position\":2,\"name\":\"Hva vi tilbyr\"}]},{\"@type\":\"WebSite\",\"@id\":\"https:\\\/\\\/kirkensbymisjon.no\\\/tilbud-friminuttet\\\/#website\",\"url\":\"https:\\\/\\\/kirkensbymisjon.no\\\/tilbud-friminuttet\\\/\",\"name\":\"Friminuttet\",\"description\":\"\",\"potentialAction\":[{\"@type\":\"SearchAction\",\"target\":{\"@type\":\"EntryPoint\",\"urlTemplate\":\"https:\\\/\\\/kirkensbymisjon.no\\\/tilbud-friminuttet\\\/?s={search_term_string}\"},\"query-input\":{\"@type\":\"PropertyValueSpecification\",\"valueRequired\":true,\"valueName\":\"search_term_string\"}}],\"inLanguage\":\"nb-NO\"}]}<\/script>\n<!-- \/ Yoast SEO Premium plugin. -->","yoast_head_json":{"title":"Hva vi tilbyr - Friminuttet","robots":{"index":"index","follow":"follow","max-snippet":"max-snippet:-1","max-image-preview":"max-image-preview:large","max-video-preview":"max-video-preview:-1"},"canonical":"https:\/\/kirkensbymisjon.no\/tilbud-friminuttet\/hva-vi-tilbyr\/","og_locale":"nb_NO","og_type":"article","og_title":"Hva vi tilbyr","og_description":"Gode og trygge rammer&nbsp; Friminuttet har som m\u00e5l \u00e5 gi barna et \u00abfriminutt\u00bb fra hverdagens&hellip;","og_url":"https:\/\/kirkensbymisjon.no\/tilbud-friminuttet\/hva-vi-tilbyr\/","og_site_name":"Friminuttet","article_modified_time":"2024-08-22T07:16:41+00:00","twitter_card":"summary_large_image","twitter_misc":{"Ansl. lesetid":"2 minutter"},"schema":{"@context":"https:\/\/schema.org","@graph":[{"@type":"WebPage","@id":"https:\/\/kirkensbymisjon.no\/tilbud-friminuttet\/hva-vi-tilbyr\/","url":"https:\/\/kirkensbymisjon.no\/tilbud-friminuttet\/hva-vi-tilbyr\/","name":"Hva vi tilbyr - Friminuttet","isPartOf":{"@id":"https:\/\/kirkensbymisjon.no\/tilbud-friminuttet\/#website"},"datePublished":"2024-07-24T10:02:58+00:00","dateModified":"2024-08-22T07:16:41+00:00","breadcrumb":{"@id":"https:\/\/kirkensbymisjon.no\/tilbud-friminuttet\/hva-vi-tilbyr\/#breadcrumb"},"inLanguage":"nb-NO","potentialAction":[{"@type":"ReadAction","target":["https:\/\/kirkensbymisjon.no\/tilbud-friminuttet\/hva-vi-tilbyr\/"]}]},{"@type":"BreadcrumbList","@id":"https:\/\/kirkensbymisjon.no\/tilbud-friminuttet\/hva-vi-tilbyr\/#breadcrumb","itemListElement":[{"@type":"ListItem","position":1,"name":"Hjem","item":"https:\/\/kirkensbymisjon.no\/tilbud-friminuttet\/"},{"@type":"ListItem","position":2,"name":"Hva vi tilbyr"}]},{"@type":"WebSite","@id":"https:\/\/kirkensbymisjon.no\/tilbud-friminuttet\/#website","url":"https:\/\/kirkensbymisjon.no\/tilbud-friminuttet\/","name":"Friminuttet","description":"","potentialAction":[{"@type":"SearchAction","target":{"@type":"EntryPoint","urlTemplate":"https:\/\/kirkensbymisjon.no\/tilbud-friminuttet\/?s={search_term_string}"},"query-input":{"@type":"PropertyValueSpecification","valueRequired":true,"valueName":"search_term_string"}}],"inLanguage":"nb-NO"}]}},"_links":{"self":[{"href":"https:\/\/kirkensbymisjon.no\/tilbud-friminuttet\/wp-json\/wp\/v2\/pages\/11","targetHints":{"allow":["GET"]}}],"collection":[{"href":"https:\/\/kirkensbymisjon.no\/tilbud-friminuttet\/wp-json\/wp\/v2\/pages"}],"about":[{"href":"https:\/\/kirkensbymisjon.no\/tilbud-friminuttet\/wp-json\/wp\/v2\/types\/page"}],"author":[{"embeddable":true,"href":"https:\/\/kirkensbymisjon.no\/tilbud-friminuttet\/wp-json\/wp\/v2\/users\/6"}],"replies":[{"embeddable":true,"href":"https:\/\/kirkensbymisjon.no\/tilbud-friminuttet\/wp-json\/wp\/v2\/comments?post=11"}],"version-history":[{"count":5,"href":"https:\/\/kirkensbymisjon.no\/tilbud-friminuttet\/wp-json\/wp\/v2\/pages\/11\/revisions"}],"predecessor-version":[{"id":109,"href":"https:\/\/kirkensbymisjon.no\/tilbud-friminuttet\/wp-json\/wp\/v2\/pages\/11\/revisions\/109"}],"wp:attachment":[{"href":"https:\/\/kirkensbymisjon.no\/tilbud-friminuttet\/wp-json\/wp\/v2\/media?parent=11"}],"curies":[{"name":"wp","href":"https:\/\/api.w.org\/{rel}","templated":true}]}}