{"id":3,"date":"2024-06-26T22:51:52","date_gmt":"2024-06-26T20:51:52","guid":{"rendered":"https:\/\/kirkensbymisjon.no\/tilbud-friminuttet\/forside\/"},"modified":"2024-11-06T13:32:39","modified_gmt":"2024-11-06T12:32:39","slug":"forside","status":"publish","type":"page","link":"https:\/\/kirkensbymisjon.no\/tilbud-friminuttet\/","title":{"rendered":"Forside"},"content":{"rendered":"\n<div class=\"wp-block-media-text alignwide is-stacked-on-mobile is-style-filled\"><figure class=\"wp-block-media-text__media\"><img loading=\"lazy\" decoding=\"async\" width=\"1024\" height=\"575\" src=\"https:\/\/kirkensbymisjon.no\/content\/uploads\/sites\/90\/2024\/08\/tilbud_Friminuttet_02-1024x575.jpg\" alt=\"Illustrasjonsfoto av ungdommer\" class=\"wp-image-118 size-full\" srcset=\"https:\/\/kirkensbymisjon.no\/content\/uploads\/sites\/90\/2024\/08\/tilbud_Friminuttet_02-1024x575.jpg 1024w, https:\/\/kirkensbymisjon.no\/content\/uploads\/sites\/90\/2024\/08\/tilbud_Friminuttet_02-300x169.jpg 300w, https:\/\/kirkensbymisjon.no\/content\/uploads\/sites\/90\/2024\/08\/tilbud_Friminuttet_02-768x431.jpg 768w, https:\/\/kirkensbymisjon.no\/content\/uploads\/sites\/90\/2024\/08\/tilbud_Friminuttet_02.jpg 1417w\" sizes=\"auto, (max-width: 1024px) 100vw, 1024px\" \/><\/figure><div class=\"wp-block-media-text__content\">\n<h2 class=\"wp-block-heading\" id=\"h-gratis-fritidstilbud-for-barn-og-unge\">Gratis fritidstilbud for barn og unge <\/h2>\n\n\n\n<p>Et tilbud for barn som er bosatt i Drammen kommune, g\u00e5r i 1.\u20137. trinn p\u00e5 skolen, og som har behov for ekstra oppf\u00f8lging p\u00e5 fritiden. <\/p>\n\n\n\n<p>Dette kan for eksempel v\u00e6re barn som kommer fra en familie med rusproblemer eller psykisk sykdom, barn fra en lavinntekstfamilie, barn som blir mobbet eller som mobber andre, barn fra en familie med lite nettverk, eller barn som har andre utfordringer i hverdagen. <\/p>\n<\/div><\/div>\n\n\n\t<div class=\"alignwide wp-block-kbm-link-list\">\n\t\t<div class=\"kbm-link-list__items\">\n\t\t\t\n<a class=\"wp-block-kbm-link-list-item\" href=\"https:\/\/kirkensbymisjon.no\/tilbud-friminuttet\/hva-vi-tilbyr\/\">\t<svg xmlns=\"http:\/\/www.w3.org\/2000\/svg\" viewBox=\"0 0 48 48\" height=\"24\" width=\"24\" class=\"t2-icon t2-icon-heart\" aria-hidden=\"true\" focusable=\"false\"><path d=\"M12.608 7.169c-1.695.306-3.132.959-4.579 2.081-1.894 1.468-3.293 3.755-3.79 6.194-.689 3.382.232 7.499 2.57 11.489 2.339 3.991 6.459 8.359 11.511 12.202 1.924 1.463 5.432 3.825 5.682 3.825.244 0 3.789-2.389 5.678-3.826 3.507-2.666 6.767-5.781 9.058-8.654 4.107-5.151 5.927-10.598 5.023-15.036-.867-4.255-4.231-7.559-8.431-8.282-.908-.156-2.546-.157-3.46-.001-3.228.55-6.151 2.758-7.548 5.699-.151.319-.296.58-.32.58-.025 0-.212-.333-.416-.74-1.452-2.905-4.266-4.995-7.456-5.539-.885-.151-2.667-.147-3.522.008\"\/><\/svg>\t<div class=\"kbm-link-list-item__content\">\n\t\t<p class=\"kbm-link-list-item__title\">Trygge rammer<\/p>\n\t\t\t\t\t<p class=\"kbm-link-list-item__description\">Leksehjelp, n\u00e6ringsrike m\u00e5ltider og lek i en trygg setting der hvert barn blir sett av rause og omsorgsfulle voksne. Gratis tilbud til barn som trenger det.<\/p>\n\t\t\t<\/div>\n\t<\/a>\n\n<a class=\"wp-block-kbm-link-list-item\" href=\"https:\/\/kirkensbymisjon.no\/tilbud-friminuttet\/om-friminuttet\/\">\t<svg xmlns=\"http:\/\/www.w3.org\/2000\/svg\" viewBox=\"0 0 48 48\" height=\"24\" width=\"24\" class=\"t2-icon t2-icon-substanceabuse\" aria-hidden=\"true\" focusable=\"false\"><path d=\"M12.56 9.154c-1.341.298-2.645 1.02-3.574 1.979C7.697 12.465 7.02 14.139 7.02 16c0 1.434.389 2.738 1.147 3.847 1.839 2.689 5.013 3.786 8.045 2.781 2.343-.777 4.141-2.82 4.672-5.308.157-.736.12-2.2-.074-2.939-.374-1.42-.887-2.311-1.927-3.341-.989-.98-2.132-1.604-3.441-1.88-.683-.143-2.248-.147-2.882-.006m19.96.013c-.635.139-1.595.533-2.262.927-.582.343-1.821 1.582-2.164 2.164-.801 1.355-1.097 2.524-1.03 4.056.053 1.203.179 1.707.694 2.766a6.659 6.659 0 0 0 3.162 3.162c1.198.583 1.617.675 3.08.675s1.882-.092 3.08-.675a6.878 6.878 0 0 0 2.325-1.823c.5-.602 1.152-1.869 1.369-2.659.108-.395.143-.818.143-1.76 0-1.463-.092-1.882-.675-3.08a6.878 6.878 0 0 0-1.823-2.325c-.59-.49-1.865-1.151-2.619-1.357-.694-.191-2.555-.231-3.28-.071M8.438 28.079c-2.389.351-4.344 1.951-5.133 4.201l-.225.64-.024 3.02-.025 3.02h17.586l.048-1.06c.071-1.592.431-2.97 1.156-4.42.413-.828 1.123-1.894 1.7-2.553.219-.251.399-.497.399-.548 0-.149-.879-.956-1.44-1.322a7.39 7.39 0 0 0-1.133-.577c-1.197-.462-1.483-.481-7.257-.47-2.888.005-5.431.037-5.652.069m24.251.006c-1.748.203-3.4.813-4.929 1.82-.842.555-2.146 1.809-2.743 2.638-1.226 1.702-1.977 3.887-1.977 5.747v.67h21.92v-.67c0-1.861-.751-4.045-1.978-5.748-.523-.727-1.755-1.947-2.502-2.478-2.187-1.554-5.092-2.292-7.791-1.979\"\/><\/svg>\t<div class=\"kbm-link-list-item__content\">\n\t\t<p class=\"kbm-link-list-item__title\">Mestring i fellesskap<\/p>\n\t\t\t\t\t<p class=\"kbm-link-list-item__description\">Gjennom mestring, kreativitet, fellesskap og kontinuitet gir vi barna styrke og kunnskap til \u00e5 h\u00e5ndtere ulike utfordringer i livet.<\/p>\n\t\t\t<\/div>\n\t<\/a>\n\n<a class=\"wp-block-kbm-link-list-item\" href=\"https:\/\/kirkensbymisjon.no\/tilbud-friminuttet\/hva-vi-tilbyr\/#h-vare-ferietilbud-nbsp\">\t<svg xmlns=\"http:\/\/www.w3.org\/2000\/svg\" viewBox=\"0 0 48 48\" height=\"24\" width=\"24\" class=\"t2-icon t2-icon-child\" aria-hidden=\"true\" focusable=\"false\"><path d=\"M22.48 4.083a22.9 22.9 0 0 0-3.643.637c-4.782 1.215-9.055 4.091-11.768 7.92-1.339 1.89-2.379 4.2-2.87 6.374-.107.471-.174.877-.15.902.087.087 4.165.035 4.951-.064 3.552-.445 6.287-1.242 9.377-2.733 5.019-2.422 9.062-6.008 11.68-10.359.454-.755.903-1.587.903-1.674 0-.134-2.46-.708-3.8-.887-1.157-.154-3.632-.216-4.68-.116m10.334 2.053c-.147.277-.484 1.442-.611 2.11-.603 3.166.272 6.614 2.33 9.186 2.143 2.678 5.219 4.283 8.691 4.534l.785.057-.052-.432c-.466-3.924-1.689-6.961-4.022-9.991-.725-.941-2.455-2.645-3.418-3.367a23.81 23.81 0 0 0-2.932-1.863c-.637-.346-.702-.366-.771-.234m-3.385 4.556c-1.996 2.789-4.882 5.435-7.847 7.195-4.513 2.679-9.686 4.12-15.89 4.426-.852.042-1.572.1-1.6.129-.112.112-.04 3.203.098 4.158.331 2.31.953 4.278 2.007 6.346 2.145 4.213 5.559 7.445 9.883 9.359 4.618 2.043 9.756 2.228 14.6.527 1.926-.677 4.461-2.119 6.03-3.43 4.305-3.6 6.941-8.865 7.258-14.502.03-.539.033-.98.007-.98-.026 0-.468-.055-.982-.123-5.668-.743-9.68-3.183-11.634-7.077-.427-.851-.977-2.522-1.158-3.52a23.852 23.852 0 0 1-.23-1.948l-.091-1.189-.451.629M18.84 24.141c.429.222.955.777 1.154 1.219.109.242.163.531.163.88.002.688-.238 1.202-.794 1.702-.971.873-2.304.78-3.187-.223-.556-.631-.715-1.441-.442-2.245.173-.508.883-1.235 1.386-1.419.48-.176 1.292-.135 1.72.086m13.058.008c1.112.567 1.642 1.95 1.146 2.99-.701 1.47-2.463 1.834-3.656.756-.496-.448-.708-.942-.708-1.655 0-.516.033-.66.237-1.028.284-.513.811-.997 1.269-1.166.459-.169 1.275-.121 1.712.103\"\/><\/svg>\t<div class=\"kbm-link-list-item__content\">\n\t\t<p class=\"kbm-link-list-item__title\">Aktiviteter for barn og unge<\/p>\n\t\t\t\t\t<p class=\"kbm-link-list-item__description\">I tillegg til hverdagsaktiviteter har vi ulike tilbud og gruppesamlinger ogs\u00e5 i enkelte helger og ferier.\u00a0\u00a0<\/p>\n\t\t\t<\/div>\n\t<\/a>\n\t\t<\/div>\n\t<\/div>\n\t\n\n\n<blockquote class=\"wp-block-quote has-text-align-left is-layout-flow wp-block-quote-is-layout-flow\">\n<p class=\"has-text-align-left\">Jeg syns det er g\u00f8y \u00e5 leke med vennene mine her. <br>S\u00e5 liker jeg \u00e5 v\u00e6re p\u00e5 lekeplassen, s\u00e6rlig n\u00e5r vi leker \u00abPoliti og r\u00f8ver\u00bb og \u00abHaien kommer\u00bb.<\/p>\n<cite>Sude (8)<\/cite><\/blockquote>\n","protected":false},"excerpt":{"rendered":"<p>Gratis fritidstilbud for barn og unge Et tilbud for barn som er bosatt i Drammen&hellip;<\/p>\n","protected":false},"author":5,"featured_media":0,"parent":0,"menu_order":0,"comment_status":"closed","ping_status":"closed","template":"","meta":{"_relevanssi_hide_post":"","_relevanssi_hide_content":"","_relevanssi_pin_for_all":"","_relevanssi_pin_keywords":"","_relevanssi_unpin_keywords":"","_relevanssi_related_keywords":"","_relevanssi_related_include_ids":"","_relevanssi_related_exclude_ids":"","_relevanssi_related_no_append":"","_relevanssi_related_not_related":"","_relevanssi_related_posts":"1","_relevanssi_noindex_reason":"","editor_notices":[],"footnotes":""},"class_list":["post-3","page","type-page","status-publish","hentry"],"yoast_head":"<!-- This site is optimized with the Yoast SEO Premium plugin v27.2 (Yoast SEO v27.2) - https:\/\/yoast.com\/product\/yoast-seo-premium-wordpress\/ -->\n<title>Kirkens Bymisjon - Friminuttet<\/title>\n<meta name=\"description\" content=\"Friminuttet er et gratis tilbud for barn i Drammen kommune som har behov for ekstra oppf\u00f8lging p\u00e5 fritiden.\" \/>\n<meta name=\"robots\" content=\"index, follow, max-snippet:-1, max-image-preview:large, max-video-preview:-1\" \/>\n<link rel=\"canonical\" href=\"https:\/\/kirkensbymisjon.no\/tilbud-friminuttet\/\" \/>\n<meta property=\"og:locale\" content=\"nb_NO\" \/>\n<meta property=\"og:type\" content=\"article\" \/>\n<meta property=\"og:title\" content=\"Kirkens Bymisjon - Friminuttet\" \/>\n<meta property=\"og:description\" content=\"Friminuttet er et gratis tilbud for barn i Drammen kommune som har behov for ekstra oppf\u00f8lging p\u00e5 fritiden.\" \/>\n<meta property=\"og:url\" content=\"https:\/\/kirkensbymisjon.no\/tilbud-friminuttet\/\" \/>\n<meta property=\"og:site_name\" content=\"Friminuttet\" \/>\n<meta property=\"article:modified_time\" content=\"2024-11-06T12:32:39+00:00\" \/>\n<meta property=\"og:image\" content=\"https:\/\/kirkensbymisjon.no\/content\/uploads\/sites\/90\/2024\/08\/tilbud_Friminuttet_02.jpg\" \/>\n\t<meta property=\"og:image:width\" content=\"1417\" \/>\n\t<meta property=\"og:image:height\" content=\"796\" \/>\n\t<meta property=\"og:image:type\" content=\"image\/jpeg\" \/>\n<meta name=\"twitter:card\" content=\"summary_large_image\" \/>\n<meta name=\"twitter:title\" content=\"Forside\" \/>\n<meta name=\"twitter:label1\" content=\"Ansl. lesetid\" \/>\n\t<meta name=\"twitter:data1\" content=\"1 minutt\" \/>\n<script type=\"application\/ld+json\" class=\"yoast-schema-graph\">{\"@context\":\"https:\/\/schema.org\",\"@graph\":[{\"@type\":\"WebPage\",\"@id\":\"https:\/\/kirkensbymisjon.no\/tilbud-friminuttet\/\",\"url\":\"https:\/\/kirkensbymisjon.no\/tilbud-friminuttet\/\",\"name\":\"Kirkens Bymisjon - Friminuttet\",\"isPartOf\":{\"@id\":\"https:\/\/kirkensbymisjon.no\/tilbud-friminuttet\/#website\"},\"primaryImageOfPage\":{\"@id\":\"https:\/\/kirkensbymisjon.no\/tilbud-friminuttet\/#primaryimage\"},\"image\":{\"@id\":\"https:\/\/kirkensbymisjon.no\/tilbud-friminuttet\/#primaryimage\"},\"thumbnailUrl\":\"https:\/\/kirkensbymisjon.no\/content\/uploads\/sites\/90\/2024\/08\/tilbud_Friminuttet_02-1024x575.jpg\",\"datePublished\":\"2024-06-26T20:51:52+00:00\",\"dateModified\":\"2024-11-06T12:32:39+00:00\",\"description\":\"Friminuttet er et gratis tilbud for barn i Drammen kommune som har behov for ekstra oppf\u00f8lging p\u00e5 fritiden.\",\"breadcrumb\":{\"@id\":\"https:\/\/kirkensbymisjon.no\/tilbud-friminuttet\/#breadcrumb\"},\"inLanguage\":\"nb-NO\",\"potentialAction\":[{\"@type\":\"ReadAction\",\"target\":[\"https:\/\/kirkensbymisjon.no\/tilbud-friminuttet\/\"]}]},{\"@type\":\"ImageObject\",\"inLanguage\":\"nb-NO\",\"@id\":\"https:\/\/kirkensbymisjon.no\/tilbud-friminuttet\/#primaryimage\",\"url\":\"https:\/\/kirkensbymisjon.no\/content\/uploads\/sites\/90\/2024\/08\/tilbud_Friminuttet_02-1024x575.jpg\",\"contentUrl\":\"https:\/\/kirkensbymisjon.no\/content\/uploads\/sites\/90\/2024\/08\/tilbud_Friminuttet_02-1024x575.jpg\"},{\"@type\":\"BreadcrumbList\",\"@id\":\"https:\/\/kirkensbymisjon.no\/tilbud-friminuttet\/#breadcrumb\",\"itemListElement\":[{\"@type\":\"ListItem\",\"position\":1,\"name\":\"Hjem\",\"item\":\"https:\/\/kirkensbymisjon.no\/tilbud-friminuttet\/\"},{\"@type\":\"ListItem\",\"position\":2,\"name\":\"Forside\"}]},{\"@type\":\"WebSite\",\"@id\":\"https:\/\/kirkensbymisjon.no\/tilbud-friminuttet\/#website\",\"url\":\"https:\/\/kirkensbymisjon.no\/tilbud-friminuttet\/\",\"name\":\"Friminuttet\",\"description\":\"\",\"potentialAction\":[{\"@type\":\"SearchAction\",\"target\":{\"@type\":\"EntryPoint\",\"urlTemplate\":\"https:\/\/kirkensbymisjon.no\/tilbud-friminuttet\/?s={search_term_string}\"},\"query-input\":{\"@type\":\"PropertyValueSpecification\",\"valueRequired\":true,\"valueName\":\"search_term_string\"}}],\"inLanguage\":\"nb-NO\"}]}<\/script>\n<!-- \/ Yoast SEO Premium plugin. -->","yoast_head_json":{"title":"Kirkens Bymisjon - Friminuttet","description":"Friminuttet er et gratis tilbud for barn i Drammen kommune som har behov for ekstra oppf\u00f8lging p\u00e5 fritiden.","robots":{"index":"index","follow":"follow","max-snippet":"max-snippet:-1","max-image-preview":"max-image-preview:large","max-video-preview":"max-video-preview:-1"},"canonical":"https:\/\/kirkensbymisjon.no\/tilbud-friminuttet\/","og_locale":"nb_NO","og_type":"article","og_title":"Kirkens Bymisjon - Friminuttet","og_description":"Friminuttet er et gratis tilbud for barn i Drammen kommune som har behov for ekstra oppf\u00f8lging p\u00e5 fritiden.","og_url":"https:\/\/kirkensbymisjon.no\/tilbud-friminuttet\/","og_site_name":"Friminuttet","article_modified_time":"2024-11-06T12:32:39+00:00","og_image":[{"width":1417,"height":796,"url":"https:\/\/kirkensbymisjon.no\/content\/uploads\/sites\/90\/2024\/08\/tilbud_Friminuttet_02.jpg","type":"image\/jpeg"}],"twitter_card":"summary_large_image","twitter_title":"Forside","twitter_misc":{"Ansl. lesetid":"1 minutt"},"schema":{"@context":"https:\/\/schema.org","@graph":[{"@type":"WebPage","@id":"https:\/\/kirkensbymisjon.no\/tilbud-friminuttet\/","url":"https:\/\/kirkensbymisjon.no\/tilbud-friminuttet\/","name":"Kirkens Bymisjon - Friminuttet","isPartOf":{"@id":"https:\/\/kirkensbymisjon.no\/tilbud-friminuttet\/#website"},"primaryImageOfPage":{"@id":"https:\/\/kirkensbymisjon.no\/tilbud-friminuttet\/#primaryimage"},"image":{"@id":"https:\/\/kirkensbymisjon.no\/tilbud-friminuttet\/#primaryimage"},"thumbnailUrl":"https:\/\/kirkensbymisjon.no\/content\/uploads\/sites\/90\/2024\/08\/tilbud_Friminuttet_02-1024x575.jpg","datePublished":"2024-06-26T20:51:52+00:00","dateModified":"2024-11-06T12:32:39+00:00","description":"Friminuttet er et gratis tilbud for barn i Drammen kommune som har behov for ekstra oppf\u00f8lging p\u00e5 fritiden.","breadcrumb":{"@id":"https:\/\/kirkensbymisjon.no\/tilbud-friminuttet\/#breadcrumb"},"inLanguage":"nb-NO","potentialAction":[{"@type":"ReadAction","target":["https:\/\/kirkensbymisjon.no\/tilbud-friminuttet\/"]}]},{"@type":"ImageObject","inLanguage":"nb-NO","@id":"https:\/\/kirkensbymisjon.no\/tilbud-friminuttet\/#primaryimage","url":"https:\/\/kirkensbymisjon.no\/content\/uploads\/sites\/90\/2024\/08\/tilbud_Friminuttet_02-1024x575.jpg","contentUrl":"https:\/\/kirkensbymisjon.no\/content\/uploads\/sites\/90\/2024\/08\/tilbud_Friminuttet_02-1024x575.jpg"},{"@type":"BreadcrumbList","@id":"https:\/\/kirkensbymisjon.no\/tilbud-friminuttet\/#breadcrumb","itemListElement":[{"@type":"ListItem","position":1,"name":"Hjem","item":"https:\/\/kirkensbymisjon.no\/tilbud-friminuttet\/"},{"@type":"ListItem","position":2,"name":"Forside"}]},{"@type":"WebSite","@id":"https:\/\/kirkensbymisjon.no\/tilbud-friminuttet\/#website","url":"https:\/\/kirkensbymisjon.no\/tilbud-friminuttet\/","name":"Friminuttet","description":"","potentialAction":[{"@type":"SearchAction","target":{"@type":"EntryPoint","urlTemplate":"https:\/\/kirkensbymisjon.no\/tilbud-friminuttet\/?s={search_term_string}"},"query-input":{"@type":"PropertyValueSpecification","valueRequired":true,"valueName":"search_term_string"}}],"inLanguage":"nb-NO"}]}},"_links":{"self":[{"href":"https:\/\/kirkensbymisjon.no\/tilbud-friminuttet\/wp-json\/wp\/v2\/pages\/3","targetHints":{"allow":["GET"]}}],"collection":[{"href":"https:\/\/kirkensbymisjon.no\/tilbud-friminuttet\/wp-json\/wp\/v2\/pages"}],"about":[{"href":"https:\/\/kirkensbymisjon.no\/tilbud-friminuttet\/wp-json\/wp\/v2\/types\/page"}],"author":[{"embeddable":true,"href":"https:\/\/kirkensbymisjon.no\/tilbud-friminuttet\/wp-json\/wp\/v2\/users\/5"}],"replies":[{"embeddable":true,"href":"https:\/\/kirkensbymisjon.no\/tilbud-friminuttet\/wp-json\/wp\/v2\/comments?post=3"}],"version-history":[{"count":5,"href":"https:\/\/kirkensbymisjon.no\/tilbud-friminuttet\/wp-json\/wp\/v2\/pages\/3\/revisions"}],"predecessor-version":[{"id":142,"href":"https:\/\/kirkensbymisjon.no\/tilbud-friminuttet\/wp-json\/wp\/v2\/pages\/3\/revisions\/142"}],"wp:attachment":[{"href":"https:\/\/kirkensbymisjon.no\/tilbud-friminuttet\/wp-json\/wp\/v2\/media?parent=3"}],"curies":[{"name":"wp","href":"https:\/\/api.w.org\/{rel}","templated":true}]}}