{"id":11,"date":"2024-07-25T09:44:23","date_gmt":"2024-07-25T07:44:23","guid":{"rendered":"https:\/\/kirkensbymisjon.no\/tilbud-gatejuristen\/?page_id=11"},"modified":"2024-10-31T19:23:21","modified_gmt":"2024-10-31T18:23:21","slug":"slik-hjelper-vi-deg","status":"publish","type":"page","link":"https:\/\/kirkensbymisjon.no\/tilbud-gatejuristen\/slik-hjelper-vi-deg\/","title":{"rendered":"Hva vi tilbyr"},"content":{"rendered":"\n<h2 class=\"wp-block-heading\" id=\"h-slik-hjelper-vi-deg\">Slik hjelper vi deg<\/h2>\n\n\n\n<h3 class=\"wp-block-heading\">Hvem kan f\u00e5 rettshjelp hos oss?<\/h3>\n\n\n\n<p>Hvis du har eller har hatt et rusproblem, kan vi tilby deg gratis rettshjelp.<\/p>\n\n\n\n<p>Vi snakker sammen og kartlegger i fellesskap ditt behov for juridisk bistand, og legger s\u00e5 en plan for oppf\u00f8lgingen av saken videre. Den f\u00f8rste samtalen kan skje p\u00e5 et av v\u00e5re kontorer eller over telefon. Ofte drar vi ogs\u00e5 ut og m\u00f8ter v\u00e5re klienter p\u00e5 institusjoner, v\u00e6resteder og fengsler.<\/p>\n\n\n\n<p><a href=\"\/tilbud-gatejuristen\/kontakt-oss\">Her finner du informasjon om hvordan du g\u00e5r fram for \u00e5 f\u00e5 hjelp.<\/a><\/p>\n\n\n\n<h3 class=\"wp-block-heading\">Hvilke saker tar vi?<\/h3>\n\n\n\n<p>Vi tar inn saker p\u00e5 de fleste rettsomr\u00e5der, men fokuserer p\u00e5 \u00e5 hjelpe til med saker innenfor omr\u00e5dene; sosialrett, trygderett, boligrett, helserett, pengekrav, strafferett og lignende.<br><br>Vi kan bist\u00e5 deg med r\u00e5d og veiledning, eller representere deg overfor en motpart. Hvordan det er best \u00e5 g\u00e5 frem vil juristene avgj\u00f8re basert p\u00e5 kapasiteten v\u00e5r og hva som er n\u00f8dvendig for \u00e5 komme i m\u00e5l med saken din.<\/p>\n\n\n\n<h3 class=\"wp-block-heading\">Hvem hjelper deg?<\/h3>\n\n\n\n<p>Hos oss vil du f\u00e5 hjelp av et godt kvalifisert team av ansatte og frivillige advokater, jurister og jusstudenter (der hvor man har dette). V\u00e5re medarbeidere har fokus p\u00e5 personlig oppf\u00f8lging og strekker seg langt for sine klienter.<br>Husk at jo tidligere du kommer i gang med saken din jo st\u00f8rre er sannsynligheten for at vi kan oppn\u00e5 et godt resultat for deg.<\/p>\n\n\n\n<p><a href=\"\/tilbud-gatejuristen\/kontakt-oss\">Hvis du har andre sp\u00f8rsm\u00e5l kan du kontakte Gatejuristen i ditt omr\u00e5de<\/a>.\u00a0<\/p>\n\n\n\n<p><\/p>\n","protected":false},"excerpt":{"rendered":"<p>Slik hjelper vi deg Hvem kan f\u00e5 rettshjelp hos oss? Hvis du har eller har&hellip;<\/p>\n","protected":false},"author":4,"featured_media":0,"parent":0,"menu_order":0,"comment_status":"closed","ping_status":"closed","template":"","meta":{"_relevanssi_hide_post":"","_relevanssi_hide_content":"","_relevanssi_pin_for_all":"","_relevanssi_pin_keywords":"","_relevanssi_unpin_keywords":"","_relevanssi_related_keywords":"","_relevanssi_related_include_ids":"","_relevanssi_related_exclude_ids":"","_relevanssi_related_no_append":"","_relevanssi_related_not_related":"","_relevanssi_related_posts":"1","_relevanssi_noindex_reason":"","editor_notices":[],"footnotes":""},"class_list":["post-11","page","type-page","status-publish","hentry"],"yoast_head":"<!-- This site is optimized with the Yoast SEO Premium plugin v27.2 (Yoast SEO v27.2) - https:\/\/yoast.com\/product\/yoast-seo-premium-wordpress\/ -->\n<title>Hva vi tilbyr - Gatejuristen<\/title>\n<meta name=\"robots\" content=\"index, follow, max-snippet:-1, max-image-preview:large, max-video-preview:-1\" \/>\n<link rel=\"canonical\" href=\"https:\/\/kirkensbymisjon.no\/tilbud-gatejuristen\/slik-hjelper-vi-deg\/\" \/>\n<meta property=\"og:locale\" content=\"nb_NO\" \/>\n<meta property=\"og:type\" content=\"article\" \/>\n<meta property=\"og:title\" content=\"Hva vi tilbyr\" \/>\n<meta property=\"og:description\" content=\"Slik hjelper vi deg Hvem kan f\u00e5 rettshjelp hos oss? Hvis du har eller har&hellip;\" \/>\n<meta property=\"og:url\" content=\"https:\/\/kirkensbymisjon.no\/tilbud-gatejuristen\/slik-hjelper-vi-deg\/\" \/>\n<meta property=\"og:site_name\" content=\"Gatejuristen\" \/>\n<meta property=\"article:modified_time\" content=\"2024-10-31T18:23:21+00:00\" \/>\n<meta name=\"twitter:card\" content=\"summary_large_image\" \/>\n<meta name=\"twitter:label1\" content=\"Ansl. lesetid\" \/>\n\t<meta name=\"twitter:data1\" content=\"2 minutter\" \/>\n<script type=\"application\/ld+json\" class=\"yoast-schema-graph\">{\"@context\":\"https:\/\/schema.org\",\"@graph\":[{\"@type\":\"WebPage\",\"@id\":\"https:\/\/kirkensbymisjon.no\/tilbud-gatejuristen\/slik-hjelper-vi-deg\/\",\"url\":\"https:\/\/kirkensbymisjon.no\/tilbud-gatejuristen\/slik-hjelper-vi-deg\/\",\"name\":\"Hva vi tilbyr - Gatejuristen\",\"isPartOf\":{\"@id\":\"https:\/\/kirkensbymisjon.no\/tilbud-gatejuristen\/#website\"},\"datePublished\":\"2024-07-25T07:44:23+00:00\",\"dateModified\":\"2024-10-31T18:23:21+00:00\",\"breadcrumb\":{\"@id\":\"https:\/\/kirkensbymisjon.no\/tilbud-gatejuristen\/slik-hjelper-vi-deg\/#breadcrumb\"},\"inLanguage\":\"nb-NO\",\"potentialAction\":[{\"@type\":\"ReadAction\",\"target\":[\"https:\/\/kirkensbymisjon.no\/tilbud-gatejuristen\/slik-hjelper-vi-deg\/\"]}]},{\"@type\":\"BreadcrumbList\",\"@id\":\"https:\/\/kirkensbymisjon.no\/tilbud-gatejuristen\/slik-hjelper-vi-deg\/#breadcrumb\",\"itemListElement\":[{\"@type\":\"ListItem\",\"position\":1,\"name\":\"Hjem\",\"item\":\"https:\/\/kirkensbymisjon.no\/tilbud-gatejuristen\/\"},{\"@type\":\"ListItem\",\"position\":2,\"name\":\"Hva vi tilbyr\"}]},{\"@type\":\"WebSite\",\"@id\":\"https:\/\/kirkensbymisjon.no\/tilbud-gatejuristen\/#website\",\"url\":\"https:\/\/kirkensbymisjon.no\/tilbud-gatejuristen\/\",\"name\":\"Gatejuristen\",\"description\":\"\",\"potentialAction\":[{\"@type\":\"SearchAction\",\"target\":{\"@type\":\"EntryPoint\",\"urlTemplate\":\"https:\/\/kirkensbymisjon.no\/tilbud-gatejuristen\/?s={search_term_string}\"},\"query-input\":{\"@type\":\"PropertyValueSpecification\",\"valueRequired\":true,\"valueName\":\"search_term_string\"}}],\"inLanguage\":\"nb-NO\"}]}<\/script>\n<!-- \/ Yoast SEO Premium plugin. -->","yoast_head_json":{"title":"Hva vi tilbyr - Gatejuristen","robots":{"index":"index","follow":"follow","max-snippet":"max-snippet:-1","max-image-preview":"max-image-preview:large","max-video-preview":"max-video-preview:-1"},"canonical":"https:\/\/kirkensbymisjon.no\/tilbud-gatejuristen\/slik-hjelper-vi-deg\/","og_locale":"nb_NO","og_type":"article","og_title":"Hva vi tilbyr","og_description":"Slik hjelper vi deg Hvem kan f\u00e5 rettshjelp hos oss? Hvis du har eller har&hellip;","og_url":"https:\/\/kirkensbymisjon.no\/tilbud-gatejuristen\/slik-hjelper-vi-deg\/","og_site_name":"Gatejuristen","article_modified_time":"2024-10-31T18:23:21+00:00","twitter_card":"summary_large_image","twitter_misc":{"Ansl. lesetid":"2 minutter"},"schema":{"@context":"https:\/\/schema.org","@graph":[{"@type":"WebPage","@id":"https:\/\/kirkensbymisjon.no\/tilbud-gatejuristen\/slik-hjelper-vi-deg\/","url":"https:\/\/kirkensbymisjon.no\/tilbud-gatejuristen\/slik-hjelper-vi-deg\/","name":"Hva vi tilbyr - Gatejuristen","isPartOf":{"@id":"https:\/\/kirkensbymisjon.no\/tilbud-gatejuristen\/#website"},"datePublished":"2024-07-25T07:44:23+00:00","dateModified":"2024-10-31T18:23:21+00:00","breadcrumb":{"@id":"https:\/\/kirkensbymisjon.no\/tilbud-gatejuristen\/slik-hjelper-vi-deg\/#breadcrumb"},"inLanguage":"nb-NO","potentialAction":[{"@type":"ReadAction","target":["https:\/\/kirkensbymisjon.no\/tilbud-gatejuristen\/slik-hjelper-vi-deg\/"]}]},{"@type":"BreadcrumbList","@id":"https:\/\/kirkensbymisjon.no\/tilbud-gatejuristen\/slik-hjelper-vi-deg\/#breadcrumb","itemListElement":[{"@type":"ListItem","position":1,"name":"Hjem","item":"https:\/\/kirkensbymisjon.no\/tilbud-gatejuristen\/"},{"@type":"ListItem","position":2,"name":"Hva vi tilbyr"}]},{"@type":"WebSite","@id":"https:\/\/kirkensbymisjon.no\/tilbud-gatejuristen\/#website","url":"https:\/\/kirkensbymisjon.no\/tilbud-gatejuristen\/","name":"Gatejuristen","description":"","potentialAction":[{"@type":"SearchAction","target":{"@type":"EntryPoint","urlTemplate":"https:\/\/kirkensbymisjon.no\/tilbud-gatejuristen\/?s={search_term_string}"},"query-input":{"@type":"PropertyValueSpecification","valueRequired":true,"valueName":"search_term_string"}}],"inLanguage":"nb-NO"}]}},"_links":{"self":[{"href":"https:\/\/kirkensbymisjon.no\/tilbud-gatejuristen\/wp-json\/wp\/v2\/pages\/11","targetHints":{"allow":["GET"]}}],"collection":[{"href":"https:\/\/kirkensbymisjon.no\/tilbud-gatejuristen\/wp-json\/wp\/v2\/pages"}],"about":[{"href":"https:\/\/kirkensbymisjon.no\/tilbud-gatejuristen\/wp-json\/wp\/v2\/types\/page"}],"author":[{"embeddable":true,"href":"https:\/\/kirkensbymisjon.no\/tilbud-gatejuristen\/wp-json\/wp\/v2\/users\/4"}],"replies":[{"embeddable":true,"href":"https:\/\/kirkensbymisjon.no\/tilbud-gatejuristen\/wp-json\/wp\/v2\/comments?post=11"}],"version-history":[{"count":4,"href":"https:\/\/kirkensbymisjon.no\/tilbud-gatejuristen\/wp-json\/wp\/v2\/pages\/11\/revisions"}],"predecessor-version":[{"id":567,"href":"https:\/\/kirkensbymisjon.no\/tilbud-gatejuristen\/wp-json\/wp\/v2\/pages\/11\/revisions\/567"}],"wp:attachment":[{"href":"https:\/\/kirkensbymisjon.no\/tilbud-gatejuristen\/wp-json\/wp\/v2\/media?parent=11"}],"curies":[{"name":"wp","href":"https:\/\/api.w.org\/{rel}","templated":true}]}}