{"id":9,"date":"2024-07-25T09:43:54","date_gmt":"2024-07-25T07:43:54","guid":{"rendered":"https:\/\/kirkensbymisjon.no\/tilbud-gatejuristen\/?page_id=9"},"modified":"2024-12-08T19:28:44","modified_gmt":"2024-12-08T18:28:44","slug":"om-gatejuristen","status":"publish","type":"page","link":"https:\/\/kirkensbymisjon.no\/tilbud-gatejuristen\/om-gatejuristen\/","title":{"rendered":"Om Gatejuristen"},"content":{"rendered":"\n<h2 class=\"wp-block-heading\" id=\"h-hva-er-gatejuristen\">Hva er Gatejuristen?<\/h2>\n\n\n\n<p>Gatejuristen er et lavterskel rettshjelpstilbud, og er en del av Kirkens Bymisjons rettighetsarbeid. Vi jobber med alle rettsomr\u00e5der og gir b\u00e5de veiledning, r\u00e5d og representerer klienter. Vi har tillatelse til \u00e5 drive rettshjelp utenfor rettergang og representerer derfor som et utgangspunkt ikke i rettssaker.<\/p>\n\n\n\n<p>Rettshjelpen i Gatejuristen gis av fast ansatte jurister, frivillige jusstudenter og frivillige jurister og advokater. Kombinasjonen av fast ansatte og frivillige gj\u00f8r at vi kan hjelpe mange uten at driftskostnaden blir h\u00f8y. Tilbudet er gratis for klientene v\u00e5re.<\/p>\n\n\n\n<p><a href=\"\/tilbud-gatejuristen\/slik-hjelper-vi-deg\/\">Her kan du lese mer om hvem vi hjelper, og hvordan.<\/a><\/p>\n\n\n\n<div class=\"wp-block-media-text alignwide is-stacked-on-mobile is-style-filled\"><figure class=\"wp-block-media-text__media\"><img loading=\"lazy\" decoding=\"async\" width=\"973\" height=\"649\" src=\"https:\/\/kirkensbymisjon.no\/content\/uploads\/sites\/26\/2024\/07\/Tilbud_Gatejuristen_03.jpg.jpg\" alt=\"Norges lover-b\u00f8ker\" class=\"wp-image-136 size-full\" srcset=\"https:\/\/kirkensbymisjon.no\/content\/uploads\/sites\/26\/2024\/07\/Tilbud_Gatejuristen_03.jpg.jpg 973w, https:\/\/kirkensbymisjon.no\/content\/uploads\/sites\/26\/2024\/07\/Tilbud_Gatejuristen_03.jpg-300x200.jpg 300w, https:\/\/kirkensbymisjon.no\/content\/uploads\/sites\/26\/2024\/07\/Tilbud_Gatejuristen_03.jpg-768x512.jpg 768w\" sizes=\"auto, (max-width: 973px) 100vw, 973px\" \/><\/figure><div class=\"wp-block-media-text__content\">\n<h3 class=\"wp-block-heading\" id=\"h-gatejuristen-skal-vaere-lett-a-na\">Gatejuristen skal v\u00e6re lett \u00e5 n\u00e5<\/h3>\n\n\n\n<p>Gatejuristen \u00f8nsker \u00e5 v\u00e6re der klientene er. Det betyr at vi driver opps\u00f8kende saksmottak; p\u00e5 gata, ved lavterskeltilbud, p\u00e5 behandlingsinstitusjoner og andre steder der mennesker i v\u00e5r klientgruppe samles. Vi fors\u00f8ker ogs\u00e5 \u00e5 v\u00e6re lett tilgjengelige p\u00e5 kontorene og p\u00e5 telefon.<\/p>\n\n\n\n<p><a href=\"https:\/\/kirkensbymisjon.no\/tilbud-gatejuristen\/kontakt-oss\/\">Trenger du hjelp? Her kan du ta kontakt med oss.<\/a><\/p>\n<\/div><\/div>\n\n\n\n<p>Vi har ogs\u00e5 et rettshjelpstilbud for barn og unge under 25 \u00e5r. Her kan du lese mer om tilbudet <a href=\"\/tilbud-ung-rettshjelp\/\">Ung rettshjelp<\/a>.<\/p>\n\n\n\n<h3 class=\"wp-block-heading\" id=\"h-organisering\">Organisering<\/h3>\n\n\n\n<p>Gatejuristen ble startet i Oslo i 2004 av Catrine Moksness. Da hun var jusstudent og frivillig ved Spr\u00f8ytebussen i Oslo ble det tydelig at det var mange i rusmilj\u00f8et som verken visste hvilke rettigheter de hadde eller fikk oppfylt sine rettigheter.<\/p>\n\n\n\n<p>I dag er Gatejuristen organisert med 6 likestilte kontorer i Troms\u00f8, Trondheim, Bergen, Stavanger, Kristiansand og Oslo (inkludert Innlandet). Disse kontorene driftes slik at man ogs\u00e5 n\u00e5r andre byer, enten ved hjelp av bistand fra advokatkontorer p\u00e5 stedet eller via regelmessige saksmottak som en del av de faste kontorenes opps\u00f8kende virksomhet. Gatejuristen er en del av Kirkens Bymisjon, og Gatejuristen Troms\u00f8 er en egen forening.<\/p>\n\n\n\n<p>I tillegg til byene nevnt ovenfor n\u00e5r vi: Harstad, Narvik, Bod\u00f8 (Troms\u00f8); Haugesund, Sandnes (Stavanger); Arendal (Kristiansand); H\u00f8nefoss, Drammen, Hamar, Gj\u00f8vik og Lillehammer (Viken og Innlandet).<\/p>\n\n\n\n<p><a href=\"\/tilbud-gatejuristen\/kontakt-oss\/\">Her kan du finne Gatejuristen n\u00e6r deg.<\/a><\/p>\n\n\n\n<h3 class=\"wp-block-heading\">Alltid kvalitet<\/h3>\n\n\n\n<p>Gatejuristen behandler \u00e5rlig mer enn 5000 saker i Norge. Vi er stolte av at v\u00e5r virksomhet har h\u00f8stet anerkjennelse, gjennom tildelinger som Juristforbundets \u00abRettssikkerhetsprisen\u00bb, \u00abAdvokatforeningen Oslo krets \u00c6resbevisning\u00bb, Stiftelsen Scheiblers \u00abHederspris\u00bb og Natt&amp;Dags pris for \u00ab\u00c5rets stemme\u00bb.<\/p>\n\n\n\n<blockquote class=\"wp-block-quote is-layout-flow wp-block-quote-is-layout-flow\">\n<p>Gatejuristen gj\u00f8r en kjempeviktig jobb. Ikke bare for utsatte mennesker, men for rettssikkerheten til alle i samfunnet.<\/p>\n<cite>Advokat Geir Lippestad<\/cite><\/blockquote>\n\n\n\n<div class=\"wp-block-media-text alignwide is-stacked-on-mobile is-style-filled\"><figure class=\"wp-block-media-text__media\"><img decoding=\"async\" src=\"https:\/\/kirkensbymisjon.no\/content\/uploads\/2024\/08\/arbeidsfelt_rettigheter_03-1024x683.jpg\" alt=\"Opps\u00f8kende arbeid ved Gatejuristen\" class=\"wp-image-1312 size-full\" \/><\/figure><div class=\"wp-block-media-text__content\">\n<h2 class=\"wp-block-heading\" id=\"h-vil-du-vite-mer-om-vart-rettighetsarbeid\">Vil du vite mer om v\u00e5rt rettighetsarbeid?<\/h2>\n\n\n\n<p>Vi jobber for \u00e5 skape et mer rettferdig samfunn, gjennom \u00e5 motvirke \u00f8kende forskjeller og bekjempe sosial n\u00f8d. Rettighetsarbeid handler b\u00e5de om \u00e5 avdekke og lindre n\u00f8d, og \u00e5 forhindre at den oppst\u00e5r.<\/p>\n\n\n\n<p><a href=\"\/Rettighetsarbeid\">Les mer om v\u00e5re tilbud<\/a><\/p>\n<\/div><\/div>\n","protected":false},"excerpt":{"rendered":"<p>Hva er Gatejuristen? Gatejuristen er et lavterskel rettshjelpstilbud, og er en del av Kirkens Bymisjons&hellip;<\/p>\n","protected":false},"author":4,"featured_media":0,"parent":0,"menu_order":0,"comment_status":"closed","ping_status":"closed","template":"","meta":{"_relevanssi_hide_post":"","_relevanssi_hide_content":"","_relevanssi_pin_for_all":"","_relevanssi_pin_keywords":"","_relevanssi_unpin_keywords":"","_relevanssi_related_keywords":"","_relevanssi_related_include_ids":"","_relevanssi_related_exclude_ids":"","_relevanssi_related_no_append":"","_relevanssi_related_not_related":"","_relevanssi_related_posts":"1","_relevanssi_noindex_reason":"","editor_notices":[],"footnotes":""},"class_list":["post-9","page","type-page","status-publish","hentry"],"yoast_head":"<!-- This site is optimized with the Yoast SEO Premium plugin v27.2 (Yoast SEO v27.2) - https:\/\/yoast.com\/product\/yoast-seo-premium-wordpress\/ -->\n<title>Om Gatejuristen - Gatejuristen<\/title>\n<meta name=\"robots\" content=\"index, follow, max-snippet:-1, max-image-preview:large, max-video-preview:-1\" \/>\n<link rel=\"canonical\" href=\"https:\/\/kirkensbymisjon.no\/tilbud-gatejuristen\/om-gatejuristen\/\" \/>\n<meta property=\"og:locale\" content=\"nb_NO\" \/>\n<meta property=\"og:type\" content=\"article\" \/>\n<meta property=\"og:title\" content=\"Om Gatejuristen\" \/>\n<meta property=\"og:description\" content=\"Hva er Gatejuristen? Gatejuristen er et lavterskel rettshjelpstilbud, og er en del av Kirkens Bymisjons&hellip;\" \/>\n<meta property=\"og:url\" content=\"https:\/\/kirkensbymisjon.no\/tilbud-gatejuristen\/om-gatejuristen\/\" \/>\n<meta property=\"og:site_name\" content=\"Gatejuristen\" \/>\n<meta property=\"article:modified_time\" content=\"2024-12-08T18:28:44+00:00\" \/>\n<meta property=\"og:image\" content=\"https:\/\/kirkensbymisjon.no\/content\/uploads\/sites\/26\/2024\/07\/Tilbud_Gatejuristen_03.jpg.jpg\" \/>\n\t<meta property=\"og:image:width\" content=\"973\" \/>\n\t<meta property=\"og:image:height\" content=\"649\" \/>\n\t<meta property=\"og:image:type\" content=\"image\/jpeg\" \/>\n<meta name=\"twitter:card\" content=\"summary_large_image\" \/>\n<meta name=\"twitter:label1\" content=\"Ansl. lesetid\" \/>\n\t<meta name=\"twitter:data1\" content=\"3 minutter\" \/>\n<script type=\"application\/ld+json\" class=\"yoast-schema-graph\">{\"@context\":\"https:\/\/schema.org\",\"@graph\":[{\"@type\":\"WebPage\",\"@id\":\"https:\/\/kirkensbymisjon.no\/tilbud-gatejuristen\/om-gatejuristen\/\",\"url\":\"https:\/\/kirkensbymisjon.no\/tilbud-gatejuristen\/om-gatejuristen\/\",\"name\":\"Om Gatejuristen - Gatejuristen\",\"isPartOf\":{\"@id\":\"https:\/\/kirkensbymisjon.no\/tilbud-gatejuristen\/#website\"},\"primaryImageOfPage\":{\"@id\":\"https:\/\/kirkensbymisjon.no\/tilbud-gatejuristen\/om-gatejuristen\/#primaryimage\"},\"image\":{\"@id\":\"https:\/\/kirkensbymisjon.no\/tilbud-gatejuristen\/om-gatejuristen\/#primaryimage\"},\"thumbnailUrl\":\"https:\/\/kirkensbymisjon.no\/content\/uploads\/sites\/26\/2024\/07\/Tilbud_Gatejuristen_03.jpg.jpg\",\"datePublished\":\"2024-07-25T07:43:54+00:00\",\"dateModified\":\"2024-12-08T18:28:44+00:00\",\"breadcrumb\":{\"@id\":\"https:\/\/kirkensbymisjon.no\/tilbud-gatejuristen\/om-gatejuristen\/#breadcrumb\"},\"inLanguage\":\"nb-NO\",\"potentialAction\":[{\"@type\":\"ReadAction\",\"target\":[\"https:\/\/kirkensbymisjon.no\/tilbud-gatejuristen\/om-gatejuristen\/\"]}]},{\"@type\":\"ImageObject\",\"inLanguage\":\"nb-NO\",\"@id\":\"https:\/\/kirkensbymisjon.no\/tilbud-gatejuristen\/om-gatejuristen\/#primaryimage\",\"url\":\"https:\/\/kirkensbymisjon.no\/content\/uploads\/sites\/26\/2024\/07\/Tilbud_Gatejuristen_03.jpg.jpg\",\"contentUrl\":\"https:\/\/kirkensbymisjon.no\/content\/uploads\/sites\/26\/2024\/07\/Tilbud_Gatejuristen_03.jpg.jpg\"},{\"@type\":\"BreadcrumbList\",\"@id\":\"https:\/\/kirkensbymisjon.no\/tilbud-gatejuristen\/om-gatejuristen\/#breadcrumb\",\"itemListElement\":[{\"@type\":\"ListItem\",\"position\":1,\"name\":\"Hjem\",\"item\":\"https:\/\/kirkensbymisjon.no\/tilbud-gatejuristen\/\"},{\"@type\":\"ListItem\",\"position\":2,\"name\":\"Om Gatejuristen\"}]},{\"@type\":\"WebSite\",\"@id\":\"https:\/\/kirkensbymisjon.no\/tilbud-gatejuristen\/#website\",\"url\":\"https:\/\/kirkensbymisjon.no\/tilbud-gatejuristen\/\",\"name\":\"Gatejuristen\",\"description\":\"\",\"potentialAction\":[{\"@type\":\"SearchAction\",\"target\":{\"@type\":\"EntryPoint\",\"urlTemplate\":\"https:\/\/kirkensbymisjon.no\/tilbud-gatejuristen\/?s={search_term_string}\"},\"query-input\":{\"@type\":\"PropertyValueSpecification\",\"valueRequired\":true,\"valueName\":\"search_term_string\"}}],\"inLanguage\":\"nb-NO\"}]}<\/script>\n<!-- \/ Yoast SEO Premium plugin. -->","yoast_head_json":{"title":"Om Gatejuristen - Gatejuristen","robots":{"index":"index","follow":"follow","max-snippet":"max-snippet:-1","max-image-preview":"max-image-preview:large","max-video-preview":"max-video-preview:-1"},"canonical":"https:\/\/kirkensbymisjon.no\/tilbud-gatejuristen\/om-gatejuristen\/","og_locale":"nb_NO","og_type":"article","og_title":"Om Gatejuristen","og_description":"Hva er Gatejuristen? Gatejuristen er et lavterskel rettshjelpstilbud, og er en del av Kirkens Bymisjons&hellip;","og_url":"https:\/\/kirkensbymisjon.no\/tilbud-gatejuristen\/om-gatejuristen\/","og_site_name":"Gatejuristen","article_modified_time":"2024-12-08T18:28:44+00:00","og_image":[{"width":973,"height":649,"url":"https:\/\/kirkensbymisjon.no\/content\/uploads\/sites\/26\/2024\/07\/Tilbud_Gatejuristen_03.jpg.jpg","type":"image\/jpeg"}],"twitter_card":"summary_large_image","twitter_misc":{"Ansl. lesetid":"3 minutter"},"schema":{"@context":"https:\/\/schema.org","@graph":[{"@type":"WebPage","@id":"https:\/\/kirkensbymisjon.no\/tilbud-gatejuristen\/om-gatejuristen\/","url":"https:\/\/kirkensbymisjon.no\/tilbud-gatejuristen\/om-gatejuristen\/","name":"Om Gatejuristen - Gatejuristen","isPartOf":{"@id":"https:\/\/kirkensbymisjon.no\/tilbud-gatejuristen\/#website"},"primaryImageOfPage":{"@id":"https:\/\/kirkensbymisjon.no\/tilbud-gatejuristen\/om-gatejuristen\/#primaryimage"},"image":{"@id":"https:\/\/kirkensbymisjon.no\/tilbud-gatejuristen\/om-gatejuristen\/#primaryimage"},"thumbnailUrl":"https:\/\/kirkensbymisjon.no\/content\/uploads\/sites\/26\/2024\/07\/Tilbud_Gatejuristen_03.jpg.jpg","datePublished":"2024-07-25T07:43:54+00:00","dateModified":"2024-12-08T18:28:44+00:00","breadcrumb":{"@id":"https:\/\/kirkensbymisjon.no\/tilbud-gatejuristen\/om-gatejuristen\/#breadcrumb"},"inLanguage":"nb-NO","potentialAction":[{"@type":"ReadAction","target":["https:\/\/kirkensbymisjon.no\/tilbud-gatejuristen\/om-gatejuristen\/"]}]},{"@type":"ImageObject","inLanguage":"nb-NO","@id":"https:\/\/kirkensbymisjon.no\/tilbud-gatejuristen\/om-gatejuristen\/#primaryimage","url":"https:\/\/kirkensbymisjon.no\/content\/uploads\/sites\/26\/2024\/07\/Tilbud_Gatejuristen_03.jpg.jpg","contentUrl":"https:\/\/kirkensbymisjon.no\/content\/uploads\/sites\/26\/2024\/07\/Tilbud_Gatejuristen_03.jpg.jpg"},{"@type":"BreadcrumbList","@id":"https:\/\/kirkensbymisjon.no\/tilbud-gatejuristen\/om-gatejuristen\/#breadcrumb","itemListElement":[{"@type":"ListItem","position":1,"name":"Hjem","item":"https:\/\/kirkensbymisjon.no\/tilbud-gatejuristen\/"},{"@type":"ListItem","position":2,"name":"Om Gatejuristen"}]},{"@type":"WebSite","@id":"https:\/\/kirkensbymisjon.no\/tilbud-gatejuristen\/#website","url":"https:\/\/kirkensbymisjon.no\/tilbud-gatejuristen\/","name":"Gatejuristen","description":"","potentialAction":[{"@type":"SearchAction","target":{"@type":"EntryPoint","urlTemplate":"https:\/\/kirkensbymisjon.no\/tilbud-gatejuristen\/?s={search_term_string}"},"query-input":{"@type":"PropertyValueSpecification","valueRequired":true,"valueName":"search_term_string"}}],"inLanguage":"nb-NO"}]}},"_links":{"self":[{"href":"https:\/\/kirkensbymisjon.no\/tilbud-gatejuristen\/wp-json\/wp\/v2\/pages\/9","targetHints":{"allow":["GET"]}}],"collection":[{"href":"https:\/\/kirkensbymisjon.no\/tilbud-gatejuristen\/wp-json\/wp\/v2\/pages"}],"about":[{"href":"https:\/\/kirkensbymisjon.no\/tilbud-gatejuristen\/wp-json\/wp\/v2\/types\/page"}],"author":[{"embeddable":true,"href":"https:\/\/kirkensbymisjon.no\/tilbud-gatejuristen\/wp-json\/wp\/v2\/users\/4"}],"replies":[{"embeddable":true,"href":"https:\/\/kirkensbymisjon.no\/tilbud-gatejuristen\/wp-json\/wp\/v2\/comments?post=9"}],"version-history":[{"count":5,"href":"https:\/\/kirkensbymisjon.no\/tilbud-gatejuristen\/wp-json\/wp\/v2\/pages\/9\/revisions"}],"predecessor-version":[{"id":737,"href":"https:\/\/kirkensbymisjon.no\/tilbud-gatejuristen\/wp-json\/wp\/v2\/pages\/9\/revisions\/737"}],"wp:attachment":[{"href":"https:\/\/kirkensbymisjon.no\/tilbud-gatejuristen\/wp-json\/wp\/v2\/media?parent=9"}],"curies":[{"name":"wp","href":"https:\/\/api.w.org\/{rel}","templated":true}]}}