{"id":50,"date":"2024-08-19T19:35:08","date_gmt":"2024-08-19T17:35:08","guid":{"rendered":"https:\/\/kirkensbymisjon.no\/tilbud-helsesenteret-for-papirlose-migranter\/?page_id=50"},"modified":"2026-02-24T15:41:01","modified_gmt":"2026-02-24T14:41:01","slug":"oslo","status":"publish","type":"page","link":"https:\/\/kirkensbymisjon.no\/tilbud-helsesenteret-for-papirlose-migranter\/om-helsesenteret\/oslo\/","title":{"rendered":"Oslo"},"content":{"rendered":"\n<figure class=\"wp-block-image size-full\"><img loading=\"lazy\" decoding=\"async\" width=\"1600\" height=\"1067\" src=\"https:\/\/kirkensbymisjon.no\/content\/uploads\/sites\/28\/2024\/08\/tilbud_helsesenteret_05.jpg\" alt=\"Frivillig ved Helsesenteret for papirl\u00f8se migranter\" class=\"wp-image-17\" srcset=\"https:\/\/kirkensbymisjon.no\/content\/uploads\/sites\/28\/2024\/08\/tilbud_helsesenteret_05.jpg 1600w, https:\/\/kirkensbymisjon.no\/content\/uploads\/sites\/28\/2024\/08\/tilbud_helsesenteret_05-300x200.jpg 300w, https:\/\/kirkensbymisjon.no\/content\/uploads\/sites\/28\/2024\/08\/tilbud_helsesenteret_05-1024x683.jpg 1024w, https:\/\/kirkensbymisjon.no\/content\/uploads\/sites\/28\/2024\/08\/tilbud_helsesenteret_05-768x512.jpg 768w, https:\/\/kirkensbymisjon.no\/content\/uploads\/sites\/28\/2024\/08\/tilbud_helsesenteret_05-1536x1024.jpg 1536w\" sizes=\"auto, (max-width: 1600px) 100vw, 1600px\" \/><\/figure>\n\n\n\n<h2 class=\"wp-block-heading\" id=\"h-om-helsesenteret-i-oslo\">Om helsesenteret i Oslo<\/h2>\n\n\n<div class=\"t2-accordion wp-block-t2-accordion\" data-allow-multiple=\"1\" role=\"list\">\n<div class=\"t2-accordion-item wp-block-t2-accordion-item\" role=\"listitem\">\n\t\t\t<h2 class=\"t2-accordion-title\">\n\t\t\t\t<button type=\"button\" class=\"t2-accordion-trigger\" id=\"bakgrunn\" aria-controls=\"accordion-panel\" aria-expanded=\"false\">\n\t\t\t\t\tBakgrunn\n\t\t\t\t\t<span class=\"t2-accordion-icon is-closed-icon\"><svg xmlns=\"http:\/\/www.w3.org\/2000\/svg\" viewBox=\"0 0 24 24\" height=\"24\" width=\"24\" class=\"t2-icon t2-icon-plus\" aria-hidden=\"true\" focusable=\"false\"><path d=\"M11.8 5.037a1.088 1.088 0 0 0-.722.566c-.075.148-.078.25-.078 2.772v2.619l-2.61.016c-1.867.012-2.652.03-2.756.064-.168.055-.438.301-.54.494-.049.092-.07.223-.07.432 0 .34.054.476.282.704.289.289.14.275 3.064.288l2.63.012v2.619c0 2.544.002 2.625.08 2.778.191.372.516.577.92.577s.729-.205.92-.577c.078-.153.08-.234.08-2.778v-2.619l2.63-.012c2.924-.013 2.775.001 3.064-.288.228-.228.282-.364.282-.704 0-.209-.021-.34-.07-.432-.102-.193-.372-.439-.54-.494-.104-.034-.889-.052-2.756-.064L13 10.994V8.375c0-2.522-.003-2.624-.078-2.772-.214-.418-.685-.656-1.122-.566\"\/><\/svg><\/span>\n\t\t\t\t\t<span class=\"t2-accordion-icon is-open-icon\"><svg xmlns=\"http:\/\/www.w3.org\/2000\/svg\" viewBox=\"0 0 24 24\" height=\"24\" width=\"24\" class=\"t2-icon t2-icon-chevronup\" aria-hidden=\"true\" focusable=\"false\"><path d=\"M6.7 14.7c-.2-.2-.3-.4-.3-.7s.1-.5.3-.7l4.6-4.6c.1-.1.2-.2.3-.2.1 0 .2-.1.4-.1.1 0 .3 0 .4.1.1 0 .2.1.3.2l4.6 4.6c.2.2.3.4.3.7s-.1.5-.3.7c-.2.2-.4.3-.7.3s-.5-.1-.7-.3L12 10.8l-3.9 3.9c-.2.2-.4.3-.7.3s-.5-.1-.7-.3z\" fill=\"currentColor\" \/><\/svg><\/span>\n\t\t\t\t<\/button>\n\t\t\t<\/h2>\n\t\t\t<div class=\"t2-accordion-item__inner-container is-layout-flow\" id=\"accordion-panel\" aria-labelledby=\"bakgrunn\" role=\"region\" hidden>\n\t\t\t\t\n\n<p>Tilbudet ved helsesenteret i Oslo ble \u00e5pnet 20. oktober 2009, etter at Kirkens Bymisjon unders\u00f8kte forholdene til papirl\u00f8se i Norge, s\u00e5 p\u00e5 behovet for hjelpetilbud og kartla hvilke hjelpetilbud som finnes i andre europeiske land.<\/p>\n\n\n\n<p>Papirl\u00f8se hadde da i flere \u00e5r kontaktet Oslos lavterskeltiltak for \u00e5 f\u00e5 hjelp, deriblant Kirkens Bymisjons egne. For Kirkens Bymisjon er det en visjon at mennesker i byen erfarer respekt, rettferdighet og omsorg \u2013 ogs\u00e5 mennesker som ikke har oppholdstillatelse. Dermed ble det \u00e5 fremme deres rettigheter en viktig sak for Kirkens Bymisjon, spesielt \u00ab\u2026de som av ulike \u00e5rsaker ikke har regul\u00e6rt opphold i Norge, og som derfor faller utenfor rettigheter og hjelpeordninger som forutsetter borgerskap eller oppholdstillatelse.\u00bb<\/p>\n\n\n\t\t\t<\/div>\n\t\t<\/div>\n\n<div class=\"t2-accordion-item wp-block-t2-accordion-item\" role=\"listitem\">\n\t\t\t<h2 class=\"t2-accordion-title\">\n\t\t\t\t<button type=\"button\" class=\"t2-accordion-trigger\" id=\"finansiering\" aria-controls=\"accordion-panel-1\" aria-expanded=\"false\">\n\t\t\t\t\tFinansiering\n\t\t\t\t\t<span class=\"t2-accordion-icon is-closed-icon\"><svg xmlns=\"http:\/\/www.w3.org\/2000\/svg\" viewBox=\"0 0 24 24\" height=\"24\" width=\"24\" class=\"t2-icon t2-icon-plus\" aria-hidden=\"true\" focusable=\"false\"><path d=\"M11.8 5.037a1.088 1.088 0 0 0-.722.566c-.075.148-.078.25-.078 2.772v2.619l-2.61.016c-1.867.012-2.652.03-2.756.064-.168.055-.438.301-.54.494-.049.092-.07.223-.07.432 0 .34.054.476.282.704.289.289.14.275 3.064.288l2.63.012v2.619c0 2.544.002 2.625.08 2.778.191.372.516.577.92.577s.729-.205.92-.577c.078-.153.08-.234.08-2.778v-2.619l2.63-.012c2.924-.013 2.775.001 3.064-.288.228-.228.282-.364.282-.704 0-.209-.021-.34-.07-.432-.102-.193-.372-.439-.54-.494-.104-.034-.889-.052-2.756-.064L13 10.994V8.375c0-2.522-.003-2.624-.078-2.772-.214-.418-.685-.656-1.122-.566\"\/><\/svg><\/span>\n\t\t\t\t\t<span class=\"t2-accordion-icon is-open-icon\"><svg xmlns=\"http:\/\/www.w3.org\/2000\/svg\" viewBox=\"0 0 24 24\" height=\"24\" width=\"24\" class=\"t2-icon t2-icon-chevronup\" aria-hidden=\"true\" focusable=\"false\"><path d=\"M6.7 14.7c-.2-.2-.3-.4-.3-.7s.1-.5.3-.7l4.6-4.6c.1-.1.2-.2.3-.2.1 0 .2-.1.4-.1.1 0 .3 0 .4.1.1 0 .2.1.3.2l4.6 4.6c.2.2.3.4.3.7s-.1.5-.3.7c-.2.2-.4.3-.7.3s-.5-.1-.7-.3L12 10.8l-3.9 3.9c-.2.2-.4.3-.7.3s-.5-.1-.7-.3z\" fill=\"currentColor\" \/><\/svg><\/span>\n\t\t\t\t<\/button>\n\t\t\t<\/h2>\n\t\t\t<div class=\"t2-accordion-item__inner-container is-layout-flow\" id=\"accordion-panel-1\" aria-labelledby=\"finansiering\" role=\"region\" hidden>\n\t\t\t\t\n\n<p>Vi er finansiert av innsamlede midler fra Kirkens Bymisjon og <a href=\"https:\/\/www.rodekors.no\/\" target=\"_blank\" rel=\"noreferrer noopener\">R\u00f8de Kors<\/a>.<\/p>\n\n\n\n<p>Vi f\u00e5r ogs\u00e5 prosjektst\u00f8tte fra <a href=\"https:\/\/dam.no\/\">Stiftelsen Dam<\/a> og Helsedirektoratet, samt driftstilskudd fra Oslo Kommune.<\/p>\n\n\n\n<p>Helsesenteret har mange samarbeidspartnere og noen sentrale er <a href=\"https:\/\/www.diakonhjemmetsykehus.no\/\" target=\"_blank\" rel=\"noreferrer noopener\">Diakonhjemmet Sykehus<\/a>, Lovisenberg Diakonale Sykehus, Sykehusapotek, VID, Institutt for helse og samfunn, Medisinsk fakultet, UIO m.m.<\/p>\n\n\n\t\t\t<\/div>\n\t\t<\/div>\n\n<div class=\"t2-accordion-item wp-block-t2-accordion-item\" role=\"listitem\">\n\t\t\t<h2 class=\"t2-accordion-title\">\n\t\t\t\t<button type=\"button\" class=\"t2-accordion-trigger\" id=\"\u00e5rsmeldinger\" aria-controls=\"accordion-panel-2\" aria-expanded=\"false\">\n\t\t\t\t\t\u00c5rsmeldinger\n\t\t\t\t\t<span class=\"t2-accordion-icon is-closed-icon\"><svg xmlns=\"http:\/\/www.w3.org\/2000\/svg\" viewBox=\"0 0 24 24\" height=\"24\" width=\"24\" class=\"t2-icon t2-icon-plus\" aria-hidden=\"true\" focusable=\"false\"><path d=\"M11.8 5.037a1.088 1.088 0 0 0-.722.566c-.075.148-.078.25-.078 2.772v2.619l-2.61.016c-1.867.012-2.652.03-2.756.064-.168.055-.438.301-.54.494-.049.092-.07.223-.07.432 0 .34.054.476.282.704.289.289.14.275 3.064.288l2.63.012v2.619c0 2.544.002 2.625.08 2.778.191.372.516.577.92.577s.729-.205.92-.577c.078-.153.08-.234.08-2.778v-2.619l2.63-.012c2.924-.013 2.775.001 3.064-.288.228-.228.282-.364.282-.704 0-.209-.021-.34-.07-.432-.102-.193-.372-.439-.54-.494-.104-.034-.889-.052-2.756-.064L13 10.994V8.375c0-2.522-.003-2.624-.078-2.772-.214-.418-.685-.656-1.122-.566\"\/><\/svg><\/span>\n\t\t\t\t\t<span class=\"t2-accordion-icon is-open-icon\"><svg xmlns=\"http:\/\/www.w3.org\/2000\/svg\" viewBox=\"0 0 24 24\" height=\"24\" width=\"24\" class=\"t2-icon t2-icon-chevronup\" aria-hidden=\"true\" focusable=\"false\"><path d=\"M6.7 14.7c-.2-.2-.3-.4-.3-.7s.1-.5.3-.7l4.6-4.6c.1-.1.2-.2.3-.2.1 0 .2-.1.4-.1.1 0 .3 0 .4.1.1 0 .2.1.3.2l4.6 4.6c.2.2.3.4.3.7s-.1.5-.3.7c-.2.2-.4.3-.7.3s-.5-.1-.7-.3L12 10.8l-3.9 3.9c-.2.2-.4.3-.7.3s-.5-.1-.7-.3z\" fill=\"currentColor\" \/><\/svg><\/span>\n\t\t\t\t<\/button>\n\t\t\t<\/h2>\n\t\t\t<div class=\"t2-accordion-item__inner-container is-layout-flow\" id=\"accordion-panel-2\" aria-labelledby=\"\u00e5rsmeldinger\" role=\"region\" hidden>\n\t\t\t\t\n\n<p><a href=\"https:\/\/kirkensbymisjon.no\/content\/uploads\/sites\/28\/2026\/02\/Aarsmelding_2025_Helsesenteret.pdf\" target=\"_blank\" rel=\"noreferrer noopener\">\u00c5rsmelding 2025<\/a>: Helsesenter for papirl\u00f8se migranter, Oslo<\/p>\n\n\n\n<p><a href=\"https:\/\/kirkensbymisjon.no\/content\/uploads\/sites\/28\/2025\/03\/Arsmelding_2024-Helsesenteret.pdf\" target=\"_blank\" rel=\"noreferrer noopener\">\u00c5rsmelding 2024<\/a>: Helsesenter for papirl\u00f8se migranter, Oslo<\/p>\n\n\n\n<p><a href=\"https:\/\/kirkensbymisjon.no\/content\/uploads\/sites\/28\/2024\/08\/arsmelding-Helsesenteret-oslo-2023.pdf\" target=\"_blank\" rel=\"noreferrer noopener\">\u00c5rsmelding 2023<\/a>: Helsesenter for papirl\u00f8se migranter, Oslo<\/p>\n\n\n\n<p><a href=\"https:\/\/kirkensbymisjon.no\/content\/uploads\/sites\/28\/2024\/08\/arsmelding-Helsesenteret-oslo-2022.pdf\" target=\"_blank\" rel=\"noreferrer noopener\">\u00c5rsmelding 2022<\/a>: Helsesenter for papirl\u00f8se migranter, Oslo<\/p>\n\n\n\n<p><a href=\"https:\/\/kirkensbymisjon.no\/content\/uploads\/sites\/28\/2024\/08\/arsmelding-Helsesenteret-oslo-2021.pdf\" target=\"_blank\" rel=\"noreferrer noopener\">\u00c5rsmelding 2021<\/a>: Helsesenter for papirl\u00f8se migranter, Oslo<\/p>\n\n\n\n<p><a href=\"https:\/\/kirkensbymisjon.no\/content\/uploads\/sites\/28\/2024\/08\/arsmelding-Helsesenteret-oslo-2020.pdf\" target=\"_blank\" rel=\"noreferrer noopener\">\u00c5rsmelding 2020<\/a>: Helsesenter for papirl\u00f8se migranter, Oslo<\/p>\n\n\n\n<p><a href=\"https:\/\/kirkensbymisjon.no\/content\/uploads\/sites\/28\/2024\/08\/arsmelding-Helsesenteret-oslo-2019.pdf\" target=\"_blank\" rel=\"noreferrer noopener\">\u00c5rsmelding 2019<\/a>: Helsesenter for papirl\u00f8se migranter, Oslo<\/p>\n\n\n\n<p><a href=\"https:\/\/kirkensbymisjon.no\/content\/uploads\/sites\/28\/2024\/08\/arsmelding-Helsesenteret-oslo-2018.pdf\" target=\"_blank\" rel=\"noreferrer noopener\">\u00c5rsmelding 2018<\/a>: Helsesenter for papirl\u00f8se migranter, Oslo<\/p>\n\n\n\n<p><a href=\"https:\/\/kirkensbymisjon.no\/content\/uploads\/sites\/28\/2024\/08\/arsmelding-Helsesenteret-oslo-2017.pdf\" target=\"_blank\" rel=\"noreferrer noopener\">\u00c5rsmelding 2017<\/a>: Helsesenter for papirl\u00f8se migranter, Oslo<\/p>\n\n\n\n<p><a href=\"https:\/\/kirkensbymisjon.no\/content\/uploads\/sites\/28\/2024\/08\/arsmelding-Helsesenteret-oslo-2016.pdf\" target=\"_blank\" rel=\"noreferrer noopener\">\u00c5rsmelding 2016<\/a>: Helsesenter for papirl\u00f8se migranter, Oslo<\/p>\n\n\n\n<p><a href=\"https:\/\/kirkensbymisjon.no\/content\/uploads\/sites\/28\/2024\/08\/arsmelding-Helsesenteret-oslo-2015.pdf\" target=\"_blank\" rel=\"noreferrer noopener\">\u00c5rsmelding 2015<\/a>: Helsesenter for papirl\u00f8se migranter, Oslo<\/p>\n\n\n\n<p><a href=\"https:\/\/kirkensbymisjon.no\/content\/uploads\/sites\/28\/2024\/08\/arsmelding-Helsesenteret-oslo-2014.pdf\" target=\"_blank\" rel=\"noreferrer noopener\">\u00c5rsmelding 2014<\/a>: Helsesenter for papirl\u00f8se migranter, Oslo<\/p>\n\n\n\n<p><a href=\"https:\/\/kirkensbymisjon.no\/content\/uploads\/sites\/28\/2024\/08\/arsmelding-Helsesenteret-oslo-2013.pdf\" target=\"_blank\" rel=\"noreferrer noopener\">\u00c5rsmelding 2013<\/a>: Helsesenter for papirl\u00f8se migranter, Oslo<\/p>\n\n\n\n<p><a href=\"https:\/\/kirkensbymisjon.no\/content\/uploads\/sites\/28\/2024\/08\/arsmelding-Helsesenteret-oslo-2012.pdf\" target=\"_blank\" rel=\"noreferrer noopener\">\u00c5rsmelding 2012<\/a>: Helsesenter for papirl\u00f8se migranter, Oslo<\/p>\n\n\n\n<p><a href=\"https:\/\/kirkensbymisjon.no\/content\/uploads\/sites\/28\/2024\/08\/arsmelding-Helsesenteret-oslo-2011.pdf\" target=\"_blank\" rel=\"noreferrer noopener\">\u00c5rsmelding 2011<\/a>: Helsesenter for papirl\u00f8se migranter, Oslo<\/p>\n\n\n\n<p><a href=\"https:\/\/kirkensbymisjon.no\/content\/uploads\/sites\/28\/2024\/08\/arsmelding-Helsesenteret-oslo-2010.pdf\" target=\"_blank\" rel=\"noreferrer noopener\">\u00c5rsmelding 2010<\/a>: Helsesenter for papirl\u00f8se migranter, Oslo<\/p>\n\n\n\n<p><a href=\"https:\/\/kirkensbymisjon.no\/content\/uploads\/sites\/28\/2024\/08\/arsmelding-Helsesenteret-oslo-2009.pdf\" target=\"_blank\" rel=\"noreferrer noopener\">\u00c5rsmelding 2009<\/a>: Helsesenter for papirl\u00f8se migranter, Oslo<\/p>\n\n\n\t\t\t<\/div>\n\t\t<\/div>\n<\/div>","protected":false},"excerpt":{"rendered":"<p>Om helsesenteret i Oslo<\/p>\n","protected":false},"author":5,"featured_media":0,"parent":40,"menu_order":0,"comment_status":"closed","ping_status":"closed","template":"","meta":{"_relevanssi_hide_post":"","_relevanssi_hide_content":"","_relevanssi_pin_for_all":"","_relevanssi_pin_keywords":"","_relevanssi_unpin_keywords":"","_relevanssi_related_keywords":"","_relevanssi_related_include_ids":"","_relevanssi_related_exclude_ids":"","_relevanssi_related_no_append":"","_relevanssi_related_not_related":"","_relevanssi_related_posts":"1","_relevanssi_noindex_reason":"","editor_notices":[],"footnotes":""},"class_list":["post-50","page","type-page","status-publish","hentry"],"yoast_head":"<!-- This site is optimized with the Yoast SEO Premium plugin v27.2 (Yoast SEO v27.2) - https:\/\/yoast.com\/product\/yoast-seo-premium-wordpress\/ -->\n<title>Oslo - Helsesenteret for papirl\u00f8se\u00a0migranter<\/title>\n<meta name=\"robots\" content=\"index, follow, max-snippet:-1, max-image-preview:large, max-video-preview:-1\" \/>\n<link rel=\"canonical\" href=\"https:\/\/kirkensbymisjon.no\/tilbud-helsesenteret-for-papirlose-migranter\/om-helsesenteret\/oslo\/\" \/>\n<meta property=\"og:locale\" content=\"nb_NO\" \/>\n<meta property=\"og:type\" content=\"article\" \/>\n<meta property=\"og:title\" content=\"Oslo\" \/>\n<meta property=\"og:description\" content=\"Om helsesenteret i Oslo\" \/>\n<meta property=\"og:url\" content=\"https:\/\/kirkensbymisjon.no\/tilbud-helsesenteret-for-papirlose-migranter\/om-helsesenteret\/oslo\/\" \/>\n<meta property=\"og:site_name\" content=\"Helsesenteret for papirl\u00f8se\u00a0migranter\" \/>\n<meta property=\"article:modified_time\" content=\"2026-02-24T14:41:01+00:00\" \/>\n<meta property=\"og:image\" content=\"https:\/\/kirkensbymisjon.no\/content\/uploads\/sites\/28\/2024\/08\/tilbud_helsesenteret_05.jpg\" \/>\n\t<meta property=\"og:image:width\" content=\"1600\" \/>\n\t<meta property=\"og:image:height\" content=\"1067\" \/>\n\t<meta property=\"og:image:type\" content=\"image\/jpeg\" \/>\n<meta name=\"twitter:card\" content=\"summary_large_image\" \/>\n<meta name=\"twitter:label1\" content=\"Ansl. lesetid\" \/>\n\t<meta name=\"twitter:data1\" content=\"2 minutter\" \/>\n<script type=\"application\/ld+json\" class=\"yoast-schema-graph\">{\"@context\":\"https:\/\/schema.org\",\"@graph\":[{\"@type\":\"WebPage\",\"@id\":\"https:\/\/kirkensbymisjon.no\/tilbud-helsesenteret-for-papirlose-migranter\/om-helsesenteret\/oslo\/\",\"url\":\"https:\/\/kirkensbymisjon.no\/tilbud-helsesenteret-for-papirlose-migranter\/om-helsesenteret\/oslo\/\",\"name\":\"Oslo - Helsesenteret for papirl\u00f8se\u00a0migranter\",\"isPartOf\":{\"@id\":\"https:\/\/kirkensbymisjon.no\/tilbud-helsesenteret-for-papirlose-migranter\/#website\"},\"primaryImageOfPage\":{\"@id\":\"https:\/\/kirkensbymisjon.no\/tilbud-helsesenteret-for-papirlose-migranter\/om-helsesenteret\/oslo\/#primaryimage\"},\"image\":{\"@id\":\"https:\/\/kirkensbymisjon.no\/tilbud-helsesenteret-for-papirlose-migranter\/om-helsesenteret\/oslo\/#primaryimage\"},\"thumbnailUrl\":\"https:\/\/kirkensbymisjon.no\/content\/uploads\/sites\/28\/2024\/08\/tilbud_helsesenteret_05.jpg\",\"datePublished\":\"2024-08-19T17:35:08+00:00\",\"dateModified\":\"2026-02-24T14:41:01+00:00\",\"breadcrumb\":{\"@id\":\"https:\/\/kirkensbymisjon.no\/tilbud-helsesenteret-for-papirlose-migranter\/om-helsesenteret\/oslo\/#breadcrumb\"},\"inLanguage\":\"nb-NO\",\"potentialAction\":[{\"@type\":\"ReadAction\",\"target\":[\"https:\/\/kirkensbymisjon.no\/tilbud-helsesenteret-for-papirlose-migranter\/om-helsesenteret\/oslo\/\"]}]},{\"@type\":\"ImageObject\",\"inLanguage\":\"nb-NO\",\"@id\":\"https:\/\/kirkensbymisjon.no\/tilbud-helsesenteret-for-papirlose-migranter\/om-helsesenteret\/oslo\/#primaryimage\",\"url\":\"https:\/\/kirkensbymisjon.no\/content\/uploads\/sites\/28\/2024\/08\/tilbud_helsesenteret_05.jpg\",\"contentUrl\":\"https:\/\/kirkensbymisjon.no\/content\/uploads\/sites\/28\/2024\/08\/tilbud_helsesenteret_05.jpg\"},{\"@type\":\"BreadcrumbList\",\"@id\":\"https:\/\/kirkensbymisjon.no\/tilbud-helsesenteret-for-papirlose-migranter\/om-helsesenteret\/oslo\/#breadcrumb\",\"itemListElement\":[{\"@type\":\"ListItem\",\"position\":1,\"name\":\"Hjem\",\"item\":\"https:\/\/kirkensbymisjon.no\/tilbud-helsesenteret-for-papirlose-migranter\/\"},{\"@type\":\"ListItem\",\"position\":2,\"name\":\"Om helsesenteret\",\"item\":\"https:\/\/kirkensbymisjon.no\/tilbud-helsesenteret-for-papirlose-migranter\/om-helsesenteret\/\"},{\"@type\":\"ListItem\",\"position\":3,\"name\":\"Oslo\"}]},{\"@type\":\"WebSite\",\"@id\":\"https:\/\/kirkensbymisjon.no\/tilbud-helsesenteret-for-papirlose-migranter\/#website\",\"url\":\"https:\/\/kirkensbymisjon.no\/tilbud-helsesenteret-for-papirlose-migranter\/\",\"name\":\"Helsesenteret for papirl\u00f8se\u00a0migranter\",\"description\":\"\",\"potentialAction\":[{\"@type\":\"SearchAction\",\"target\":{\"@type\":\"EntryPoint\",\"urlTemplate\":\"https:\/\/kirkensbymisjon.no\/tilbud-helsesenteret-for-papirlose-migranter\/?s={search_term_string}\"},\"query-input\":{\"@type\":\"PropertyValueSpecification\",\"valueRequired\":true,\"valueName\":\"search_term_string\"}}],\"inLanguage\":\"nb-NO\"}]}<\/script>\n<!-- \/ Yoast SEO Premium plugin. -->","yoast_head_json":{"title":"Oslo - Helsesenteret for papirl\u00f8se\u00a0migranter","robots":{"index":"index","follow":"follow","max-snippet":"max-snippet:-1","max-image-preview":"max-image-preview:large","max-video-preview":"max-video-preview:-1"},"canonical":"https:\/\/kirkensbymisjon.no\/tilbud-helsesenteret-for-papirlose-migranter\/om-helsesenteret\/oslo\/","og_locale":"nb_NO","og_type":"article","og_title":"Oslo","og_description":"Om helsesenteret i Oslo","og_url":"https:\/\/kirkensbymisjon.no\/tilbud-helsesenteret-for-papirlose-migranter\/om-helsesenteret\/oslo\/","og_site_name":"Helsesenteret for papirl\u00f8se\u00a0migranter","article_modified_time":"2026-02-24T14:41:01+00:00","og_image":[{"width":1600,"height":1067,"url":"https:\/\/kirkensbymisjon.no\/content\/uploads\/sites\/28\/2024\/08\/tilbud_helsesenteret_05.jpg","type":"image\/jpeg"}],"twitter_card":"summary_large_image","twitter_misc":{"Ansl. lesetid":"2 minutter"},"schema":{"@context":"https:\/\/schema.org","@graph":[{"@type":"WebPage","@id":"https:\/\/kirkensbymisjon.no\/tilbud-helsesenteret-for-papirlose-migranter\/om-helsesenteret\/oslo\/","url":"https:\/\/kirkensbymisjon.no\/tilbud-helsesenteret-for-papirlose-migranter\/om-helsesenteret\/oslo\/","name":"Oslo - Helsesenteret for papirl\u00f8se\u00a0migranter","isPartOf":{"@id":"https:\/\/kirkensbymisjon.no\/tilbud-helsesenteret-for-papirlose-migranter\/#website"},"primaryImageOfPage":{"@id":"https:\/\/kirkensbymisjon.no\/tilbud-helsesenteret-for-papirlose-migranter\/om-helsesenteret\/oslo\/#primaryimage"},"image":{"@id":"https:\/\/kirkensbymisjon.no\/tilbud-helsesenteret-for-papirlose-migranter\/om-helsesenteret\/oslo\/#primaryimage"},"thumbnailUrl":"https:\/\/kirkensbymisjon.no\/content\/uploads\/sites\/28\/2024\/08\/tilbud_helsesenteret_05.jpg","datePublished":"2024-08-19T17:35:08+00:00","dateModified":"2026-02-24T14:41:01+00:00","breadcrumb":{"@id":"https:\/\/kirkensbymisjon.no\/tilbud-helsesenteret-for-papirlose-migranter\/om-helsesenteret\/oslo\/#breadcrumb"},"inLanguage":"nb-NO","potentialAction":[{"@type":"ReadAction","target":["https:\/\/kirkensbymisjon.no\/tilbud-helsesenteret-for-papirlose-migranter\/om-helsesenteret\/oslo\/"]}]},{"@type":"ImageObject","inLanguage":"nb-NO","@id":"https:\/\/kirkensbymisjon.no\/tilbud-helsesenteret-for-papirlose-migranter\/om-helsesenteret\/oslo\/#primaryimage","url":"https:\/\/kirkensbymisjon.no\/content\/uploads\/sites\/28\/2024\/08\/tilbud_helsesenteret_05.jpg","contentUrl":"https:\/\/kirkensbymisjon.no\/content\/uploads\/sites\/28\/2024\/08\/tilbud_helsesenteret_05.jpg"},{"@type":"BreadcrumbList","@id":"https:\/\/kirkensbymisjon.no\/tilbud-helsesenteret-for-papirlose-migranter\/om-helsesenteret\/oslo\/#breadcrumb","itemListElement":[{"@type":"ListItem","position":1,"name":"Hjem","item":"https:\/\/kirkensbymisjon.no\/tilbud-helsesenteret-for-papirlose-migranter\/"},{"@type":"ListItem","position":2,"name":"Om helsesenteret","item":"https:\/\/kirkensbymisjon.no\/tilbud-helsesenteret-for-papirlose-migranter\/om-helsesenteret\/"},{"@type":"ListItem","position":3,"name":"Oslo"}]},{"@type":"WebSite","@id":"https:\/\/kirkensbymisjon.no\/tilbud-helsesenteret-for-papirlose-migranter\/#website","url":"https:\/\/kirkensbymisjon.no\/tilbud-helsesenteret-for-papirlose-migranter\/","name":"Helsesenteret for papirl\u00f8se\u00a0migranter","description":"","potentialAction":[{"@type":"SearchAction","target":{"@type":"EntryPoint","urlTemplate":"https:\/\/kirkensbymisjon.no\/tilbud-helsesenteret-for-papirlose-migranter\/?s={search_term_string}"},"query-input":{"@type":"PropertyValueSpecification","valueRequired":true,"valueName":"search_term_string"}}],"inLanguage":"nb-NO"}]}},"_links":{"self":[{"href":"https:\/\/kirkensbymisjon.no\/tilbud-helsesenteret-for-papirlose-migranter\/wp-json\/wp\/v2\/pages\/50","targetHints":{"allow":["GET"]}}],"collection":[{"href":"https:\/\/kirkensbymisjon.no\/tilbud-helsesenteret-for-papirlose-migranter\/wp-json\/wp\/v2\/pages"}],"about":[{"href":"https:\/\/kirkensbymisjon.no\/tilbud-helsesenteret-for-papirlose-migranter\/wp-json\/wp\/v2\/types\/page"}],"author":[{"embeddable":true,"href":"https:\/\/kirkensbymisjon.no\/tilbud-helsesenteret-for-papirlose-migranter\/wp-json\/wp\/v2\/users\/5"}],"replies":[{"embeddable":true,"href":"https:\/\/kirkensbymisjon.no\/tilbud-helsesenteret-for-papirlose-migranter\/wp-json\/wp\/v2\/comments?post=50"}],"version-history":[{"count":5,"href":"https:\/\/kirkensbymisjon.no\/tilbud-helsesenteret-for-papirlose-migranter\/wp-json\/wp\/v2\/pages\/50\/revisions"}],"predecessor-version":[{"id":303,"href":"https:\/\/kirkensbymisjon.no\/tilbud-helsesenteret-for-papirlose-migranter\/wp-json\/wp\/v2\/pages\/50\/revisions\/303"}],"up":[{"embeddable":true,"href":"https:\/\/kirkensbymisjon.no\/tilbud-helsesenteret-for-papirlose-migranter\/wp-json\/wp\/v2\/pages\/40"}],"wp:attachment":[{"href":"https:\/\/kirkensbymisjon.no\/tilbud-helsesenteret-for-papirlose-migranter\/wp-json\/wp\/v2\/media?parent=50"}],"curies":[{"name":"wp","href":"https:\/\/api.w.org\/{rel}","templated":true}]}}