{"id":21,"date":"2024-08-16T12:20:27","date_gmt":"2024-08-16T10:20:27","guid":{"rendered":"https:\/\/kirkensbymisjon.no\/tilbud-home-start-familiekontakten\/?page_id=21"},"modified":"2026-02-13T09:59:43","modified_gmt":"2026-02-13T08:59:43","slug":"om-familiekontakten","status":"publish","type":"page","link":"https:\/\/kirkensbymisjon.no\/tilbud-home-start\/om-familiekontakten\/","title":{"rendered":"Om Home-Start"},"content":{"rendered":"\n<p>Ideen bak \u00abHome-Start\u00bb er at familien har behov for en likeverdig person, som selv har foreldreerfaring, og som kan dele gleder og sorger med familien.<\/p>\n\n\n\n<p>Familiekontaktene er voksne som enten har foreldreerfaring eller annen erfaring med barn. De har ulik alder og bakgrunn, noe som gj\u00f8r at \u00abHome-Start\u00bb kan m\u00f8te behovene til mange ulike familier.<\/p>\n\n\n\n<figure class=\"wp-block-image size-full\"><img loading=\"lazy\" decoding=\"async\" width=\"1000\" height=\"500\" src=\"https:\/\/kirkensbymisjon.no\/content\/uploads\/sites\/94\/2024\/08\/tilbud_home-start_07.jpg\" alt=\"En sm\u00e5barnsfamilie og en frivillig\" class=\"wp-image-95\" srcset=\"https:\/\/kirkensbymisjon.no\/content\/uploads\/sites\/94\/2024\/08\/tilbud_home-start_07.jpg 1000w, https:\/\/kirkensbymisjon.no\/content\/uploads\/sites\/94\/2024\/08\/tilbud_home-start_07-300x150.jpg 300w, https:\/\/kirkensbymisjon.no\/content\/uploads\/sites\/94\/2024\/08\/tilbud_home-start_07-768x384.jpg 768w\" sizes=\"auto, (max-width: 1000px) 100vw, 1000px\" \/><\/figure>\n\n\n<div class=\"t2-accordion wp-block-t2-accordion\" data-allow-multiple=\"1\" role=\"list\">\n<div class=\"t2-accordion-item wp-block-t2-accordion-item\" role=\"listitem\">\n\t\t\t<h2 class=\"t2-accordion-title\">\n\t\t\t\t<button type=\"button\" class=\"t2-accordion-trigger\" id=\"hvordan-fungerer-det?\" aria-controls=\"accordion-panel\" aria-expanded=\"false\">\n\t\t\t\t\tHvordan fungerer det?\n\t\t\t\t\t<span class=\"t2-accordion-icon is-closed-icon\"><svg xmlns=\"http:\/\/www.w3.org\/2000\/svg\" viewBox=\"0 0 24 24\" height=\"24\" width=\"24\" class=\"t2-icon t2-icon-plus\" aria-hidden=\"true\" focusable=\"false\"><path d=\"M11.8 5.037a1.088 1.088 0 0 0-.722.566c-.075.148-.078.25-.078 2.772v2.619l-2.61.016c-1.867.012-2.652.03-2.756.064-.168.055-.438.301-.54.494-.049.092-.07.223-.07.432 0 .34.054.476.282.704.289.289.14.275 3.064.288l2.63.012v2.619c0 2.544.002 2.625.08 2.778.191.372.516.577.92.577s.729-.205.92-.577c.078-.153.08-.234.08-2.778v-2.619l2.63-.012c2.924-.013 2.775.001 3.064-.288.228-.228.282-.364.282-.704 0-.209-.021-.34-.07-.432-.102-.193-.372-.439-.54-.494-.104-.034-.889-.052-2.756-.064L13 10.994V8.375c0-2.522-.003-2.624-.078-2.772-.214-.418-.685-.656-1.122-.566\"\/><\/svg><\/span>\n\t\t\t\t\t<span class=\"t2-accordion-icon is-open-icon\"><svg xmlns=\"http:\/\/www.w3.org\/2000\/svg\" viewBox=\"0 0 24 24\" height=\"24\" width=\"24\" class=\"t2-icon t2-icon-chevronup\" aria-hidden=\"true\" focusable=\"false\"><path d=\"M6.7 14.7c-.2-.2-.3-.4-.3-.7s.1-.5.3-.7l4.6-4.6c.1-.1.2-.2.3-.2.1 0 .2-.1.4-.1.1 0 .3 0 .4.1.1 0 .2.1.3.2l4.6 4.6c.2.2.3.4.3.7s-.1.5-.3.7c-.2.2-.4.3-.7.3s-.5-.1-.7-.3L12 10.8l-3.9 3.9c-.2.2-.4.3-.7.3s-.5-.1-.7-.3z\" fill=\"currentColor\" \/><\/svg><\/span>\n\t\t\t\t<\/button>\n\t\t\t<\/h2>\n\t\t\t<div class=\"t2-accordion-item__inner-container is-layout-flow\" id=\"accordion-panel\" aria-labelledby=\"hvordan-fungerer-det?\" role=\"region\" hidden>\n\t\t\t\t\n\n<p>Familiene definerer selv hva de trenger st\u00f8tte til. De frivillige (familiekontaktene) m\u00e5 delta p\u00e5 forberedelseskurs og levere politiattest f\u00f8r de kan bes\u00f8ke en familie. Familiekontaktene har taushetsplikt og f\u00e5r st\u00f8tte og veiledning av koordinator i tiden de bes\u00f8ker en familie.<\/p>\n\n\n\n<p>V\u00e5rt tilbud er gratis og basert p\u00e5 frivillighet. Mange av familiene tar selv ta kontakt for \u00e5 f\u00e5 st\u00f8tte. Vi har et godt samarbeid med hjelpeapparatet i kommunen, som ogs\u00e5 kan bist\u00e5 familiene i \u00e5 ta kontakt med oss.<\/p>\n\n\n\n<p>Kirkens Bymisjon driver tilbudet flere steder i landet. \u00abHome-Start\u00bb (HS) er del av en nettverksorganisasjon, hvor\u00a0<br><a href=\"https:\/\/home-start-norge.no\/\" target=\"_blank\" rel=\"noreferrer noopener\">Home-Start Norge (HSN)<\/a>\u00a0representerer det nasjonale kontoret til organisasjonen.<\/p>\n\n\n\t\t\t<\/div>\n\t\t<\/div>\n\n<div class=\"t2-accordion-item wp-block-t2-accordion-item\" role=\"listitem\">\n\t\t\t<h2 class=\"t2-accordion-title\">\n\t\t\t\t<button type=\"button\" class=\"t2-accordion-trigger\" id=\"prinsipper-og-metoder\" aria-controls=\"accordion-panel-1\" aria-expanded=\"false\">\n\t\t\t\t\tPrinsipper og metoder\n\t\t\t\t\t<span class=\"t2-accordion-icon is-closed-icon\"><svg xmlns=\"http:\/\/www.w3.org\/2000\/svg\" viewBox=\"0 0 24 24\" height=\"24\" width=\"24\" class=\"t2-icon t2-icon-plus\" aria-hidden=\"true\" focusable=\"false\"><path d=\"M11.8 5.037a1.088 1.088 0 0 0-.722.566c-.075.148-.078.25-.078 2.772v2.619l-2.61.016c-1.867.012-2.652.03-2.756.064-.168.055-.438.301-.54.494-.049.092-.07.223-.07.432 0 .34.054.476.282.704.289.289.14.275 3.064.288l2.63.012v2.619c0 2.544.002 2.625.08 2.778.191.372.516.577.92.577s.729-.205.92-.577c.078-.153.08-.234.08-2.778v-2.619l2.63-.012c2.924-.013 2.775.001 3.064-.288.228-.228.282-.364.282-.704 0-.209-.021-.34-.07-.432-.102-.193-.372-.439-.54-.494-.104-.034-.889-.052-2.756-.064L13 10.994V8.375c0-2.522-.003-2.624-.078-2.772-.214-.418-.685-.656-1.122-.566\"\/><\/svg><\/span>\n\t\t\t\t\t<span class=\"t2-accordion-icon is-open-icon\"><svg xmlns=\"http:\/\/www.w3.org\/2000\/svg\" viewBox=\"0 0 24 24\" height=\"24\" width=\"24\" class=\"t2-icon t2-icon-chevronup\" aria-hidden=\"true\" focusable=\"false\"><path d=\"M6.7 14.7c-.2-.2-.3-.4-.3-.7s.1-.5.3-.7l4.6-4.6c.1-.1.2-.2.3-.2.1 0 .2-.1.4-.1.1 0 .3 0 .4.1.1 0 .2.1.3.2l4.6 4.6c.2.2.3.4.3.7s-.1.5-.3.7c-.2.2-.4.3-.7.3s-.5-.1-.7-.3L12 10.8l-3.9 3.9c-.2.2-.4.3-.7.3s-.5-.1-.7-.3z\" fill=\"currentColor\" \/><\/svg><\/span>\n\t\t\t\t<\/button>\n\t\t\t<\/h2>\n\t\t\t<div class=\"t2-accordion-item__inner-container is-layout-flow\" id=\"accordion-panel-1\" aria-labelledby=\"prinsipper-og-metoder\" role=\"region\" hidden>\n\t\t\t\t\n\n<p>Representanter fra alle land som driver \u00abHome-Start\u00bb kom i 1999 frem til en erkl\u00e6ring om m\u00e5l, metoder og organisering av \u00abHome-Start\u00bb over hele verden.\u00a0<\/p>\n\n\n\n<p><a href=\"https:\/\/home-start-norge.no\/om-oss\/prinsipper-og-metoder\/\" target=\"_blank\" rel=\"noreferrer noopener\">Les mer her<\/a>.<\/p>\n\n\n\t\t\t<\/div>\n\t\t<\/div>\n<\/div>","protected":false},"excerpt":{"rendered":"<p>Ideen bak \u00abHome-Start\u00bb er at familien har behov for en likeverdig person, som selv har&hellip;<\/p>\n","protected":false},"author":5,"featured_media":0,"parent":0,"menu_order":0,"comment_status":"closed","ping_status":"closed","template":"","meta":{"_relevanssi_hide_post":"","_relevanssi_hide_content":"","_relevanssi_pin_for_all":"","_relevanssi_pin_keywords":"","_relevanssi_unpin_keywords":"","_relevanssi_related_keywords":"","_relevanssi_related_include_ids":"","_relevanssi_related_exclude_ids":"","_relevanssi_related_no_append":"","_relevanssi_related_not_related":"","_relevanssi_related_posts":"1","_relevanssi_noindex_reason":"","editor_notices":[],"footnotes":""},"class_list":["post-21","page","type-page","status-publish","hentry"],"yoast_head":"<!-- This site is optimized with the Yoast SEO Premium plugin v27.2 (Yoast SEO v27.2) - https:\/\/yoast.com\/product\/yoast-seo-premium-wordpress\/ -->\n<title>Om Home-Start - Home-Start<\/title>\n<meta name=\"robots\" content=\"index, follow, max-snippet:-1, max-image-preview:large, max-video-preview:-1\" \/>\n<link rel=\"canonical\" href=\"https:\/\/kirkensbymisjon.no\/tilbud-home-start\/om-familiekontakten\/\" \/>\n<meta property=\"og:locale\" content=\"nb_NO\" \/>\n<meta property=\"og:type\" content=\"article\" \/>\n<meta property=\"og:title\" content=\"Om Home-Start\" \/>\n<meta property=\"og:description\" content=\"Ideen bak \u00abHome-Start\u00bb er at familien har behov for en likeverdig person, som selv har&hellip;\" \/>\n<meta property=\"og:url\" content=\"https:\/\/kirkensbymisjon.no\/tilbud-home-start\/om-familiekontakten\/\" \/>\n<meta property=\"og:site_name\" content=\"Home-Start\" \/>\n<meta property=\"article:modified_time\" content=\"2026-02-13T08:59:43+00:00\" \/>\n<meta property=\"og:image\" content=\"https:\/\/kirkensbymisjon.no\/content\/uploads\/sites\/94\/2024\/08\/tilbud_home-start_07.jpg\" \/>\n<meta name=\"twitter:card\" content=\"summary_large_image\" \/>\n<meta name=\"twitter:label1\" content=\"Ansl. lesetid\" \/>\n\t<meta name=\"twitter:data1\" content=\"2 minutter\" \/>\n<script type=\"application\/ld+json\" class=\"yoast-schema-graph\">{\"@context\":\"https:\/\/schema.org\",\"@graph\":[{\"@type\":\"WebPage\",\"@id\":\"https:\/\/kirkensbymisjon.no\/tilbud-home-start\/om-familiekontakten\/\",\"url\":\"https:\/\/kirkensbymisjon.no\/tilbud-home-start\/om-familiekontakten\/\",\"name\":\"Om Home-Start - Home-Start\",\"isPartOf\":{\"@id\":\"https:\/\/kirkensbymisjon.no\/tilbud-home-start\/#website\"},\"primaryImageOfPage\":{\"@id\":\"https:\/\/kirkensbymisjon.no\/tilbud-home-start\/om-familiekontakten\/#primaryimage\"},\"image\":{\"@id\":\"https:\/\/kirkensbymisjon.no\/tilbud-home-start\/om-familiekontakten\/#primaryimage\"},\"thumbnailUrl\":\"https:\/\/kirkensbymisjon.no\/content\/uploads\/sites\/94\/2024\/08\/tilbud_home-start_07.jpg\",\"datePublished\":\"2024-08-16T10:20:27+00:00\",\"dateModified\":\"2026-02-13T08:59:43+00:00\",\"breadcrumb\":{\"@id\":\"https:\/\/kirkensbymisjon.no\/tilbud-home-start\/om-familiekontakten\/#breadcrumb\"},\"inLanguage\":\"nb-NO\",\"potentialAction\":[{\"@type\":\"ReadAction\",\"target\":[\"https:\/\/kirkensbymisjon.no\/tilbud-home-start\/om-familiekontakten\/\"]}]},{\"@type\":\"ImageObject\",\"inLanguage\":\"nb-NO\",\"@id\":\"https:\/\/kirkensbymisjon.no\/tilbud-home-start\/om-familiekontakten\/#primaryimage\",\"url\":\"https:\/\/kirkensbymisjon.no\/content\/uploads\/sites\/94\/2024\/08\/tilbud_home-start_07.jpg\",\"contentUrl\":\"https:\/\/kirkensbymisjon.no\/content\/uploads\/sites\/94\/2024\/08\/tilbud_home-start_07.jpg\"},{\"@type\":\"BreadcrumbList\",\"@id\":\"https:\/\/kirkensbymisjon.no\/tilbud-home-start\/om-familiekontakten\/#breadcrumb\",\"itemListElement\":[{\"@type\":\"ListItem\",\"position\":1,\"name\":\"Hjem\",\"item\":\"https:\/\/kirkensbymisjon.no\/tilbud-home-start\/\"},{\"@type\":\"ListItem\",\"position\":2,\"name\":\"Om Home-Start\"}]},{\"@type\":\"WebSite\",\"@id\":\"https:\/\/kirkensbymisjon.no\/tilbud-home-start\/#website\",\"url\":\"https:\/\/kirkensbymisjon.no\/tilbud-home-start\/\",\"name\":\"Home-Start\",\"description\":\"\",\"potentialAction\":[{\"@type\":\"SearchAction\",\"target\":{\"@type\":\"EntryPoint\",\"urlTemplate\":\"https:\/\/kirkensbymisjon.no\/tilbud-home-start\/?s={search_term_string}\"},\"query-input\":{\"@type\":\"PropertyValueSpecification\",\"valueRequired\":true,\"valueName\":\"search_term_string\"}}],\"inLanguage\":\"nb-NO\"}]}<\/script>\n<!-- \/ Yoast SEO Premium plugin. -->","yoast_head_json":{"title":"Om Home-Start - Home-Start","robots":{"index":"index","follow":"follow","max-snippet":"max-snippet:-1","max-image-preview":"max-image-preview:large","max-video-preview":"max-video-preview:-1"},"canonical":"https:\/\/kirkensbymisjon.no\/tilbud-home-start\/om-familiekontakten\/","og_locale":"nb_NO","og_type":"article","og_title":"Om Home-Start","og_description":"Ideen bak \u00abHome-Start\u00bb er at familien har behov for en likeverdig person, som selv har&hellip;","og_url":"https:\/\/kirkensbymisjon.no\/tilbud-home-start\/om-familiekontakten\/","og_site_name":"Home-Start","article_modified_time":"2026-02-13T08:59:43+00:00","og_image":[{"url":"https:\/\/kirkensbymisjon.no\/content\/uploads\/sites\/94\/2024\/08\/tilbud_home-start_07.jpg","type":"","width":"","height":""}],"twitter_card":"summary_large_image","twitter_misc":{"Ansl. lesetid":"2 minutter"},"schema":{"@context":"https:\/\/schema.org","@graph":[{"@type":"WebPage","@id":"https:\/\/kirkensbymisjon.no\/tilbud-home-start\/om-familiekontakten\/","url":"https:\/\/kirkensbymisjon.no\/tilbud-home-start\/om-familiekontakten\/","name":"Om Home-Start - Home-Start","isPartOf":{"@id":"https:\/\/kirkensbymisjon.no\/tilbud-home-start\/#website"},"primaryImageOfPage":{"@id":"https:\/\/kirkensbymisjon.no\/tilbud-home-start\/om-familiekontakten\/#primaryimage"},"image":{"@id":"https:\/\/kirkensbymisjon.no\/tilbud-home-start\/om-familiekontakten\/#primaryimage"},"thumbnailUrl":"https:\/\/kirkensbymisjon.no\/content\/uploads\/sites\/94\/2024\/08\/tilbud_home-start_07.jpg","datePublished":"2024-08-16T10:20:27+00:00","dateModified":"2026-02-13T08:59:43+00:00","breadcrumb":{"@id":"https:\/\/kirkensbymisjon.no\/tilbud-home-start\/om-familiekontakten\/#breadcrumb"},"inLanguage":"nb-NO","potentialAction":[{"@type":"ReadAction","target":["https:\/\/kirkensbymisjon.no\/tilbud-home-start\/om-familiekontakten\/"]}]},{"@type":"ImageObject","inLanguage":"nb-NO","@id":"https:\/\/kirkensbymisjon.no\/tilbud-home-start\/om-familiekontakten\/#primaryimage","url":"https:\/\/kirkensbymisjon.no\/content\/uploads\/sites\/94\/2024\/08\/tilbud_home-start_07.jpg","contentUrl":"https:\/\/kirkensbymisjon.no\/content\/uploads\/sites\/94\/2024\/08\/tilbud_home-start_07.jpg"},{"@type":"BreadcrumbList","@id":"https:\/\/kirkensbymisjon.no\/tilbud-home-start\/om-familiekontakten\/#breadcrumb","itemListElement":[{"@type":"ListItem","position":1,"name":"Hjem","item":"https:\/\/kirkensbymisjon.no\/tilbud-home-start\/"},{"@type":"ListItem","position":2,"name":"Om Home-Start"}]},{"@type":"WebSite","@id":"https:\/\/kirkensbymisjon.no\/tilbud-home-start\/#website","url":"https:\/\/kirkensbymisjon.no\/tilbud-home-start\/","name":"Home-Start","description":"","potentialAction":[{"@type":"SearchAction","target":{"@type":"EntryPoint","urlTemplate":"https:\/\/kirkensbymisjon.no\/tilbud-home-start\/?s={search_term_string}"},"query-input":{"@type":"PropertyValueSpecification","valueRequired":true,"valueName":"search_term_string"}}],"inLanguage":"nb-NO"}]}},"_links":{"self":[{"href":"https:\/\/kirkensbymisjon.no\/tilbud-home-start\/wp-json\/wp\/v2\/pages\/21","targetHints":{"allow":["GET"]}}],"collection":[{"href":"https:\/\/kirkensbymisjon.no\/tilbud-home-start\/wp-json\/wp\/v2\/pages"}],"about":[{"href":"https:\/\/kirkensbymisjon.no\/tilbud-home-start\/wp-json\/wp\/v2\/types\/page"}],"author":[{"embeddable":true,"href":"https:\/\/kirkensbymisjon.no\/tilbud-home-start\/wp-json\/wp\/v2\/users\/5"}],"replies":[{"embeddable":true,"href":"https:\/\/kirkensbymisjon.no\/tilbud-home-start\/wp-json\/wp\/v2\/comments?post=21"}],"version-history":[{"count":5,"href":"https:\/\/kirkensbymisjon.no\/tilbud-home-start\/wp-json\/wp\/v2\/pages\/21\/revisions"}],"predecessor-version":[{"id":265,"href":"https:\/\/kirkensbymisjon.no\/tilbud-home-start\/wp-json\/wp\/v2\/pages\/21\/revisions\/265"}],"wp:attachment":[{"href":"https:\/\/kirkensbymisjon.no\/tilbud-home-start\/wp-json\/wp\/v2\/media?parent=21"}],"curies":[{"name":"wp","href":"https:\/\/api.w.org\/{rel}","templated":true}]}}