{"id":25,"date":"2024-08-16T12:21:45","date_gmt":"2024-08-16T10:21:45","guid":{"rendered":"https:\/\/kirkensbymisjon.no\/tilbud-home-start-familiekontakten\/?page_id=25"},"modified":"2026-03-06T11:57:50","modified_gmt":"2026-03-06T10:57:50","slug":"for-foreldre","status":"publish","type":"page","link":"https:\/\/kirkensbymisjon.no\/tilbud-home-start\/for-foreldre\/","title":{"rendered":"For foreldre"},"content":{"rendered":"\n<p>\u00abHome-Start\u00bb er et st\u00f8tteprogram for sm\u00e5barnsfamilier hvor frivillige familiekontakter, tilbyr st\u00f8tte og omsorg ut fra den enkelte families behov.<\/p>\n\n\n\n<h3 class=\"wp-block-heading\" id=\"h-onsker-du-hjelp-til-din-familie\"><strong>\u00d8nsker du hjelp til din familie?<\/strong><\/h3>\n\n\n\n<ul class=\"wp-block-list\">\n<li><strong>Bergen<\/strong>:&nbsp;<a href=\"https:\/\/forms.office.com\/Pages\/ResponsePage.aspx?id=gi4gAoiyy0qLCn-EBKR82xBVkXZPsXtJrVgHnzosyMhUOFhON1EzVlJDQVEwWktZNkVUM0VFWURVQS4u\" target=\"_blank\" rel=\"noreferrer noopener\">Fyll ut kontaktskjemaet<\/a>.<\/li>\n\n\n\n<li><strong>Karm\u00f8y, Haugesund og Tysv\u00e6r<\/strong>:&nbsp;<a href=\"https:\/\/forms.office.com\/Pages\/ResponsePage.aspx?id=gi4gAoiyy0qLCn-EBKR82xBVkXZPsXtJrVgHnzosyMhUNkNFOE1YS0pVQzgwOFY1NlRSNzVOQUlKVy4u\" target=\"_blank\" rel=\"noreferrer noopener\">Fyll ut kontaktskjemaet<\/a>.<\/li>\n\n\n\n<li><strong>Moss, R\u00e5de og V\u00e5ler<\/strong>:&nbsp;<a href=\"https:\/\/forms.office.com\/Pages\/ResponsePage.aspx?id=gi4gAoiyy0qLCn-EBKR82xBVkXZPsXtJrVgHnzosyMhUMjJQRElZU1NZRkhHNVNTMzExRk5QMUcxMi4u\" target=\"_blank\" rel=\"noreferrer noopener\">Fyll ut kontaktskjemaet<\/a>.<\/li>\n\n\n\n<li><strong>Troms\u00f8<\/strong>:&nbsp;<a href=\"\/tilbud-home-start\/kontaktinformasjon\/#tromso\">Ta kontakt<\/a><em>.<\/em><\/li>\n\n\n\n<li><strong>Trondheim og Malvik<\/strong>:&nbsp;<a href=\"https:\/\/forms.office.com\/Pages\/ResponsePage.aspx?id=gi4gAoiyy0qLCn-EBKR82xBVkXZPsXtJrVgHnzosyMhUOFJXRzZBVTY4MDdCRzRQSThYVUtFM0Y5Si4u\" target=\"_blank\" rel=\"noreferrer noopener\">Fyll ut kontaktskjemaet<\/a>.<\/li>\n\n\n\n<li><strong>Voss<\/strong>:&nbsp;<a href=\"https:\/\/kirkensbymisjon.no\/tilbud-home-start\/kontaktinformasjon\/#voss\">Ta kontakt.<\/a><\/li>\n<\/ul>\n\n\n\n<p><a href=\"https:\/\/kirkensbymisjon.no\/tilbud-home-start\/for-foreldre\/#stotte\">Mer informasjon om st\u00f8tteprogrammet.<\/a><\/p>\n\n\n\n<figure class=\"wp-block-image size-full\"><img loading=\"lazy\" decoding=\"async\" width=\"1000\" height=\"500\" src=\"https:\/\/kirkensbymisjon.no\/content\/uploads\/sites\/94\/2024\/08\/tilbud_home-start_05.jpg\" alt=\"En sm\u00e5barnsfamilie og en frivillig\" class=\"wp-image-48\" srcset=\"https:\/\/kirkensbymisjon.no\/content\/uploads\/sites\/94\/2024\/08\/tilbud_home-start_05.jpg 1000w, https:\/\/kirkensbymisjon.no\/content\/uploads\/sites\/94\/2024\/08\/tilbud_home-start_05-300x150.jpg 300w, https:\/\/kirkensbymisjon.no\/content\/uploads\/sites\/94\/2024\/08\/tilbud_home-start_05-768x384.jpg 768w\" sizes=\"auto, (max-width: 1000px) 100vw, 1000px\" \/><\/figure>\n\n\n\n<h3 class=\"wp-block-heading\" id=\"stotte\">Mer informasjon om st\u00f8tteprogrammet<\/h3>\n\n\n<div class=\"t2-accordion wp-block-t2-accordion\" data-allow-multiple=\"1\" role=\"list\">\n<div class=\"t2-accordion-item wp-block-t2-accordion-item\" role=\"listitem\">\n\t\t\t<h2 class=\"t2-accordion-title\">\n\t\t\t\t<button type=\"button\" class=\"t2-accordion-trigger\" id=\"hvordan-fungerer-det-for-familiene?\" aria-controls=\"accordion-panel\" aria-expanded=\"false\">\n\t\t\t\t\tHvordan fungerer det for familiene?\n\t\t\t\t\t<span class=\"t2-accordion-icon is-closed-icon\"><svg xmlns=\"http:\/\/www.w3.org\/2000\/svg\" viewBox=\"0 0 24 24\" height=\"24\" width=\"24\" class=\"t2-icon t2-icon-plus\" aria-hidden=\"true\" focusable=\"false\"><path d=\"M11.8 5.037a1.088 1.088 0 0 0-.722.566c-.075.148-.078.25-.078 2.772v2.619l-2.61.016c-1.867.012-2.652.03-2.756.064-.168.055-.438.301-.54.494-.049.092-.07.223-.07.432 0 .34.054.476.282.704.289.289.14.275 3.064.288l2.63.012v2.619c0 2.544.002 2.625.08 2.778.191.372.516.577.92.577s.729-.205.92-.577c.078-.153.08-.234.08-2.778v-2.619l2.63-.012c2.924-.013 2.775.001 3.064-.288.228-.228.282-.364.282-.704 0-.209-.021-.34-.07-.432-.102-.193-.372-.439-.54-.494-.104-.034-.889-.052-2.756-.064L13 10.994V8.375c0-2.522-.003-2.624-.078-2.772-.214-.418-.685-.656-1.122-.566\"\/><\/svg><\/span>\n\t\t\t\t\t<span class=\"t2-accordion-icon is-open-icon\"><svg xmlns=\"http:\/\/www.w3.org\/2000\/svg\" viewBox=\"0 0 24 24\" height=\"24\" width=\"24\" class=\"t2-icon t2-icon-chevronup\" aria-hidden=\"true\" focusable=\"false\"><path d=\"M6.7 14.7c-.2-.2-.3-.4-.3-.7s.1-.5.3-.7l4.6-4.6c.1-.1.2-.2.3-.2.1 0 .2-.1.4-.1.1 0 .3 0 .4.1.1 0 .2.1.3.2l4.6 4.6c.2.2.3.4.3.7s-.1.5-.3.7c-.2.2-.4.3-.7.3s-.5-.1-.7-.3L12 10.8l-3.9 3.9c-.2.2-.4.3-.7.3s-.5-.1-.7-.3z\" fill=\"currentColor\" \/><\/svg><\/span>\n\t\t\t\t<\/button>\n\t\t\t<\/h2>\n\t\t\t<div class=\"t2-accordion-item__inner-container is-layout-flow\" id=\"accordion-panel\" aria-labelledby=\"hvordan-fungerer-det-for-familiene?\" role=\"region\" hidden>\n\t\t\t\t\n\n<ul class=\"wp-block-list\">\n<li>Familier som har minst ett barn under 6 \u00e5r kan f\u00e5 st\u00f8tte fra \u00abHome-Start\u00bb.<\/li>\n\n\n\n<li>Familiekontakten kommer hjem til dere to\u2013fire timer, \u00e9n&nbsp;gang i uka, i en periode p\u00e5 seks m\u00e5neder.<\/li>\n\n\n\n<li>Dersom bes\u00f8kene \u00f8nskes p\u00e5 dagtid, gjelder mandag\u2013fredag \u2013 mens mandag\u2013torsdag gjelder for bes\u00f8k p\u00e5 ettermiddagstid. <\/li>\n\n\n\n<li>Familiekontakten kan leke med barna, v\u00e6re en avlastning for foreldre, bli med p\u00e5 aktiviteter i by og skog, v\u00e6re en samtalepartner og en st\u00f8tte for foreldre.<\/li>\n\n\n\n<li>Ved f\u00f8rste henvendelse, er det koordinator som tar kontakt med dere. Gjennom perioden med st\u00f8tte, vil koordinator f\u00f8lge opp b\u00e5de familien og familiekontakten, blant annet gjennom evalueringsm\u00f8ter.<\/li>\n<\/ul>\n\n\n\t\t\t<\/div>\n\t\t<\/div>\n\n<div class=\"t2-accordion-item wp-block-t2-accordion-item\" role=\"listitem\">\n\t\t\t<h2 class=\"t2-accordion-title\">\n\t\t\t\t<button type=\"button\" class=\"t2-accordion-trigger\" id=\"hvordan-be-om-hjelp-til-en-familie?\" aria-controls=\"accordion-panel-1\" aria-expanded=\"false\">\n\t\t\t\t\tHvordan be om hjelp til en familie?\n\t\t\t\t\t<span class=\"t2-accordion-icon is-closed-icon\"><svg xmlns=\"http:\/\/www.w3.org\/2000\/svg\" viewBox=\"0 0 24 24\" height=\"24\" width=\"24\" class=\"t2-icon t2-icon-plus\" aria-hidden=\"true\" focusable=\"false\"><path d=\"M11.8 5.037a1.088 1.088 0 0 0-.722.566c-.075.148-.078.25-.078 2.772v2.619l-2.61.016c-1.867.012-2.652.03-2.756.064-.168.055-.438.301-.54.494-.049.092-.07.223-.07.432 0 .34.054.476.282.704.289.289.14.275 3.064.288l2.63.012v2.619c0 2.544.002 2.625.08 2.778.191.372.516.577.92.577s.729-.205.92-.577c.078-.153.08-.234.08-2.778v-2.619l2.63-.012c2.924-.013 2.775.001 3.064-.288.228-.228.282-.364.282-.704 0-.209-.021-.34-.07-.432-.102-.193-.372-.439-.54-.494-.104-.034-.889-.052-2.756-.064L13 10.994V8.375c0-2.522-.003-2.624-.078-2.772-.214-.418-.685-.656-1.122-.566\"\/><\/svg><\/span>\n\t\t\t\t\t<span class=\"t2-accordion-icon is-open-icon\"><svg xmlns=\"http:\/\/www.w3.org\/2000\/svg\" viewBox=\"0 0 24 24\" height=\"24\" width=\"24\" class=\"t2-icon t2-icon-chevronup\" aria-hidden=\"true\" focusable=\"false\"><path d=\"M6.7 14.7c-.2-.2-.3-.4-.3-.7s.1-.5.3-.7l4.6-4.6c.1-.1.2-.2.3-.2.1 0 .2-.1.4-.1.1 0 .3 0 .4.1.1 0 .2.1.3.2l4.6 4.6c.2.2.3.4.3.7s-.1.5-.3.7c-.2.2-.4.3-.7.3s-.5-.1-.7-.3L12 10.8l-3.9 3.9c-.2.2-.4.3-.7.3s-.5-.1-.7-.3z\" fill=\"currentColor\" \/><\/svg><\/span>\n\t\t\t\t<\/button>\n\t\t\t<\/h2>\n\t\t\t<div class=\"t2-accordion-item__inner-container is-layout-flow\" id=\"accordion-panel-1\" aria-labelledby=\"hvordan-be-om-hjelp-til-en-familie?\" role=\"region\" hidden>\n\t\t\t\t\n\n<p><a href=\"\/tilbud-home-start\/kontaktinformasjon\/\">Ta kontakt<\/a> for \u00e5 registrere at familien vil ha hjelp.<\/p>\n\n\n\t\t\t<\/div>\n\t\t<\/div>\n<\/div>\n\n\n<p><\/p>\n","protected":false},"excerpt":{"rendered":"<p>\u00abHome-Start\u00bb er et st\u00f8tteprogram for sm\u00e5barnsfamilier hvor frivillige familiekontakter, tilbyr st\u00f8tte og omsorg ut fra&hellip;<\/p>\n","protected":false},"author":5,"featured_media":0,"parent":0,"menu_order":0,"comment_status":"closed","ping_status":"closed","template":"","meta":{"_relevanssi_hide_post":"","_relevanssi_hide_content":"","_relevanssi_pin_for_all":"","_relevanssi_pin_keywords":"","_relevanssi_unpin_keywords":"","_relevanssi_related_keywords":"","_relevanssi_related_include_ids":"","_relevanssi_related_exclude_ids":"","_relevanssi_related_no_append":"","_relevanssi_related_not_related":"","_relevanssi_related_posts":"1","_relevanssi_noindex_reason":"","editor_notices":[],"footnotes":""},"class_list":["post-25","page","type-page","status-publish","hentry"],"yoast_head":"<!-- This site is optimized with the Yoast SEO Premium plugin v27.2 (Yoast SEO v27.2) - https:\/\/yoast.com\/product\/yoast-seo-premium-wordpress\/ -->\n<title>For foreldre - Home-Start<\/title>\n<meta name=\"robots\" content=\"index, follow, max-snippet:-1, max-image-preview:large, max-video-preview:-1\" \/>\n<link rel=\"canonical\" href=\"https:\/\/kirkensbymisjon.no\/tilbud-home-start\/for-foreldre\/\" \/>\n<meta property=\"og:locale\" content=\"nb_NO\" \/>\n<meta property=\"og:type\" content=\"article\" \/>\n<meta property=\"og:title\" content=\"For foreldre\" \/>\n<meta property=\"og:description\" content=\"\u00abHome-Start\u00bb er et st\u00f8tteprogram for sm\u00e5barnsfamilier hvor frivillige familiekontakter, tilbyr st\u00f8tte og omsorg ut fra&hellip;\" \/>\n<meta property=\"og:url\" content=\"https:\/\/kirkensbymisjon.no\/tilbud-home-start\/for-foreldre\/\" \/>\n<meta property=\"og:site_name\" content=\"Home-Start\" \/>\n<meta property=\"article:modified_time\" content=\"2026-03-06T10:57:50+00:00\" \/>\n<meta property=\"og:image\" content=\"https:\/\/kirkensbymisjon.no\/content\/uploads\/sites\/94\/2024\/08\/tilbud_home-start_05.jpg\" \/>\n\t<meta property=\"og:image:width\" content=\"1000\" \/>\n\t<meta property=\"og:image:height\" content=\"500\" \/>\n\t<meta property=\"og:image:type\" content=\"image\/jpeg\" \/>\n<meta name=\"twitter:card\" content=\"summary_large_image\" \/>\n<meta name=\"twitter:label1\" content=\"Ansl. lesetid\" \/>\n\t<meta name=\"twitter:data1\" content=\"2 minutter\" \/>\n<script type=\"application\/ld+json\" class=\"yoast-schema-graph\">{\"@context\":\"https:\/\/schema.org\",\"@graph\":[{\"@type\":\"WebPage\",\"@id\":\"https:\/\/kirkensbymisjon.no\/tilbud-home-start\/for-foreldre\/\",\"url\":\"https:\/\/kirkensbymisjon.no\/tilbud-home-start\/for-foreldre\/\",\"name\":\"For foreldre - Home-Start\",\"isPartOf\":{\"@id\":\"https:\/\/kirkensbymisjon.no\/tilbud-home-start\/#website\"},\"primaryImageOfPage\":{\"@id\":\"https:\/\/kirkensbymisjon.no\/tilbud-home-start\/for-foreldre\/#primaryimage\"},\"image\":{\"@id\":\"https:\/\/kirkensbymisjon.no\/tilbud-home-start\/for-foreldre\/#primaryimage\"},\"thumbnailUrl\":\"https:\/\/kirkensbymisjon.no\/content\/uploads\/sites\/94\/2024\/08\/tilbud_home-start_05.jpg\",\"datePublished\":\"2024-08-16T10:21:45+00:00\",\"dateModified\":\"2026-03-06T10:57:50+00:00\",\"breadcrumb\":{\"@id\":\"https:\/\/kirkensbymisjon.no\/tilbud-home-start\/for-foreldre\/#breadcrumb\"},\"inLanguage\":\"nb-NO\",\"potentialAction\":[{\"@type\":\"ReadAction\",\"target\":[\"https:\/\/kirkensbymisjon.no\/tilbud-home-start\/for-foreldre\/\"]}]},{\"@type\":\"ImageObject\",\"inLanguage\":\"nb-NO\",\"@id\":\"https:\/\/kirkensbymisjon.no\/tilbud-home-start\/for-foreldre\/#primaryimage\",\"url\":\"https:\/\/kirkensbymisjon.no\/content\/uploads\/sites\/94\/2024\/08\/tilbud_home-start_05.jpg\",\"contentUrl\":\"https:\/\/kirkensbymisjon.no\/content\/uploads\/sites\/94\/2024\/08\/tilbud_home-start_05.jpg\"},{\"@type\":\"BreadcrumbList\",\"@id\":\"https:\/\/kirkensbymisjon.no\/tilbud-home-start\/for-foreldre\/#breadcrumb\",\"itemListElement\":[{\"@type\":\"ListItem\",\"position\":1,\"name\":\"Hjem\",\"item\":\"https:\/\/kirkensbymisjon.no\/tilbud-home-start\/\"},{\"@type\":\"ListItem\",\"position\":2,\"name\":\"For foreldre\"}]},{\"@type\":\"WebSite\",\"@id\":\"https:\/\/kirkensbymisjon.no\/tilbud-home-start\/#website\",\"url\":\"https:\/\/kirkensbymisjon.no\/tilbud-home-start\/\",\"name\":\"Home-Start\",\"description\":\"\",\"potentialAction\":[{\"@type\":\"SearchAction\",\"target\":{\"@type\":\"EntryPoint\",\"urlTemplate\":\"https:\/\/kirkensbymisjon.no\/tilbud-home-start\/?s={search_term_string}\"},\"query-input\":{\"@type\":\"PropertyValueSpecification\",\"valueRequired\":true,\"valueName\":\"search_term_string\"}}],\"inLanguage\":\"nb-NO\"}]}<\/script>\n<!-- \/ Yoast SEO Premium plugin. -->","yoast_head_json":{"title":"For foreldre - Home-Start","robots":{"index":"index","follow":"follow","max-snippet":"max-snippet:-1","max-image-preview":"max-image-preview:large","max-video-preview":"max-video-preview:-1"},"canonical":"https:\/\/kirkensbymisjon.no\/tilbud-home-start\/for-foreldre\/","og_locale":"nb_NO","og_type":"article","og_title":"For foreldre","og_description":"\u00abHome-Start\u00bb er et st\u00f8tteprogram for sm\u00e5barnsfamilier hvor frivillige familiekontakter, tilbyr st\u00f8tte og omsorg ut fra&hellip;","og_url":"https:\/\/kirkensbymisjon.no\/tilbud-home-start\/for-foreldre\/","og_site_name":"Home-Start","article_modified_time":"2026-03-06T10:57:50+00:00","og_image":[{"width":1000,"height":500,"url":"https:\/\/kirkensbymisjon.no\/content\/uploads\/sites\/94\/2024\/08\/tilbud_home-start_05.jpg","type":"image\/jpeg"}],"twitter_card":"summary_large_image","twitter_misc":{"Ansl. lesetid":"2 minutter"},"schema":{"@context":"https:\/\/schema.org","@graph":[{"@type":"WebPage","@id":"https:\/\/kirkensbymisjon.no\/tilbud-home-start\/for-foreldre\/","url":"https:\/\/kirkensbymisjon.no\/tilbud-home-start\/for-foreldre\/","name":"For foreldre - Home-Start","isPartOf":{"@id":"https:\/\/kirkensbymisjon.no\/tilbud-home-start\/#website"},"primaryImageOfPage":{"@id":"https:\/\/kirkensbymisjon.no\/tilbud-home-start\/for-foreldre\/#primaryimage"},"image":{"@id":"https:\/\/kirkensbymisjon.no\/tilbud-home-start\/for-foreldre\/#primaryimage"},"thumbnailUrl":"https:\/\/kirkensbymisjon.no\/content\/uploads\/sites\/94\/2024\/08\/tilbud_home-start_05.jpg","datePublished":"2024-08-16T10:21:45+00:00","dateModified":"2026-03-06T10:57:50+00:00","breadcrumb":{"@id":"https:\/\/kirkensbymisjon.no\/tilbud-home-start\/for-foreldre\/#breadcrumb"},"inLanguage":"nb-NO","potentialAction":[{"@type":"ReadAction","target":["https:\/\/kirkensbymisjon.no\/tilbud-home-start\/for-foreldre\/"]}]},{"@type":"ImageObject","inLanguage":"nb-NO","@id":"https:\/\/kirkensbymisjon.no\/tilbud-home-start\/for-foreldre\/#primaryimage","url":"https:\/\/kirkensbymisjon.no\/content\/uploads\/sites\/94\/2024\/08\/tilbud_home-start_05.jpg","contentUrl":"https:\/\/kirkensbymisjon.no\/content\/uploads\/sites\/94\/2024\/08\/tilbud_home-start_05.jpg"},{"@type":"BreadcrumbList","@id":"https:\/\/kirkensbymisjon.no\/tilbud-home-start\/for-foreldre\/#breadcrumb","itemListElement":[{"@type":"ListItem","position":1,"name":"Hjem","item":"https:\/\/kirkensbymisjon.no\/tilbud-home-start\/"},{"@type":"ListItem","position":2,"name":"For foreldre"}]},{"@type":"WebSite","@id":"https:\/\/kirkensbymisjon.no\/tilbud-home-start\/#website","url":"https:\/\/kirkensbymisjon.no\/tilbud-home-start\/","name":"Home-Start","description":"","potentialAction":[{"@type":"SearchAction","target":{"@type":"EntryPoint","urlTemplate":"https:\/\/kirkensbymisjon.no\/tilbud-home-start\/?s={search_term_string}"},"query-input":{"@type":"PropertyValueSpecification","valueRequired":true,"valueName":"search_term_string"}}],"inLanguage":"nb-NO"}]}},"_links":{"self":[{"href":"https:\/\/kirkensbymisjon.no\/tilbud-home-start\/wp-json\/wp\/v2\/pages\/25","targetHints":{"allow":["GET"]}}],"collection":[{"href":"https:\/\/kirkensbymisjon.no\/tilbud-home-start\/wp-json\/wp\/v2\/pages"}],"about":[{"href":"https:\/\/kirkensbymisjon.no\/tilbud-home-start\/wp-json\/wp\/v2\/types\/page"}],"author":[{"embeddable":true,"href":"https:\/\/kirkensbymisjon.no\/tilbud-home-start\/wp-json\/wp\/v2\/users\/5"}],"replies":[{"embeddable":true,"href":"https:\/\/kirkensbymisjon.no\/tilbud-home-start\/wp-json\/wp\/v2\/comments?post=25"}],"version-history":[{"count":5,"href":"https:\/\/kirkensbymisjon.no\/tilbud-home-start\/wp-json\/wp\/v2\/pages\/25\/revisions"}],"predecessor-version":[{"id":278,"href":"https:\/\/kirkensbymisjon.no\/tilbud-home-start\/wp-json\/wp\/v2\/pages\/25\/revisions\/278"}],"wp:attachment":[{"href":"https:\/\/kirkensbymisjon.no\/tilbud-home-start\/wp-json\/wp\/v2\/media?parent=25"}],"curies":[{"name":"wp","href":"https:\/\/api.w.org\/{rel}","templated":true}]}}