{"id":17,"date":"2024-08-12T12:37:35","date_gmt":"2024-08-12T10:37:35","guid":{"rendered":"https:\/\/kirkensbymisjon.no\/tilbud-i-jobb\/?page_id=17"},"modified":"2025-04-03T09:58:17","modified_gmt":"2025-04-03T07:58:17","slug":"lavterskel","status":"publish","type":"page","link":"https:\/\/kirkensbymisjon.no\/tilbud-i-jobb\/lavterskel\/","title":{"rendered":"Lavterskel"},"content":{"rendered":"\n<h2 class=\"wp-block-heading\" id=\"h-i-jobb-lavterskel\">I jobb \u2013 lavterskel<\/h2>\n\n\n\n<p>V\u00e5re lavterskeltilbud er hovedsaklig et arbeidsfellesskap for mennesker som har utfordringer med rus eller psykisk helse. Arbeiderne utf\u00f8rer frivillig dagsarbeid og f\u00e5r utbetalt honorar p\u00e5 slutten av dagen. Oppdragsgivere er alt fra privatpersoner, bedrifter og offentlige instanser som for eksempel kommuner.<\/p>\n\n\n\n<figure class=\"wp-block-image size-full\"><img loading=\"lazy\" decoding=\"async\" width=\"1559\" height=\"976\" src=\"https:\/\/kirkensbymisjon.no\/content\/uploads\/sites\/131\/2024\/08\/tilbud_ijobb_07.jpg\" alt=\"Gaterydding\" class=\"wp-image-46\" srcset=\"https:\/\/kirkensbymisjon.no\/content\/uploads\/sites\/131\/2024\/08\/tilbud_ijobb_07.jpg 1559w, https:\/\/kirkensbymisjon.no\/content\/uploads\/sites\/131\/2024\/08\/tilbud_ijobb_07-300x188.jpg 300w, https:\/\/kirkensbymisjon.no\/content\/uploads\/sites\/131\/2024\/08\/tilbud_ijobb_07-1024x641.jpg 1024w, https:\/\/kirkensbymisjon.no\/content\/uploads\/sites\/131\/2024\/08\/tilbud_ijobb_07-768x481.jpg 768w, https:\/\/kirkensbymisjon.no\/content\/uploads\/sites\/131\/2024\/08\/tilbud_ijobb_07-1536x962.jpg 1536w\" sizes=\"auto, (max-width: 1559px) 100vw, 1559px\" \/><\/figure>\n\n\n\n<blockquote class=\"wp-block-quote is-layout-flow wp-block-quote-is-layout-flow\">\n<p>Det sosiale en viktig del av jobben, det er \u00e5lreit med noen faste planer i l\u00f8pet av uka.<\/p>\n<cite>Roger, arbeider<\/cite><\/blockquote>\n\n\n<div class=\"t2-accordion wp-block-t2-accordion\" data-allow-multiple=\"1\" role=\"list\">\n<div class=\"t2-accordion-item wp-block-t2-accordion-item\" role=\"listitem\">\n\t\t\t<h2 class=\"t2-accordion-title\">\n\t\t\t\t<button type=\"button\" class=\"t2-accordion-trigger\" id=\"&lt;strong&gt;gaterydding&lt;\/strong&gt;-og-sm\u00e5jobber\" aria-controls=\"accordion-panel\" aria-expanded=\"false\">\n\t\t\t\t\tGaterydding og sm\u00e5jobber\n\t\t\t\t\t<span class=\"t2-accordion-icon is-closed-icon\"><svg xmlns=\"http:\/\/www.w3.org\/2000\/svg\" viewBox=\"0 0 24 24\" height=\"24\" width=\"24\" class=\"t2-icon t2-icon-plus\" aria-hidden=\"true\" focusable=\"false\"><path d=\"M11.8 5.037a1.088 1.088 0 0 0-.722.566c-.075.148-.078.25-.078 2.772v2.619l-2.61.016c-1.867.012-2.652.03-2.756.064-.168.055-.438.301-.54.494-.049.092-.07.223-.07.432 0 .34.054.476.282.704.289.289.14.275 3.064.288l2.63.012v2.619c0 2.544.002 2.625.08 2.778.191.372.516.577.92.577s.729-.205.92-.577c.078-.153.08-.234.08-2.778v-2.619l2.63-.012c2.924-.013 2.775.001 3.064-.288.228-.228.282-.364.282-.704 0-.209-.021-.34-.07-.432-.102-.193-.372-.439-.54-.494-.104-.034-.889-.052-2.756-.064L13 10.994V8.375c0-2.522-.003-2.624-.078-2.772-.214-.418-.685-.656-1.122-.566\"\/><\/svg><\/span>\n\t\t\t\t\t<span class=\"t2-accordion-icon is-open-icon\"><svg xmlns=\"http:\/\/www.w3.org\/2000\/svg\" viewBox=\"0 0 24 24\" height=\"24\" width=\"24\" class=\"t2-icon t2-icon-chevronup\" aria-hidden=\"true\" focusable=\"false\"><path d=\"M6.7 14.7c-.2-.2-.3-.4-.3-.7s.1-.5.3-.7l4.6-4.6c.1-.1.2-.2.3-.2.1 0 .2-.1.4-.1.1 0 .3 0 .4.1.1 0 .2.1.3.2l4.6 4.6c.2.2.3.4.3.7s-.1.5-.3.7c-.2.2-.4.3-.7.3s-.5-.1-.7-.3L12 10.8l-3.9 3.9c-.2.2-.4.3-.7.3s-.5-.1-.7-.3z\" fill=\"currentColor\" \/><\/svg><\/span>\n\t\t\t\t<\/button>\n\t\t\t<\/h2>\n\t\t\t<div class=\"t2-accordion-item__inner-container is-layout-flow\" id=\"accordion-panel\" aria-labelledby=\"&lt;strong&gt;gaterydding&lt;\/strong&gt;-og-sm\u00e5jobber\" role=\"region\" hidden>\n\t\t\t\t\n\n<p>Arbeidsoppgavene kan v\u00e6re gaterydding og sm\u00e5jobber som blant annet flytting, sn\u00f8m\u00e5king, hagearbeid og vedproduksjon.<\/p>\n\n\n\n<p>Vi ser at v\u00e5re langsiktige avtaler om gaterydding skaper gode relasjoner til bedriftene som kj\u00f8per ryddetjenestene v\u00e5re. Kunnskap om samarbeidet og jobben v\u00e5re arbeidere gj\u00f8r bidrar til \u00e5 minske skiller mellom ulike samfunnslag i bybildet.<\/p>\n\n\n\t\t\t<\/div>\n\t\t<\/div>\n\n<div class=\"t2-accordion-item wp-block-t2-accordion-item\" role=\"listitem\">\n\t\t\t<h2 class=\"t2-accordion-title\">\n\t\t\t\t<button type=\"button\" class=\"t2-accordion-trigger\" id=\"verksteder-og-h\u00e5ndlagde-produkter\" aria-controls=\"accordion-panel-1\" aria-expanded=\"false\">\n\t\t\t\t\tVerksteder og h\u00e5ndlagde produkter\n\t\t\t\t\t<span class=\"t2-accordion-icon is-closed-icon\"><svg xmlns=\"http:\/\/www.w3.org\/2000\/svg\" viewBox=\"0 0 24 24\" height=\"24\" width=\"24\" class=\"t2-icon t2-icon-plus\" aria-hidden=\"true\" focusable=\"false\"><path d=\"M11.8 5.037a1.088 1.088 0 0 0-.722.566c-.075.148-.078.25-.078 2.772v2.619l-2.61.016c-1.867.012-2.652.03-2.756.064-.168.055-.438.301-.54.494-.049.092-.07.223-.07.432 0 .34.054.476.282.704.289.289.14.275 3.064.288l2.63.012v2.619c0 2.544.002 2.625.08 2.778.191.372.516.577.92.577s.729-.205.92-.577c.078-.153.08-.234.08-2.778v-2.619l2.63-.012c2.924-.013 2.775.001 3.064-.288.228-.228.282-.364.282-.704 0-.209-.021-.34-.07-.432-.102-.193-.372-.439-.54-.494-.104-.034-.889-.052-2.756-.064L13 10.994V8.375c0-2.522-.003-2.624-.078-2.772-.214-.418-.685-.656-1.122-.566\"\/><\/svg><\/span>\n\t\t\t\t\t<span class=\"t2-accordion-icon is-open-icon\"><svg xmlns=\"http:\/\/www.w3.org\/2000\/svg\" viewBox=\"0 0 24 24\" height=\"24\" width=\"24\" class=\"t2-icon t2-icon-chevronup\" aria-hidden=\"true\" focusable=\"false\"><path d=\"M6.7 14.7c-.2-.2-.3-.4-.3-.7s.1-.5.3-.7l4.6-4.6c.1-.1.2-.2.3-.2.1 0 .2-.1.4-.1.1 0 .3 0 .4.1.1 0 .2.1.3.2l4.6 4.6c.2.2.3.4.3.7s-.1.5-.3.7c-.2.2-.4.3-.7.3s-.5-.1-.7-.3L12 10.8l-3.9 3.9c-.2.2-.4.3-.7.3s-.5-.1-.7-.3z\" fill=\"currentColor\" \/><\/svg><\/span>\n\t\t\t\t<\/button>\n\t\t\t<\/h2>\n\t\t\t<div class=\"t2-accordion-item__inner-container is-layout-flow\" id=\"accordion-panel-1\" aria-labelledby=\"verksteder-og-h\u00e5ndlagde-produkter\" role=\"region\" hidden>\n\t\t\t\t\n\n<p>Ved v\u00e5re verksteder produseres h\u00e5ndlagde gave- og interi\u00f8rprodukter av h\u00f8y kvalitet som bl.a. selges i v\u00e5r nettbutikk, til bedriftskunder og i utvalgte butikker rundt i landet.<\/p>\n\n\n\n<p>Produktene lages hovedsakelig av gjenbruksmaterialer som f.eks. glass og papir, og utformes av erfarne designere i samarbeid med arbeiderne.<\/p>\n\n\n\t\t\t<\/div>\n\t\t<\/div>\n\n<div class=\"t2-accordion-item wp-block-t2-accordion-item\" role=\"listitem\">\n\t\t\t<h2 class=\"t2-accordion-title\">\n\t\t\t\t<button type=\"button\" class=\"t2-accordion-trigger\" id=\"m\u00e5ltider\" aria-controls=\"accordion-panel-2\" aria-expanded=\"false\">\n\t\t\t\t\tM\u00e5ltider\n\t\t\t\t\t<span class=\"t2-accordion-icon is-closed-icon\"><svg xmlns=\"http:\/\/www.w3.org\/2000\/svg\" viewBox=\"0 0 24 24\" height=\"24\" width=\"24\" class=\"t2-icon t2-icon-plus\" aria-hidden=\"true\" focusable=\"false\"><path d=\"M11.8 5.037a1.088 1.088 0 0 0-.722.566c-.075.148-.078.25-.078 2.772v2.619l-2.61.016c-1.867.012-2.652.03-2.756.064-.168.055-.438.301-.54.494-.049.092-.07.223-.07.432 0 .34.054.476.282.704.289.289.14.275 3.064.288l2.63.012v2.619c0 2.544.002 2.625.08 2.778.191.372.516.577.92.577s.729-.205.92-.577c.078-.153.08-.234.08-2.778v-2.619l2.63-.012c2.924-.013 2.775.001 3.064-.288.228-.228.282-.364.282-.704 0-.209-.021-.34-.07-.432-.102-.193-.372-.439-.54-.494-.104-.034-.889-.052-2.756-.064L13 10.994V8.375c0-2.522-.003-2.624-.078-2.772-.214-.418-.685-.656-1.122-.566\"\/><\/svg><\/span>\n\t\t\t\t\t<span class=\"t2-accordion-icon is-open-icon\"><svg xmlns=\"http:\/\/www.w3.org\/2000\/svg\" viewBox=\"0 0 24 24\" height=\"24\" width=\"24\" class=\"t2-icon t2-icon-chevronup\" aria-hidden=\"true\" focusable=\"false\"><path d=\"M6.7 14.7c-.2-.2-.3-.4-.3-.7s.1-.5.3-.7l4.6-4.6c.1-.1.2-.2.3-.2.1 0 .2-.1.4-.1.1 0 .3 0 .4.1.1 0 .2.1.3.2l4.6 4.6c.2.2.3.4.3.7s-.1.5-.3.7c-.2.2-.4.3-.7.3s-.5-.1-.7-.3L12 10.8l-3.9 3.9c-.2.2-.4.3-.7.3s-.5-.1-.7-.3z\" fill=\"currentColor\" \/><\/svg><\/span>\n\t\t\t\t<\/button>\n\t\t\t<\/h2>\n\t\t\t<div class=\"t2-accordion-item__inner-container is-layout-flow\" id=\"accordion-panel-2\" aria-labelledby=\"m\u00e5ltider\" role=\"region\" hidden>\n\t\t\t\t\n\n<p>Det tilbys alltid frokost f\u00f8r arbeidsstart, og som oftest lunsj eller middag mot slutten av arbeidsdagen.<\/p>\n\n\n\t\t\t<\/div>\n\t\t<\/div>\n\n<div class=\"t2-accordion-item wp-block-t2-accordion-item\" role=\"listitem\">\n\t\t\t<h2 class=\"t2-accordion-title\">\n\t\t\t\t<button type=\"button\" class=\"t2-accordion-trigger\" id=\"bli-samarbeidspartner-\/-oppdragsgiver\" aria-controls=\"accordion-panel-3\" aria-expanded=\"false\">\n\t\t\t\t\tBli samarbeidspartner \/ oppdragsgiver\n\t\t\t\t\t<span class=\"t2-accordion-icon is-closed-icon\"><svg xmlns=\"http:\/\/www.w3.org\/2000\/svg\" viewBox=\"0 0 24 24\" height=\"24\" width=\"24\" class=\"t2-icon t2-icon-plus\" aria-hidden=\"true\" focusable=\"false\"><path d=\"M11.8 5.037a1.088 1.088 0 0 0-.722.566c-.075.148-.078.25-.078 2.772v2.619l-2.61.016c-1.867.012-2.652.03-2.756.064-.168.055-.438.301-.54.494-.049.092-.07.223-.07.432 0 .34.054.476.282.704.289.289.14.275 3.064.288l2.63.012v2.619c0 2.544.002 2.625.08 2.778.191.372.516.577.92.577s.729-.205.92-.577c.078-.153.08-.234.08-2.778v-2.619l2.63-.012c2.924-.013 2.775.001 3.064-.288.228-.228.282-.364.282-.704 0-.209-.021-.34-.07-.432-.102-.193-.372-.439-.54-.494-.104-.034-.889-.052-2.756-.064L13 10.994V8.375c0-2.522-.003-2.624-.078-2.772-.214-.418-.685-.656-1.122-.566\"\/><\/svg><\/span>\n\t\t\t\t\t<span class=\"t2-accordion-icon is-open-icon\"><svg xmlns=\"http:\/\/www.w3.org\/2000\/svg\" viewBox=\"0 0 24 24\" height=\"24\" width=\"24\" class=\"t2-icon t2-icon-chevronup\" aria-hidden=\"true\" focusable=\"false\"><path d=\"M6.7 14.7c-.2-.2-.3-.4-.3-.7s.1-.5.3-.7l4.6-4.6c.1-.1.2-.2.3-.2.1 0 .2-.1.4-.1.1 0 .3 0 .4.1.1 0 .2.1.3.2l4.6 4.6c.2.2.3.4.3.7s-.1.5-.3.7c-.2.2-.4.3-.7.3s-.5-.1-.7-.3L12 10.8l-3.9 3.9c-.2.2-.4.3-.7.3s-.5-.1-.7-.3z\" fill=\"currentColor\" \/><\/svg><\/span>\n\t\t\t\t<\/button>\n\t\t\t<\/h2>\n\t\t\t<div class=\"t2-accordion-item__inner-container is-layout-flow\" id=\"accordion-panel-3\" aria-labelledby=\"bli-samarbeidspartner-\/-oppdragsgiver\" role=\"region\" hidden>\n\t\t\t\t\n\n<p>Som samarbeidspartner f\u00e5r du et rent og ryddig milj\u00f8 i ditt n\u00e6rmilj\u00f8. Oppdragsgivere inng\u00e5r l\u00f8pende avtale om renovasjonsoppdrag med oss og faktureres for utf\u00f8rt oppdrag.<\/p>\n\n\n\n<p>Slik kan din bedrift bidra til et rausere og mer inkluderende arbeidsliv og lokalsamfunn. Ta kontakt for ytterlig informasjon og eventuelt avtale om oppdrag.<\/p>\n\n\n\t\t\t<\/div>\n\t\t<\/div>\n\n<div class=\"t2-accordion-item wp-block-t2-accordion-item\" role=\"listitem\">\n\t\t\t<h2 class=\"t2-accordion-title\">\n\t\t\t\t<button type=\"button\" class=\"t2-accordion-trigger\" id=\"personvernerkl\u00e6ring\" aria-controls=\"accordion-panel-4\" aria-expanded=\"false\">\n\t\t\t\t\tPersonvernerkl\u00e6ring\n\t\t\t\t\t<span class=\"t2-accordion-icon is-closed-icon\"><svg xmlns=\"http:\/\/www.w3.org\/2000\/svg\" viewBox=\"0 0 24 24\" height=\"24\" width=\"24\" class=\"t2-icon t2-icon-plus\" aria-hidden=\"true\" focusable=\"false\"><path d=\"M11.8 5.037a1.088 1.088 0 0 0-.722.566c-.075.148-.078.25-.078 2.772v2.619l-2.61.016c-1.867.012-2.652.03-2.756.064-.168.055-.438.301-.54.494-.049.092-.07.223-.07.432 0 .34.054.476.282.704.289.289.14.275 3.064.288l2.63.012v2.619c0 2.544.002 2.625.08 2.778.191.372.516.577.92.577s.729-.205.92-.577c.078-.153.08-.234.08-2.778v-2.619l2.63-.012c2.924-.013 2.775.001 3.064-.288.228-.228.282-.364.282-.704 0-.209-.021-.34-.07-.432-.102-.193-.372-.439-.54-.494-.104-.034-.889-.052-2.756-.064L13 10.994V8.375c0-2.522-.003-2.624-.078-2.772-.214-.418-.685-.656-1.122-.566\"\/><\/svg><\/span>\n\t\t\t\t\t<span class=\"t2-accordion-icon is-open-icon\"><svg xmlns=\"http:\/\/www.w3.org\/2000\/svg\" viewBox=\"0 0 24 24\" height=\"24\" width=\"24\" class=\"t2-icon t2-icon-chevronup\" aria-hidden=\"true\" focusable=\"false\"><path d=\"M6.7 14.7c-.2-.2-.3-.4-.3-.7s.1-.5.3-.7l4.6-4.6c.1-.1.2-.2.3-.2.1 0 .2-.1.4-.1.1 0 .3 0 .4.1.1 0 .2.1.3.2l4.6 4.6c.2.2.3.4.3.7s-.1.5-.3.7c-.2.2-.4.3-.7.3s-.5-.1-.7-.3L12 10.8l-3.9 3.9c-.2.2-.4.3-.7.3s-.5-.1-.7-.3z\" fill=\"currentColor\" \/><\/svg><\/span>\n\t\t\t\t<\/button>\n\t\t\t<\/h2>\n\t\t\t<div class=\"t2-accordion-item__inner-container is-layout-flow\" id=\"accordion-panel-4\" aria-labelledby=\"personvernerkl\u00e6ring\" role=\"region\" hidden>\n\t\t\t\t\n\n<p><a href=\"https:\/\/kirkensbymisjon.no\/content\/uploads\/sites\/131\/2025\/04\/I_jobb_-_lavterskel-personvernerklaering.pdf\" target=\"_blank\" rel=\"noreferrer noopener\">Her kan du laste ned v\u00e5r personvernerkl\u00e6ring<\/a>.<\/p>\n\n\n\t\t\t<\/div>\n\t\t<\/div>\n<\/div>\n\n\n<p><\/p>\n","protected":false},"excerpt":{"rendered":"<p>I jobb \u2013 lavterskel V\u00e5re lavterskeltilbud er hovedsaklig et arbeidsfellesskap for mennesker som har utfordringer&hellip;<\/p>\n","protected":false},"author":5,"featured_media":0,"parent":0,"menu_order":0,"comment_status":"closed","ping_status":"closed","template":"","meta":{"_relevanssi_hide_post":"","_relevanssi_hide_content":"","_relevanssi_pin_for_all":"","_relevanssi_pin_keywords":"","_relevanssi_unpin_keywords":"","_relevanssi_related_keywords":"","_relevanssi_related_include_ids":"","_relevanssi_related_exclude_ids":"","_relevanssi_related_no_append":"","_relevanssi_related_not_related":"","_relevanssi_related_posts":"1","_relevanssi_noindex_reason":"","editor_notices":[],"footnotes":""},"class_list":["post-17","page","type-page","status-publish","hentry"],"yoast_head":"<!-- This site is optimized with the Yoast SEO Premium plugin v27.2 (Yoast SEO v27.2) - https:\/\/yoast.com\/product\/yoast-seo-premium-wordpress\/ -->\n<title>Lavterskel - I jobb<\/title>\n<meta name=\"robots\" content=\"index, follow, max-snippet:-1, max-image-preview:large, max-video-preview:-1\" \/>\n<link rel=\"canonical\" href=\"https:\/\/kirkensbymisjon.no\/tilbud-i-jobb\/lavterskel\/\" \/>\n<meta property=\"og:locale\" content=\"nb_NO\" \/>\n<meta property=\"og:type\" content=\"article\" \/>\n<meta property=\"og:title\" content=\"Lavterskel\" \/>\n<meta property=\"og:description\" content=\"I jobb \u2013 lavterskel V\u00e5re lavterskeltilbud er hovedsaklig et arbeidsfellesskap for mennesker som har utfordringer&hellip;\" \/>\n<meta property=\"og:url\" content=\"https:\/\/kirkensbymisjon.no\/tilbud-i-jobb\/lavterskel\/\" \/>\n<meta property=\"og:site_name\" content=\"I jobb\" \/>\n<meta property=\"article:modified_time\" content=\"2025-04-03T07:58:17+00:00\" \/>\n<meta property=\"og:image\" content=\"https:\/\/kirkensbymisjon.no\/content\/uploads\/sites\/131\/2024\/08\/tilbud_ijobb_07.jpg\" \/>\n\t<meta property=\"og:image:width\" content=\"1559\" \/>\n\t<meta property=\"og:image:height\" content=\"976\" \/>\n\t<meta property=\"og:image:type\" content=\"image\/jpeg\" \/>\n<meta name=\"twitter:card\" content=\"summary_large_image\" \/>\n<meta name=\"twitter:label1\" content=\"Ansl. lesetid\" \/>\n\t<meta name=\"twitter:data1\" content=\"2 minutter\" \/>\n<script type=\"application\/ld+json\" class=\"yoast-schema-graph\">{\"@context\":\"https:\/\/schema.org\",\"@graph\":[{\"@type\":\"WebPage\",\"@id\":\"https:\/\/kirkensbymisjon.no\/tilbud-i-jobb\/lavterskel\/\",\"url\":\"https:\/\/kirkensbymisjon.no\/tilbud-i-jobb\/lavterskel\/\",\"name\":\"Lavterskel - I jobb\",\"isPartOf\":{\"@id\":\"https:\/\/kirkensbymisjon.no\/tilbud-i-jobb\/#website\"},\"primaryImageOfPage\":{\"@id\":\"https:\/\/kirkensbymisjon.no\/tilbud-i-jobb\/lavterskel\/#primaryimage\"},\"image\":{\"@id\":\"https:\/\/kirkensbymisjon.no\/tilbud-i-jobb\/lavterskel\/#primaryimage\"},\"thumbnailUrl\":\"https:\/\/kirkensbymisjon.no\/content\/uploads\/sites\/131\/2024\/08\/tilbud_ijobb_07.jpg\",\"datePublished\":\"2024-08-12T10:37:35+00:00\",\"dateModified\":\"2025-04-03T07:58:17+00:00\",\"breadcrumb\":{\"@id\":\"https:\/\/kirkensbymisjon.no\/tilbud-i-jobb\/lavterskel\/#breadcrumb\"},\"inLanguage\":\"nb-NO\",\"potentialAction\":[{\"@type\":\"ReadAction\",\"target\":[\"https:\/\/kirkensbymisjon.no\/tilbud-i-jobb\/lavterskel\/\"]}]},{\"@type\":\"ImageObject\",\"inLanguage\":\"nb-NO\",\"@id\":\"https:\/\/kirkensbymisjon.no\/tilbud-i-jobb\/lavterskel\/#primaryimage\",\"url\":\"https:\/\/kirkensbymisjon.no\/content\/uploads\/sites\/131\/2024\/08\/tilbud_ijobb_07.jpg\",\"contentUrl\":\"https:\/\/kirkensbymisjon.no\/content\/uploads\/sites\/131\/2024\/08\/tilbud_ijobb_07.jpg\"},{\"@type\":\"BreadcrumbList\",\"@id\":\"https:\/\/kirkensbymisjon.no\/tilbud-i-jobb\/lavterskel\/#breadcrumb\",\"itemListElement\":[{\"@type\":\"ListItem\",\"position\":1,\"name\":\"Hjem\",\"item\":\"https:\/\/kirkensbymisjon.no\/tilbud-i-jobb\/\"},{\"@type\":\"ListItem\",\"position\":2,\"name\":\"Lavterskel\"}]},{\"@type\":\"WebSite\",\"@id\":\"https:\/\/kirkensbymisjon.no\/tilbud-i-jobb\/#website\",\"url\":\"https:\/\/kirkensbymisjon.no\/tilbud-i-jobb\/\",\"name\":\"I jobb\",\"description\":\"\",\"potentialAction\":[{\"@type\":\"SearchAction\",\"target\":{\"@type\":\"EntryPoint\",\"urlTemplate\":\"https:\/\/kirkensbymisjon.no\/tilbud-i-jobb\/?s={search_term_string}\"},\"query-input\":{\"@type\":\"PropertyValueSpecification\",\"valueRequired\":true,\"valueName\":\"search_term_string\"}}],\"inLanguage\":\"nb-NO\"}]}<\/script>\n<!-- \/ Yoast SEO Premium plugin. -->","yoast_head_json":{"title":"Lavterskel - I jobb","robots":{"index":"index","follow":"follow","max-snippet":"max-snippet:-1","max-image-preview":"max-image-preview:large","max-video-preview":"max-video-preview:-1"},"canonical":"https:\/\/kirkensbymisjon.no\/tilbud-i-jobb\/lavterskel\/","og_locale":"nb_NO","og_type":"article","og_title":"Lavterskel","og_description":"I jobb \u2013 lavterskel V\u00e5re lavterskeltilbud er hovedsaklig et arbeidsfellesskap for mennesker som har utfordringer&hellip;","og_url":"https:\/\/kirkensbymisjon.no\/tilbud-i-jobb\/lavterskel\/","og_site_name":"I jobb","article_modified_time":"2025-04-03T07:58:17+00:00","og_image":[{"width":1559,"height":976,"url":"https:\/\/kirkensbymisjon.no\/content\/uploads\/sites\/131\/2024\/08\/tilbud_ijobb_07.jpg","type":"image\/jpeg"}],"twitter_card":"summary_large_image","twitter_misc":{"Ansl. lesetid":"2 minutter"},"schema":{"@context":"https:\/\/schema.org","@graph":[{"@type":"WebPage","@id":"https:\/\/kirkensbymisjon.no\/tilbud-i-jobb\/lavterskel\/","url":"https:\/\/kirkensbymisjon.no\/tilbud-i-jobb\/lavterskel\/","name":"Lavterskel - I jobb","isPartOf":{"@id":"https:\/\/kirkensbymisjon.no\/tilbud-i-jobb\/#website"},"primaryImageOfPage":{"@id":"https:\/\/kirkensbymisjon.no\/tilbud-i-jobb\/lavterskel\/#primaryimage"},"image":{"@id":"https:\/\/kirkensbymisjon.no\/tilbud-i-jobb\/lavterskel\/#primaryimage"},"thumbnailUrl":"https:\/\/kirkensbymisjon.no\/content\/uploads\/sites\/131\/2024\/08\/tilbud_ijobb_07.jpg","datePublished":"2024-08-12T10:37:35+00:00","dateModified":"2025-04-03T07:58:17+00:00","breadcrumb":{"@id":"https:\/\/kirkensbymisjon.no\/tilbud-i-jobb\/lavterskel\/#breadcrumb"},"inLanguage":"nb-NO","potentialAction":[{"@type":"ReadAction","target":["https:\/\/kirkensbymisjon.no\/tilbud-i-jobb\/lavterskel\/"]}]},{"@type":"ImageObject","inLanguage":"nb-NO","@id":"https:\/\/kirkensbymisjon.no\/tilbud-i-jobb\/lavterskel\/#primaryimage","url":"https:\/\/kirkensbymisjon.no\/content\/uploads\/sites\/131\/2024\/08\/tilbud_ijobb_07.jpg","contentUrl":"https:\/\/kirkensbymisjon.no\/content\/uploads\/sites\/131\/2024\/08\/tilbud_ijobb_07.jpg"},{"@type":"BreadcrumbList","@id":"https:\/\/kirkensbymisjon.no\/tilbud-i-jobb\/lavterskel\/#breadcrumb","itemListElement":[{"@type":"ListItem","position":1,"name":"Hjem","item":"https:\/\/kirkensbymisjon.no\/tilbud-i-jobb\/"},{"@type":"ListItem","position":2,"name":"Lavterskel"}]},{"@type":"WebSite","@id":"https:\/\/kirkensbymisjon.no\/tilbud-i-jobb\/#website","url":"https:\/\/kirkensbymisjon.no\/tilbud-i-jobb\/","name":"I jobb","description":"","potentialAction":[{"@type":"SearchAction","target":{"@type":"EntryPoint","urlTemplate":"https:\/\/kirkensbymisjon.no\/tilbud-i-jobb\/?s={search_term_string}"},"query-input":{"@type":"PropertyValueSpecification","valueRequired":true,"valueName":"search_term_string"}}],"inLanguage":"nb-NO"}]}},"_links":{"self":[{"href":"https:\/\/kirkensbymisjon.no\/tilbud-i-jobb\/wp-json\/wp\/v2\/pages\/17","targetHints":{"allow":["GET"]}}],"collection":[{"href":"https:\/\/kirkensbymisjon.no\/tilbud-i-jobb\/wp-json\/wp\/v2\/pages"}],"about":[{"href":"https:\/\/kirkensbymisjon.no\/tilbud-i-jobb\/wp-json\/wp\/v2\/types\/page"}],"author":[{"embeddable":true,"href":"https:\/\/kirkensbymisjon.no\/tilbud-i-jobb\/wp-json\/wp\/v2\/users\/5"}],"replies":[{"embeddable":true,"href":"https:\/\/kirkensbymisjon.no\/tilbud-i-jobb\/wp-json\/wp\/v2\/comments?post=17"}],"version-history":[{"count":5,"href":"https:\/\/kirkensbymisjon.no\/tilbud-i-jobb\/wp-json\/wp\/v2\/pages\/17\/revisions"}],"predecessor-version":[{"id":545,"href":"https:\/\/kirkensbymisjon.no\/tilbud-i-jobb\/wp-json\/wp\/v2\/pages\/17\/revisions\/545"}],"wp:attachment":[{"href":"https:\/\/kirkensbymisjon.no\/tilbud-i-jobb\/wp-json\/wp\/v2\/media?parent=17"}],"curies":[{"name":"wp","href":"https:\/\/api.w.org\/{rel}","templated":true}]}}