{"id":19,"date":"2024-09-04T22:39:04","date_gmt":"2024-09-04T20:39:04","guid":{"rendered":"https:\/\/kirkensbymisjon.no\/tilbud-kafe-honefoss\/?page_id=19"},"modified":"2024-09-08T11:30:47","modified_gmt":"2024-09-08T09:30:47","slug":"om-kafeen","status":"publish","type":"page","link":"https:\/\/kirkensbymisjon.no\/tilbud-kafe-honefoss\/om-kafeen\/","title":{"rendered":"Om kafeen"},"content":{"rendered":"\n<p>Kafeen og konditoriet driftes av ansatte, deltakere og frivillige. Vi \u00f8nsker \u00e5 v\u00e6re et springbrett for v\u00e5re deltakere ut i ordin\u00e6rt arbeidsliv.<\/p>\n\n\n\n<p>I tillegg til at vi er en \u00e5pen og hyggelig kaf\u00e9 for alle, er ogs\u00e5 kafeen og konditoriet et rusfritt etterverns- og arbeidstreningstilbud for mennesker med tidligere rusavhengighet, soningsbakgrunn, psykiske- eller fysiske helseplager og spr\u00e5kutfordringer.<\/p>\n\n\n\n<figure class=\"wp-block-image size-full\"><img loading=\"lazy\" decoding=\"async\" width=\"1000\" height=\"500\" src=\"https:\/\/kirkensbymisjon.no\/content\/uploads\/sites\/148\/2024\/09\/tilbud_kafe-honefoss_01.jpg\" alt=\"Ansatte og frivillige ved Kaf\u00e9, H\u00f8nefoss\" class=\"wp-image-9\" srcset=\"https:\/\/kirkensbymisjon.no\/content\/uploads\/sites\/148\/2024\/09\/tilbud_kafe-honefoss_01.jpg 1000w, https:\/\/kirkensbymisjon.no\/content\/uploads\/sites\/148\/2024\/09\/tilbud_kafe-honefoss_01-300x150.jpg 300w, https:\/\/kirkensbymisjon.no\/content\/uploads\/sites\/148\/2024\/09\/tilbud_kafe-honefoss_01-768x384.jpg 768w\" sizes=\"auto, (max-width: 1000px) 100vw, 1000px\" \/><\/figure>\n\n\n\n<h2 class=\"wp-block-heading\" id=\"h-hvordan-vi-jobber\">Hvordan vi jobber?<\/h2>\n\n\n<div class=\"t2-accordion wp-block-t2-accordion\" data-allow-multiple=\"1\" role=\"list\">\n<div class=\"t2-accordion-item wp-block-t2-accordion-item\" role=\"listitem\">\n\t\t\t<h2 class=\"t2-accordion-title\">\n\t\t\t\t<button type=\"button\" class=\"t2-accordion-trigger\" id=\"vei-ut-i-arbeidslivet\" aria-controls=\"accordion-panel\" aria-expanded=\"false\">\n\t\t\t\t\tVei ut i arbeidslivet\n\t\t\t\t\t<span class=\"t2-accordion-icon is-closed-icon\"><svg xmlns=\"http:\/\/www.w3.org\/2000\/svg\" viewBox=\"0 0 24 24\" height=\"24\" width=\"24\" class=\"t2-icon t2-icon-plus\" aria-hidden=\"true\" focusable=\"false\"><path d=\"M11.8 5.037a1.088 1.088 0 0 0-.722.566c-.075.148-.078.25-.078 2.772v2.619l-2.61.016c-1.867.012-2.652.03-2.756.064-.168.055-.438.301-.54.494-.049.092-.07.223-.07.432 0 .34.054.476.282.704.289.289.14.275 3.064.288l2.63.012v2.619c0 2.544.002 2.625.08 2.778.191.372.516.577.92.577s.729-.205.92-.577c.078-.153.08-.234.08-2.778v-2.619l2.63-.012c2.924-.013 2.775.001 3.064-.288.228-.228.282-.364.282-.704 0-.209-.021-.34-.07-.432-.102-.193-.372-.439-.54-.494-.104-.034-.889-.052-2.756-.064L13 10.994V8.375c0-2.522-.003-2.624-.078-2.772-.214-.418-.685-.656-1.122-.566\"\/><\/svg><\/span>\n\t\t\t\t\t<span class=\"t2-accordion-icon is-open-icon\"><svg xmlns=\"http:\/\/www.w3.org\/2000\/svg\" viewBox=\"0 0 24 24\" height=\"24\" width=\"24\" class=\"t2-icon t2-icon-chevronup\" aria-hidden=\"true\" focusable=\"false\"><path d=\"M6.7 14.7c-.2-.2-.3-.4-.3-.7s.1-.5.3-.7l4.6-4.6c.1-.1.2-.2.3-.2.1 0 .2-.1.4-.1.1 0 .3 0 .4.1.1 0 .2.1.3.2l4.6 4.6c.2.2.3.4.3.7s-.1.5-.3.7c-.2.2-.4.3-.7.3s-.5-.1-.7-.3L12 10.8l-3.9 3.9c-.2.2-.4.3-.7.3s-.5-.1-.7-.3z\" fill=\"currentColor\" \/><\/svg><\/span>\n\t\t\t\t<\/button>\n\t\t\t<\/h2>\n\t\t\t<div class=\"t2-accordion-item__inner-container is-layout-flow\" id=\"accordion-panel\" aria-labelledby=\"vei-ut-i-arbeidslivet\" role=\"region\" hidden>\n\t\t\t\t\n\n<p>Kafeen og konditoriet driftes av ansatte, deltakere og frivillige i fellesskap. M\u00e5let er at vi kan v\u00e6re et springbrett for v\u00e5re deltakere ut i ordin\u00e6rt arbeid, deltakelse i samfunnet og selvfors\u00f8rging.<\/p>\n\n\n\n<p>V\u00e5rt m\u00e5l er at alle v\u00e5re deltakere som har st\u00e5tt utenfor arbeidslivet, skal kunne bruke kafeen som en mestringsarena, der de kan kjenne at de er til nytte, v\u00e6re en del av et fellesskap og har noe \u00e5 g\u00e5 til etter endt soning eller behandling.<\/p>\n\n\n\t\t\t<\/div>\n\t\t<\/div>\n\n<div class=\"t2-accordion-item wp-block-t2-accordion-item\" role=\"listitem\">\n\t\t\t<h2 class=\"t2-accordion-title\">\n\t\t\t\t<button type=\"button\" class=\"t2-accordion-trigger\" id=\"v\u00e5rt-verdigrunnlag\" aria-controls=\"accordion-panel-1\" aria-expanded=\"false\">\n\t\t\t\t\tV\u00e5rt verdigrunnlag\n\t\t\t\t\t<span class=\"t2-accordion-icon is-closed-icon\"><svg xmlns=\"http:\/\/www.w3.org\/2000\/svg\" viewBox=\"0 0 24 24\" height=\"24\" width=\"24\" class=\"t2-icon t2-icon-plus\" aria-hidden=\"true\" focusable=\"false\"><path d=\"M11.8 5.037a1.088 1.088 0 0 0-.722.566c-.075.148-.078.25-.078 2.772v2.619l-2.61.016c-1.867.012-2.652.03-2.756.064-.168.055-.438.301-.54.494-.049.092-.07.223-.07.432 0 .34.054.476.282.704.289.289.14.275 3.064.288l2.63.012v2.619c0 2.544.002 2.625.08 2.778.191.372.516.577.92.577s.729-.205.92-.577c.078-.153.08-.234.08-2.778v-2.619l2.63-.012c2.924-.013 2.775.001 3.064-.288.228-.228.282-.364.282-.704 0-.209-.021-.34-.07-.432-.102-.193-.372-.439-.54-.494-.104-.034-.889-.052-2.756-.064L13 10.994V8.375c0-2.522-.003-2.624-.078-2.772-.214-.418-.685-.656-1.122-.566\"\/><\/svg><\/span>\n\t\t\t\t\t<span class=\"t2-accordion-icon is-open-icon\"><svg xmlns=\"http:\/\/www.w3.org\/2000\/svg\" viewBox=\"0 0 24 24\" height=\"24\" width=\"24\" class=\"t2-icon t2-icon-chevronup\" aria-hidden=\"true\" focusable=\"false\"><path d=\"M6.7 14.7c-.2-.2-.3-.4-.3-.7s.1-.5.3-.7l4.6-4.6c.1-.1.2-.2.3-.2.1 0 .2-.1.4-.1.1 0 .3 0 .4.1.1 0 .2.1.3.2l4.6 4.6c.2.2.3.4.3.7s-.1.5-.3.7c-.2.2-.4.3-.7.3s-.5-.1-.7-.3L12 10.8l-3.9 3.9c-.2.2-.4.3-.7.3s-.5-.1-.7-.3z\" fill=\"currentColor\" \/><\/svg><\/span>\n\t\t\t\t<\/button>\n\t\t\t<\/h2>\n\t\t\t<div class=\"t2-accordion-item__inner-container is-layout-flow\" id=\"accordion-panel-1\" aria-labelledby=\"v\u00e5rt-verdigrunnlag\" role=\"region\" hidden>\n\t\t\t\t\n\n<p>Kirkens Bymisjons visjon er at alle mennesker skal erfare respekt, rettferdighet og omsorg. Det er en visjon vi lever etter i v\u00e5rt tiltak, og vi har stor tro p\u00e5 arbeid som en arena som kan gi styrket selvf\u00f8lelse og opplevelse av tilh\u00f8righet for v\u00e5re deltakere.<\/p>\n\n\n\n<p>Gjennom erfaring fra liknende tiltak i Kirkens Bymisjon opplever vi at et fleksibelt tilbud til mennesker i en overgangsfase, og med h\u00f8y grad av brukermedvirkning og likemannsarbeid, kan gi muligheter som supplerer det offentlige tilbudet p\u00e5 en god m\u00e5te. V\u00e5r brukermedvirkning er preget av gjensidig respekt, forst\u00e5else for hverandres meninger, perspektiver og kunnskap.<\/p>\n\n\n\t\t\t<\/div>\n\t\t<\/div>\n\n<div class=\"t2-accordion-item wp-block-t2-accordion-item\" role=\"listitem\">\n\t\t\t<h2 class=\"t2-accordion-title\">\n\t\t\t\t<button type=\"button\" class=\"t2-accordion-trigger\" id=\"fokus-p\u00e5-det-som-virker\" aria-controls=\"accordion-panel-2\" aria-expanded=\"false\">\n\t\t\t\t\tFokus p\u00e5 det som virker\n\t\t\t\t\t<span class=\"t2-accordion-icon is-closed-icon\"><svg xmlns=\"http:\/\/www.w3.org\/2000\/svg\" viewBox=\"0 0 24 24\" height=\"24\" width=\"24\" class=\"t2-icon t2-icon-plus\" aria-hidden=\"true\" focusable=\"false\"><path d=\"M11.8 5.037a1.088 1.088 0 0 0-.722.566c-.075.148-.078.25-.078 2.772v2.619l-2.61.016c-1.867.012-2.652.03-2.756.064-.168.055-.438.301-.54.494-.049.092-.07.223-.07.432 0 .34.054.476.282.704.289.289.14.275 3.064.288l2.63.012v2.619c0 2.544.002 2.625.08 2.778.191.372.516.577.92.577s.729-.205.92-.577c.078-.153.08-.234.08-2.778v-2.619l2.63-.012c2.924-.013 2.775.001 3.064-.288.228-.228.282-.364.282-.704 0-.209-.021-.34-.07-.432-.102-.193-.372-.439-.54-.494-.104-.034-.889-.052-2.756-.064L13 10.994V8.375c0-2.522-.003-2.624-.078-2.772-.214-.418-.685-.656-1.122-.566\"\/><\/svg><\/span>\n\t\t\t\t\t<span class=\"t2-accordion-icon is-open-icon\"><svg xmlns=\"http:\/\/www.w3.org\/2000\/svg\" viewBox=\"0 0 24 24\" height=\"24\" width=\"24\" class=\"t2-icon t2-icon-chevronup\" aria-hidden=\"true\" focusable=\"false\"><path d=\"M6.7 14.7c-.2-.2-.3-.4-.3-.7s.1-.5.3-.7l4.6-4.6c.1-.1.2-.2.3-.2.1 0 .2-.1.4-.1.1 0 .3 0 .4.1.1 0 .2.1.3.2l4.6 4.6c.2.2.3.4.3.7s-.1.5-.3.7c-.2.2-.4.3-.7.3s-.5-.1-.7-.3L12 10.8l-3.9 3.9c-.2.2-.4.3-.7.3s-.5-.1-.7-.3z\" fill=\"currentColor\" \/><\/svg><\/span>\n\t\t\t\t<\/button>\n\t\t\t<\/h2>\n\t\t\t<div class=\"t2-accordion-item__inner-container is-layout-flow\" id=\"accordion-panel-2\" aria-labelledby=\"fokus-p\u00e5-det-som-virker\" role=\"region\" hidden>\n\t\t\t\t\n\n<p>Vi benytter flere metoder i v\u00e5rt arbeid, og er opptatt av \u00e5 \u00f8ke den enkeltes bevissthet om hvilke handlinger de gj\u00f8r som fungerer for dem. Vi fokuserer p\u00e5 det man vil ha mer av, mer enn det man vil ha mindre av. Vi motiverer til endring s\u00e5 den enkelte skal finne sin egen styrke \u2013 til \u00e5 gj\u00f8re det som skal til for \u00e5 oppn\u00e5 egne m\u00e5l.<\/p>\n\n\n\t\t\t<\/div>\n\t\t<\/div>\n\n<div class=\"t2-accordion-item wp-block-t2-accordion-item\" role=\"listitem\">\n\t\t\t<h2 class=\"t2-accordion-title\">\n\t\t\t\t<button type=\"button\" class=\"t2-accordion-trigger\" id=\"samarbeidspartnere\" aria-controls=\"accordion-panel-3\" aria-expanded=\"false\">\n\t\t\t\t\tSamarbeidspartnere\n\t\t\t\t\t<span class=\"t2-accordion-icon is-closed-icon\"><svg xmlns=\"http:\/\/www.w3.org\/2000\/svg\" viewBox=\"0 0 24 24\" height=\"24\" width=\"24\" class=\"t2-icon t2-icon-plus\" aria-hidden=\"true\" focusable=\"false\"><path d=\"M11.8 5.037a1.088 1.088 0 0 0-.722.566c-.075.148-.078.25-.078 2.772v2.619l-2.61.016c-1.867.012-2.652.03-2.756.064-.168.055-.438.301-.54.494-.049.092-.07.223-.07.432 0 .34.054.476.282.704.289.289.14.275 3.064.288l2.63.012v2.619c0 2.544.002 2.625.08 2.778.191.372.516.577.92.577s.729-.205.92-.577c.078-.153.08-.234.08-2.778v-2.619l2.63-.012c2.924-.013 2.775.001 3.064-.288.228-.228.282-.364.282-.704 0-.209-.021-.34-.07-.432-.102-.193-.372-.439-.54-.494-.104-.034-.889-.052-2.756-.064L13 10.994V8.375c0-2.522-.003-2.624-.078-2.772-.214-.418-.685-.656-1.122-.566\"\/><\/svg><\/span>\n\t\t\t\t\t<span class=\"t2-accordion-icon is-open-icon\"><svg xmlns=\"http:\/\/www.w3.org\/2000\/svg\" viewBox=\"0 0 24 24\" height=\"24\" width=\"24\" class=\"t2-icon t2-icon-chevronup\" aria-hidden=\"true\" focusable=\"false\"><path d=\"M6.7 14.7c-.2-.2-.3-.4-.3-.7s.1-.5.3-.7l4.6-4.6c.1-.1.2-.2.3-.2.1 0 .2-.1.4-.1.1 0 .3 0 .4.1.1 0 .2.1.3.2l4.6 4.6c.2.2.3.4.3.7s-.1.5-.3.7c-.2.2-.4.3-.7.3s-.5-.1-.7-.3L12 10.8l-3.9 3.9c-.2.2-.4.3-.7.3s-.5-.1-.7-.3z\" fill=\"currentColor\" \/><\/svg><\/span>\n\t\t\t\t<\/button>\n\t\t\t<\/h2>\n\t\t\t<div class=\"t2-accordion-item__inner-container is-layout-flow\" id=\"accordion-panel-3\" aria-labelledby=\"samarbeidspartnere\" role=\"region\" hidden>\n\t\t\t\t\n\n<p>Blant v\u00e5re samarbeidspartnere er Ringerike kommune, Sparebankstiftelsen Ringerike og XPND. Kafeen er et resultat av NRK TV-aksjonen 2018 \u2013 \u00abMindre alene sammen\u00bb.<\/p>\n\n\n\n<p>Bli med \u00e5 skape endringer som engasjerer og begeistrer \u2013 i byen og bedriften,&nbsp;<a href=\"\/samarbeidspartner\/\">les mer om bedriftssamarbeid her<\/a>.<\/p>\n\n\n\t\t\t<\/div>\n\t\t<\/div>\n<\/div>\n\n\n<div class=\"wp-block-media-text alignwide is-stacked-on-mobile is-style-filled\"><figure class=\"wp-block-media-text__media\"><img decoding=\"async\" src=\"https:\/\/kirkensbymisjon.no\/content\/uploads\/2024\/09\/standard_bli-frivillig_04-1024x707.jpg\" alt=\"Frivillige i samtale med gjest i kafeen.\" class=\"wp-image-3267 size-full\"\/><\/figure><div class=\"wp-block-media-text__content\">\n<h2 class=\"wp-block-heading\" id=\"h-bli-frivillig-nbsp\"><strong>Bli frivillig!<\/strong>&nbsp;<\/h2>\n\n\n\n<p>Vi trenger deg som \u00f8nsker \u00e5 gj\u00f8re en frivillig innsats til nytte og glede for andre og deg selv. Gjennom frivillig engasjement kan du bruke din erfaring og kompetanse \u2013 eller l\u00e6re noe nytt.&nbsp;<\/p>\n\n\n\n<p><a href=\"\/bli-frivillig\">Les mer om frivillighet<\/a><\/p>\n<\/div><\/div>\n","protected":false},"excerpt":{"rendered":"<p>Kafeen og konditoriet driftes av ansatte, deltakere og frivillige. Vi \u00f8nsker \u00e5 v\u00e6re et springbrett&hellip;<\/p>\n","protected":false},"author":5,"featured_media":0,"parent":0,"menu_order":0,"comment_status":"closed","ping_status":"closed","template":"","meta":{"_relevanssi_hide_post":"","_relevanssi_hide_content":"","_relevanssi_pin_for_all":"","_relevanssi_pin_keywords":"","_relevanssi_unpin_keywords":"","_relevanssi_related_keywords":"","_relevanssi_related_include_ids":"","_relevanssi_related_exclude_ids":"","_relevanssi_related_no_append":"","_relevanssi_related_not_related":"","_relevanssi_related_posts":"1","_relevanssi_noindex_reason":"","editor_notices":[],"footnotes":""},"class_list":["post-19","page","type-page","status-publish","hentry"],"yoast_head":"<!-- This site is optimized with the Yoast SEO Premium plugin v27.2 (Yoast SEO v27.2) - https:\/\/yoast.com\/product\/yoast-seo-premium-wordpress\/ -->\n<title>Om kafeen - Kaf\u00e9, H\u00f8nefoss<\/title>\n<meta name=\"robots\" content=\"index, follow, max-snippet:-1, max-image-preview:large, max-video-preview:-1\" \/>\n<link rel=\"canonical\" href=\"https:\/\/kirkensbymisjon.no\/tilbud-kafe-honefoss\/om-kafeen\/\" \/>\n<meta property=\"og:locale\" content=\"nb_NO\" \/>\n<meta property=\"og:type\" content=\"article\" \/>\n<meta property=\"og:title\" content=\"Om kafeen\" \/>\n<meta property=\"og:description\" content=\"Kafeen og konditoriet driftes av ansatte, deltakere og frivillige. Vi \u00f8nsker \u00e5 v\u00e6re et springbrett&hellip;\" \/>\n<meta property=\"og:url\" content=\"https:\/\/kirkensbymisjon.no\/tilbud-kafe-honefoss\/om-kafeen\/\" \/>\n<meta property=\"og:site_name\" content=\"Kaf\u00e9, H\u00f8nefoss\" \/>\n<meta property=\"article:modified_time\" content=\"2024-09-08T09:30:47+00:00\" \/>\n<meta property=\"og:image\" content=\"https:\/\/kirkensbymisjon.no\/content\/uploads\/sites\/148\/2024\/09\/tilbud_kafe-honefoss_01.jpg\" \/>\n<meta name=\"twitter:card\" content=\"summary_large_image\" \/>\n<meta name=\"twitter:label1\" content=\"Ansl. lesetid\" \/>\n\t<meta name=\"twitter:data1\" content=\"3 minutter\" \/>\n<script type=\"application\/ld+json\" class=\"yoast-schema-graph\">{\"@context\":\"https:\/\/schema.org\",\"@graph\":[{\"@type\":\"WebPage\",\"@id\":\"https:\/\/kirkensbymisjon.no\/tilbud-kafe-honefoss\/om-kafeen\/\",\"url\":\"https:\/\/kirkensbymisjon.no\/tilbud-kafe-honefoss\/om-kafeen\/\",\"name\":\"Om kafeen - Kaf\u00e9, H\u00f8nefoss\",\"isPartOf\":{\"@id\":\"https:\/\/kirkensbymisjon.no\/tilbud-kafe-honefoss\/#website\"},\"primaryImageOfPage\":{\"@id\":\"https:\/\/kirkensbymisjon.no\/tilbud-kafe-honefoss\/om-kafeen\/#primaryimage\"},\"image\":{\"@id\":\"https:\/\/kirkensbymisjon.no\/tilbud-kafe-honefoss\/om-kafeen\/#primaryimage\"},\"thumbnailUrl\":\"https:\/\/kirkensbymisjon.no\/content\/uploads\/sites\/148\/2024\/09\/tilbud_kafe-honefoss_01.jpg\",\"datePublished\":\"2024-09-04T20:39:04+00:00\",\"dateModified\":\"2024-09-08T09:30:47+00:00\",\"breadcrumb\":{\"@id\":\"https:\/\/kirkensbymisjon.no\/tilbud-kafe-honefoss\/om-kafeen\/#breadcrumb\"},\"inLanguage\":\"nb-NO\",\"potentialAction\":[{\"@type\":\"ReadAction\",\"target\":[\"https:\/\/kirkensbymisjon.no\/tilbud-kafe-honefoss\/om-kafeen\/\"]}]},{\"@type\":\"ImageObject\",\"inLanguage\":\"nb-NO\",\"@id\":\"https:\/\/kirkensbymisjon.no\/tilbud-kafe-honefoss\/om-kafeen\/#primaryimage\",\"url\":\"https:\/\/kirkensbymisjon.no\/content\/uploads\/sites\/148\/2024\/09\/tilbud_kafe-honefoss_01.jpg\",\"contentUrl\":\"https:\/\/kirkensbymisjon.no\/content\/uploads\/sites\/148\/2024\/09\/tilbud_kafe-honefoss_01.jpg\"},{\"@type\":\"BreadcrumbList\",\"@id\":\"https:\/\/kirkensbymisjon.no\/tilbud-kafe-honefoss\/om-kafeen\/#breadcrumb\",\"itemListElement\":[{\"@type\":\"ListItem\",\"position\":1,\"name\":\"Hjem\",\"item\":\"https:\/\/kirkensbymisjon.no\/tilbud-kafe-honefoss\/\"},{\"@type\":\"ListItem\",\"position\":2,\"name\":\"Om kafeen\"}]},{\"@type\":\"WebSite\",\"@id\":\"https:\/\/kirkensbymisjon.no\/tilbud-kafe-honefoss\/#website\",\"url\":\"https:\/\/kirkensbymisjon.no\/tilbud-kafe-honefoss\/\",\"name\":\"Kaf\u00e9, H\u00f8nefoss\",\"description\":\"\",\"potentialAction\":[{\"@type\":\"SearchAction\",\"target\":{\"@type\":\"EntryPoint\",\"urlTemplate\":\"https:\/\/kirkensbymisjon.no\/tilbud-kafe-honefoss\/?s={search_term_string}\"},\"query-input\":{\"@type\":\"PropertyValueSpecification\",\"valueRequired\":true,\"valueName\":\"search_term_string\"}}],\"inLanguage\":\"nb-NO\"}]}<\/script>\n<!-- \/ Yoast SEO Premium plugin. -->","yoast_head_json":{"title":"Om kafeen - Kaf\u00e9, H\u00f8nefoss","robots":{"index":"index","follow":"follow","max-snippet":"max-snippet:-1","max-image-preview":"max-image-preview:large","max-video-preview":"max-video-preview:-1"},"canonical":"https:\/\/kirkensbymisjon.no\/tilbud-kafe-honefoss\/om-kafeen\/","og_locale":"nb_NO","og_type":"article","og_title":"Om kafeen","og_description":"Kafeen og konditoriet driftes av ansatte, deltakere og frivillige. Vi \u00f8nsker \u00e5 v\u00e6re et springbrett&hellip;","og_url":"https:\/\/kirkensbymisjon.no\/tilbud-kafe-honefoss\/om-kafeen\/","og_site_name":"Kaf\u00e9, H\u00f8nefoss","article_modified_time":"2024-09-08T09:30:47+00:00","og_image":[{"url":"https:\/\/kirkensbymisjon.no\/content\/uploads\/sites\/148\/2024\/09\/tilbud_kafe-honefoss_01.jpg","type":"","width":"","height":""}],"twitter_card":"summary_large_image","twitter_misc":{"Ansl. lesetid":"3 minutter"},"schema":{"@context":"https:\/\/schema.org","@graph":[{"@type":"WebPage","@id":"https:\/\/kirkensbymisjon.no\/tilbud-kafe-honefoss\/om-kafeen\/","url":"https:\/\/kirkensbymisjon.no\/tilbud-kafe-honefoss\/om-kafeen\/","name":"Om kafeen - Kaf\u00e9, H\u00f8nefoss","isPartOf":{"@id":"https:\/\/kirkensbymisjon.no\/tilbud-kafe-honefoss\/#website"},"primaryImageOfPage":{"@id":"https:\/\/kirkensbymisjon.no\/tilbud-kafe-honefoss\/om-kafeen\/#primaryimage"},"image":{"@id":"https:\/\/kirkensbymisjon.no\/tilbud-kafe-honefoss\/om-kafeen\/#primaryimage"},"thumbnailUrl":"https:\/\/kirkensbymisjon.no\/content\/uploads\/sites\/148\/2024\/09\/tilbud_kafe-honefoss_01.jpg","datePublished":"2024-09-04T20:39:04+00:00","dateModified":"2024-09-08T09:30:47+00:00","breadcrumb":{"@id":"https:\/\/kirkensbymisjon.no\/tilbud-kafe-honefoss\/om-kafeen\/#breadcrumb"},"inLanguage":"nb-NO","potentialAction":[{"@type":"ReadAction","target":["https:\/\/kirkensbymisjon.no\/tilbud-kafe-honefoss\/om-kafeen\/"]}]},{"@type":"ImageObject","inLanguage":"nb-NO","@id":"https:\/\/kirkensbymisjon.no\/tilbud-kafe-honefoss\/om-kafeen\/#primaryimage","url":"https:\/\/kirkensbymisjon.no\/content\/uploads\/sites\/148\/2024\/09\/tilbud_kafe-honefoss_01.jpg","contentUrl":"https:\/\/kirkensbymisjon.no\/content\/uploads\/sites\/148\/2024\/09\/tilbud_kafe-honefoss_01.jpg"},{"@type":"BreadcrumbList","@id":"https:\/\/kirkensbymisjon.no\/tilbud-kafe-honefoss\/om-kafeen\/#breadcrumb","itemListElement":[{"@type":"ListItem","position":1,"name":"Hjem","item":"https:\/\/kirkensbymisjon.no\/tilbud-kafe-honefoss\/"},{"@type":"ListItem","position":2,"name":"Om kafeen"}]},{"@type":"WebSite","@id":"https:\/\/kirkensbymisjon.no\/tilbud-kafe-honefoss\/#website","url":"https:\/\/kirkensbymisjon.no\/tilbud-kafe-honefoss\/","name":"Kaf\u00e9, H\u00f8nefoss","description":"","potentialAction":[{"@type":"SearchAction","target":{"@type":"EntryPoint","urlTemplate":"https:\/\/kirkensbymisjon.no\/tilbud-kafe-honefoss\/?s={search_term_string}"},"query-input":{"@type":"PropertyValueSpecification","valueRequired":true,"valueName":"search_term_string"}}],"inLanguage":"nb-NO"}]}},"_links":{"self":[{"href":"https:\/\/kirkensbymisjon.no\/tilbud-kafe-honefoss\/wp-json\/wp\/v2\/pages\/19","targetHints":{"allow":["GET"]}}],"collection":[{"href":"https:\/\/kirkensbymisjon.no\/tilbud-kafe-honefoss\/wp-json\/wp\/v2\/pages"}],"about":[{"href":"https:\/\/kirkensbymisjon.no\/tilbud-kafe-honefoss\/wp-json\/wp\/v2\/types\/page"}],"author":[{"embeddable":true,"href":"https:\/\/kirkensbymisjon.no\/tilbud-kafe-honefoss\/wp-json\/wp\/v2\/users\/5"}],"replies":[{"embeddable":true,"href":"https:\/\/kirkensbymisjon.no\/tilbud-kafe-honefoss\/wp-json\/wp\/v2\/comments?post=19"}],"version-history":[{"count":5,"href":"https:\/\/kirkensbymisjon.no\/tilbud-kafe-honefoss\/wp-json\/wp\/v2\/pages\/19\/revisions"}],"predecessor-version":[{"id":127,"href":"https:\/\/kirkensbymisjon.no\/tilbud-kafe-honefoss\/wp-json\/wp\/v2\/pages\/19\/revisions\/127"}],"wp:attachment":[{"href":"https:\/\/kirkensbymisjon.no\/tilbud-kafe-honefoss\/wp-json\/wp\/v2\/media?parent=19"}],"curies":[{"name":"wp","href":"https:\/\/api.w.org\/{rel}","templated":true}]}}