{"id":25,"date":"2024-09-04T22:40:04","date_gmt":"2024-09-04T20:40:04","guid":{"rendered":"https:\/\/kirkensbymisjon.no\/tilbud-kafe-honefoss\/?page_id=25"},"modified":"2024-09-05T16:01:50","modified_gmt":"2024-09-05T14:01:50","slug":"jobb-hos-oss","status":"publish","type":"page","link":"https:\/\/kirkensbymisjon.no\/tilbud-kafe-honefoss\/jobb-hos-oss\/","title":{"rendered":"Jobb hos oss"},"content":{"rendered":"\n<h2 class=\"wp-block-heading\" id=\"h-jobb-hos-oss\">Jobb hos oss<\/h2>\n\n\n\n<p>\u00d8nsker du \u00e5 fylle dagene med noe, engasjere deg i kafeen og v\u00e6re en del av et fellesskap? Vi har vi en plass for deg.<\/p>\n\n\n\n<p>I kafeen er det rom for mennesker som har behov for en meningsfull hverdag, noe \u00e5 engasjere seg i \u2013 v\u00e6re en del av. Du trenger ikke \u00e5 s\u00f8kes inn for \u00e5 benytte deg av v\u00e5rt tilbud, du kan bare henvende deg i kafeen \u2013 ringe eller sende en e-post.<\/p>\n\n\n\t<div class=\"alignfull wp-block-kbm-gallery\" data-scroll=\"1\">\n\t\t<div class=\"kbm-gallery__scroll\">\n\t\t\t<div class=\"kbm-gallery__wrapper\">\n\t\t\t\t\n\n<figure class=\"wp-block-gallery has-nested-images columns-default is-cropped wp-block-gallery-1 is-layout-flex wp-block-gallery-is-layout-flex\">\n<figure class=\"wp-block-image size-large\"><img loading=\"lazy\" decoding=\"async\" width=\"1024\" height=\"683\" data-id=\"106\" src=\"https:\/\/kirkensbymisjon.no\/content\/uploads\/sites\/148\/2024\/09\/tilbud_kafe-honefoss_07-1024x683.jpg\" alt=\"Ansatte og frivillige ved Kaf\u00e9, H\u00f8nefoss\" class=\"wp-image-106\" srcset=\"https:\/\/kirkensbymisjon.no\/content\/uploads\/sites\/148\/2024\/09\/tilbud_kafe-honefoss_07-1024x683.jpg 1024w, https:\/\/kirkensbymisjon.no\/content\/uploads\/sites\/148\/2024\/09\/tilbud_kafe-honefoss_07-300x200.jpg 300w, https:\/\/kirkensbymisjon.no\/content\/uploads\/sites\/148\/2024\/09\/tilbud_kafe-honefoss_07-768x512.jpg 768w, https:\/\/kirkensbymisjon.no\/content\/uploads\/sites\/148\/2024\/09\/tilbud_kafe-honefoss_07-1536x1024.jpg 1536w, https:\/\/kirkensbymisjon.no\/content\/uploads\/sites\/148\/2024\/09\/tilbud_kafe-honefoss_07-2048x1366.jpg 2048w\" sizes=\"auto, (max-width: 1024px) 100vw, 1024px\" \/><\/figure>\n\n\n\n<figure class=\"wp-block-image size-large\"><img loading=\"lazy\" decoding=\"async\" width=\"1024\" height=\"683\" data-id=\"107\" src=\"https:\/\/kirkensbymisjon.no\/content\/uploads\/sites\/148\/2024\/09\/tilbud_kafe-honefoss_08-1024x683.jpg\" alt=\"Ansatte og frivillige ved Kaf\u00e9, H\u00f8nefoss\" class=\"wp-image-107\" srcset=\"https:\/\/kirkensbymisjon.no\/content\/uploads\/sites\/148\/2024\/09\/tilbud_kafe-honefoss_08-1024x683.jpg 1024w, https:\/\/kirkensbymisjon.no\/content\/uploads\/sites\/148\/2024\/09\/tilbud_kafe-honefoss_08-300x200.jpg 300w, https:\/\/kirkensbymisjon.no\/content\/uploads\/sites\/148\/2024\/09\/tilbud_kafe-honefoss_08-768x512.jpg 768w, https:\/\/kirkensbymisjon.no\/content\/uploads\/sites\/148\/2024\/09\/tilbud_kafe-honefoss_08-1536x1024.jpg 1536w, https:\/\/kirkensbymisjon.no\/content\/uploads\/sites\/148\/2024\/09\/tilbud_kafe-honefoss_08-2048x1366.jpg 2048w\" sizes=\"auto, (max-width: 1024px) 100vw, 1024px\" \/><\/figure>\n\n\n\n<figure class=\"wp-block-image size-large\"><img loading=\"lazy\" decoding=\"async\" width=\"1024\" height=\"683\" data-id=\"108\" src=\"https:\/\/kirkensbymisjon.no\/content\/uploads\/sites\/148\/2024\/09\/tilbud_kafe-honefoss_09-1024x683.jpg\" alt=\"Ansatte og frivillige ved Kaf\u00e9, H\u00f8nefoss\" class=\"wp-image-108\" srcset=\"https:\/\/kirkensbymisjon.no\/content\/uploads\/sites\/148\/2024\/09\/tilbud_kafe-honefoss_09-1024x683.jpg 1024w, https:\/\/kirkensbymisjon.no\/content\/uploads\/sites\/148\/2024\/09\/tilbud_kafe-honefoss_09-300x200.jpg 300w, https:\/\/kirkensbymisjon.no\/content\/uploads\/sites\/148\/2024\/09\/tilbud_kafe-honefoss_09-768x512.jpg 768w, https:\/\/kirkensbymisjon.no\/content\/uploads\/sites\/148\/2024\/09\/tilbud_kafe-honefoss_09-1536x1024.jpg 1536w, https:\/\/kirkensbymisjon.no\/content\/uploads\/sites\/148\/2024\/09\/tilbud_kafe-honefoss_09-2048x1366.jpg 2048w\" sizes=\"auto, (max-width: 1024px) 100vw, 1024px\" \/><\/figure>\n\n\n\n<figure class=\"wp-block-image size-large\"><img loading=\"lazy\" decoding=\"async\" width=\"1024\" height=\"683\" data-id=\"109\" src=\"https:\/\/kirkensbymisjon.no\/content\/uploads\/sites\/148\/2024\/09\/tilbud_kafe-honefoss_10-1024x683.jpg\" alt=\"Ansatte og frivillige ved Kaf\u00e9, H\u00f8nefoss\" class=\"wp-image-109\" srcset=\"https:\/\/kirkensbymisjon.no\/content\/uploads\/sites\/148\/2024\/09\/tilbud_kafe-honefoss_10-1024x683.jpg 1024w, https:\/\/kirkensbymisjon.no\/content\/uploads\/sites\/148\/2024\/09\/tilbud_kafe-honefoss_10-300x200.jpg 300w, https:\/\/kirkensbymisjon.no\/content\/uploads\/sites\/148\/2024\/09\/tilbud_kafe-honefoss_10-768x512.jpg 768w, https:\/\/kirkensbymisjon.no\/content\/uploads\/sites\/148\/2024\/09\/tilbud_kafe-honefoss_10-1536x1024.jpg 1536w, https:\/\/kirkensbymisjon.no\/content\/uploads\/sites\/148\/2024\/09\/tilbud_kafe-honefoss_10-2048x1366.jpg 2048w\" sizes=\"auto, (max-width: 1024px) 100vw, 1024px\" \/><\/figure>\n\n\n\n<figure class=\"wp-block-image size-large\"><img loading=\"lazy\" decoding=\"async\" width=\"1024\" height=\"683\" data-id=\"111\" src=\"https:\/\/kirkensbymisjon.no\/content\/uploads\/sites\/148\/2024\/09\/tilbud_kafe-honefoss_11-1024x683.jpg\" alt=\"Ansatte og frivillige ved Kaf\u00e9, H\u00f8nefoss\" class=\"wp-image-111\" srcset=\"https:\/\/kirkensbymisjon.no\/content\/uploads\/sites\/148\/2024\/09\/tilbud_kafe-honefoss_11-1024x683.jpg 1024w, https:\/\/kirkensbymisjon.no\/content\/uploads\/sites\/148\/2024\/09\/tilbud_kafe-honefoss_11-300x200.jpg 300w, https:\/\/kirkensbymisjon.no\/content\/uploads\/sites\/148\/2024\/09\/tilbud_kafe-honefoss_11-768x512.jpg 768w, https:\/\/kirkensbymisjon.no\/content\/uploads\/sites\/148\/2024\/09\/tilbud_kafe-honefoss_11-1536x1024.jpg 1536w, https:\/\/kirkensbymisjon.no\/content\/uploads\/sites\/148\/2024\/09\/tilbud_kafe-honefoss_11-2048x1366.jpg 2048w\" sizes=\"auto, (max-width: 1024px) 100vw, 1024px\" \/><\/figure>\n\n\n\n<figure class=\"wp-block-image size-large\"><img loading=\"lazy\" decoding=\"async\" width=\"1024\" height=\"683\" data-id=\"103\" src=\"https:\/\/kirkensbymisjon.no\/content\/uploads\/sites\/148\/2024\/09\/tilbud_kafe-honefoss_06-1024x683.jpg\" alt=\"Ansatte og frivillige ved Kaf\u00e9, H\u00f8nefoss\" class=\"wp-image-103\" srcset=\"https:\/\/kirkensbymisjon.no\/content\/uploads\/sites\/148\/2024\/09\/tilbud_kafe-honefoss_06-1024x683.jpg 1024w, https:\/\/kirkensbymisjon.no\/content\/uploads\/sites\/148\/2024\/09\/tilbud_kafe-honefoss_06-300x200.jpg 300w, https:\/\/kirkensbymisjon.no\/content\/uploads\/sites\/148\/2024\/09\/tilbud_kafe-honefoss_06-768x512.jpg 768w, https:\/\/kirkensbymisjon.no\/content\/uploads\/sites\/148\/2024\/09\/tilbud_kafe-honefoss_06-1536x1024.jpg 1536w, https:\/\/kirkensbymisjon.no\/content\/uploads\/sites\/148\/2024\/09\/tilbud_kafe-honefoss_06-2048x1366.jpg 2048w\" sizes=\"auto, (max-width: 1024px) 100vw, 1024px\" \/><\/figure>\n<\/figure>\n\n\t\t\t<\/div>\n\t\t<\/div>\n\t<\/div>\n\t\n\n\n<h2 class=\"wp-block-heading\" id=\"h-vi-tilbyr\">Vi tilbyr:<\/h2>\n\n\n\n<ul class=\"wp-block-list\">\n<li>Arbeidstrening gjennom kj\u00f8kken\/kaf\u00e9 og konditori.<\/li>\n\n\n\n<li>En romslig kaf\u00e9 med rom for alle.<\/li>\n\n\n\n<li>Arbeidstrening i\u00a0<a href=\"\/tilbud-vaktmestertjenesten\">Vaktmestertjenesten<\/a>.<\/li>\n<\/ul>\n\n\n\n<p>Vi samarbeider med andre tjenester og personer som kan v\u00e6re viktig for deg hvis du \u00f8nsker det. Det er ingen s\u00f8knadsskjemaer for \u00e5 delta i v\u00e5rt tilbud, ta kontakt via telefon, e-post eller kom innom oss for en uforpliktende prat.<\/p>\n","protected":false},"excerpt":{"rendered":"<p>Jobb hos oss \u00d8nsker du \u00e5 fylle dagene med noe, engasjere deg i kafeen og&hellip;<\/p>\n","protected":false},"author":5,"featured_media":0,"parent":0,"menu_order":0,"comment_status":"closed","ping_status":"closed","template":"","meta":{"_relevanssi_hide_post":"","_relevanssi_hide_content":"","_relevanssi_pin_for_all":"","_relevanssi_pin_keywords":"","_relevanssi_unpin_keywords":"","_relevanssi_related_keywords":"","_relevanssi_related_include_ids":"","_relevanssi_related_exclude_ids":"","_relevanssi_related_no_append":"","_relevanssi_related_not_related":"","_relevanssi_related_posts":"1","_relevanssi_noindex_reason":"","editor_notices":[],"footnotes":""},"class_list":["post-25","page","type-page","status-publish","hentry"],"yoast_head":"<!-- This site is optimized with the Yoast SEO Premium plugin v27.2 (Yoast SEO v27.2) - https:\/\/yoast.com\/product\/yoast-seo-premium-wordpress\/ -->\n<title>Jobb hos oss - Kaf\u00e9, H\u00f8nefoss<\/title>\n<meta name=\"robots\" content=\"index, follow, max-snippet:-1, max-image-preview:large, max-video-preview:-1\" \/>\n<link rel=\"canonical\" href=\"https:\/\/kirkensbymisjon.no\/tilbud-kafe-honefoss\/jobb-hos-oss\/\" \/>\n<meta property=\"og:locale\" content=\"nb_NO\" \/>\n<meta property=\"og:type\" content=\"article\" \/>\n<meta property=\"og:title\" content=\"Jobb hos oss\" \/>\n<meta property=\"og:description\" content=\"Jobb hos oss \u00d8nsker du \u00e5 fylle dagene med noe, engasjere deg i kafeen og&hellip;\" \/>\n<meta property=\"og:url\" content=\"https:\/\/kirkensbymisjon.no\/tilbud-kafe-honefoss\/jobb-hos-oss\/\" \/>\n<meta property=\"og:site_name\" content=\"Kaf\u00e9, H\u00f8nefoss\" \/>\n<meta property=\"article:modified_time\" content=\"2024-09-05T14:01:50+00:00\" \/>\n<meta property=\"og:image\" content=\"https:\/\/kirkensbymisjon.no\/content\/uploads\/sites\/148\/2024\/09\/tilbud_kafe-honefoss_07-1024x683.jpg\" \/>\n<meta name=\"twitter:card\" content=\"summary_large_image\" \/>\n<meta name=\"twitter:label1\" content=\"Ansl. lesetid\" \/>\n\t<meta name=\"twitter:data1\" content=\"1 minutt\" \/>\n<script type=\"application\/ld+json\" class=\"yoast-schema-graph\">{\"@context\":\"https:\/\/schema.org\",\"@graph\":[{\"@type\":\"WebPage\",\"@id\":\"https:\/\/kirkensbymisjon.no\/tilbud-kafe-honefoss\/jobb-hos-oss\/\",\"url\":\"https:\/\/kirkensbymisjon.no\/tilbud-kafe-honefoss\/jobb-hos-oss\/\",\"name\":\"Jobb hos oss - Kaf\u00e9, H\u00f8nefoss\",\"isPartOf\":{\"@id\":\"https:\/\/kirkensbymisjon.no\/tilbud-kafe-honefoss\/#website\"},\"primaryImageOfPage\":{\"@id\":\"https:\/\/kirkensbymisjon.no\/tilbud-kafe-honefoss\/jobb-hos-oss\/#primaryimage\"},\"image\":{\"@id\":\"https:\/\/kirkensbymisjon.no\/tilbud-kafe-honefoss\/jobb-hos-oss\/#primaryimage\"},\"thumbnailUrl\":\"https:\/\/kirkensbymisjon.no\/content\/uploads\/sites\/148\/2024\/09\/tilbud_kafe-honefoss_07-1024x683.jpg\",\"datePublished\":\"2024-09-04T20:40:04+00:00\",\"dateModified\":\"2024-09-05T14:01:50+00:00\",\"breadcrumb\":{\"@id\":\"https:\/\/kirkensbymisjon.no\/tilbud-kafe-honefoss\/jobb-hos-oss\/#breadcrumb\"},\"inLanguage\":\"nb-NO\",\"potentialAction\":[{\"@type\":\"ReadAction\",\"target\":[\"https:\/\/kirkensbymisjon.no\/tilbud-kafe-honefoss\/jobb-hos-oss\/\"]}]},{\"@type\":\"ImageObject\",\"inLanguage\":\"nb-NO\",\"@id\":\"https:\/\/kirkensbymisjon.no\/tilbud-kafe-honefoss\/jobb-hos-oss\/#primaryimage\",\"url\":\"https:\/\/kirkensbymisjon.no\/content\/uploads\/sites\/148\/2024\/09\/tilbud_kafe-honefoss_07-1024x683.jpg\",\"contentUrl\":\"https:\/\/kirkensbymisjon.no\/content\/uploads\/sites\/148\/2024\/09\/tilbud_kafe-honefoss_07-1024x683.jpg\"},{\"@type\":\"BreadcrumbList\",\"@id\":\"https:\/\/kirkensbymisjon.no\/tilbud-kafe-honefoss\/jobb-hos-oss\/#breadcrumb\",\"itemListElement\":[{\"@type\":\"ListItem\",\"position\":1,\"name\":\"Hjem\",\"item\":\"https:\/\/kirkensbymisjon.no\/tilbud-kafe-honefoss\/\"},{\"@type\":\"ListItem\",\"position\":2,\"name\":\"Jobb hos oss\"}]},{\"@type\":\"WebSite\",\"@id\":\"https:\/\/kirkensbymisjon.no\/tilbud-kafe-honefoss\/#website\",\"url\":\"https:\/\/kirkensbymisjon.no\/tilbud-kafe-honefoss\/\",\"name\":\"Kaf\u00e9, H\u00f8nefoss\",\"description\":\"\",\"potentialAction\":[{\"@type\":\"SearchAction\",\"target\":{\"@type\":\"EntryPoint\",\"urlTemplate\":\"https:\/\/kirkensbymisjon.no\/tilbud-kafe-honefoss\/?s={search_term_string}\"},\"query-input\":{\"@type\":\"PropertyValueSpecification\",\"valueRequired\":true,\"valueName\":\"search_term_string\"}}],\"inLanguage\":\"nb-NO\"}]}<\/script>\n<!-- \/ Yoast SEO Premium plugin. -->","yoast_head_json":{"title":"Jobb hos oss - Kaf\u00e9, H\u00f8nefoss","robots":{"index":"index","follow":"follow","max-snippet":"max-snippet:-1","max-image-preview":"max-image-preview:large","max-video-preview":"max-video-preview:-1"},"canonical":"https:\/\/kirkensbymisjon.no\/tilbud-kafe-honefoss\/jobb-hos-oss\/","og_locale":"nb_NO","og_type":"article","og_title":"Jobb hos oss","og_description":"Jobb hos oss \u00d8nsker du \u00e5 fylle dagene med noe, engasjere deg i kafeen og&hellip;","og_url":"https:\/\/kirkensbymisjon.no\/tilbud-kafe-honefoss\/jobb-hos-oss\/","og_site_name":"Kaf\u00e9, H\u00f8nefoss","article_modified_time":"2024-09-05T14:01:50+00:00","og_image":[{"url":"https:\/\/kirkensbymisjon.no\/content\/uploads\/sites\/148\/2024\/09\/tilbud_kafe-honefoss_07-1024x683.jpg","type":"","width":"","height":""}],"twitter_card":"summary_large_image","twitter_misc":{"Ansl. lesetid":"1 minutt"},"schema":{"@context":"https:\/\/schema.org","@graph":[{"@type":"WebPage","@id":"https:\/\/kirkensbymisjon.no\/tilbud-kafe-honefoss\/jobb-hos-oss\/","url":"https:\/\/kirkensbymisjon.no\/tilbud-kafe-honefoss\/jobb-hos-oss\/","name":"Jobb hos oss - Kaf\u00e9, H\u00f8nefoss","isPartOf":{"@id":"https:\/\/kirkensbymisjon.no\/tilbud-kafe-honefoss\/#website"},"primaryImageOfPage":{"@id":"https:\/\/kirkensbymisjon.no\/tilbud-kafe-honefoss\/jobb-hos-oss\/#primaryimage"},"image":{"@id":"https:\/\/kirkensbymisjon.no\/tilbud-kafe-honefoss\/jobb-hos-oss\/#primaryimage"},"thumbnailUrl":"https:\/\/kirkensbymisjon.no\/content\/uploads\/sites\/148\/2024\/09\/tilbud_kafe-honefoss_07-1024x683.jpg","datePublished":"2024-09-04T20:40:04+00:00","dateModified":"2024-09-05T14:01:50+00:00","breadcrumb":{"@id":"https:\/\/kirkensbymisjon.no\/tilbud-kafe-honefoss\/jobb-hos-oss\/#breadcrumb"},"inLanguage":"nb-NO","potentialAction":[{"@type":"ReadAction","target":["https:\/\/kirkensbymisjon.no\/tilbud-kafe-honefoss\/jobb-hos-oss\/"]}]},{"@type":"ImageObject","inLanguage":"nb-NO","@id":"https:\/\/kirkensbymisjon.no\/tilbud-kafe-honefoss\/jobb-hos-oss\/#primaryimage","url":"https:\/\/kirkensbymisjon.no\/content\/uploads\/sites\/148\/2024\/09\/tilbud_kafe-honefoss_07-1024x683.jpg","contentUrl":"https:\/\/kirkensbymisjon.no\/content\/uploads\/sites\/148\/2024\/09\/tilbud_kafe-honefoss_07-1024x683.jpg"},{"@type":"BreadcrumbList","@id":"https:\/\/kirkensbymisjon.no\/tilbud-kafe-honefoss\/jobb-hos-oss\/#breadcrumb","itemListElement":[{"@type":"ListItem","position":1,"name":"Hjem","item":"https:\/\/kirkensbymisjon.no\/tilbud-kafe-honefoss\/"},{"@type":"ListItem","position":2,"name":"Jobb hos oss"}]},{"@type":"WebSite","@id":"https:\/\/kirkensbymisjon.no\/tilbud-kafe-honefoss\/#website","url":"https:\/\/kirkensbymisjon.no\/tilbud-kafe-honefoss\/","name":"Kaf\u00e9, H\u00f8nefoss","description":"","potentialAction":[{"@type":"SearchAction","target":{"@type":"EntryPoint","urlTemplate":"https:\/\/kirkensbymisjon.no\/tilbud-kafe-honefoss\/?s={search_term_string}"},"query-input":{"@type":"PropertyValueSpecification","valueRequired":true,"valueName":"search_term_string"}}],"inLanguage":"nb-NO"}]}},"_links":{"self":[{"href":"https:\/\/kirkensbymisjon.no\/tilbud-kafe-honefoss\/wp-json\/wp\/v2\/pages\/25","targetHints":{"allow":["GET"]}}],"collection":[{"href":"https:\/\/kirkensbymisjon.no\/tilbud-kafe-honefoss\/wp-json\/wp\/v2\/pages"}],"about":[{"href":"https:\/\/kirkensbymisjon.no\/tilbud-kafe-honefoss\/wp-json\/wp\/v2\/types\/page"}],"author":[{"embeddable":true,"href":"https:\/\/kirkensbymisjon.no\/tilbud-kafe-honefoss\/wp-json\/wp\/v2\/users\/5"}],"replies":[{"embeddable":true,"href":"https:\/\/kirkensbymisjon.no\/tilbud-kafe-honefoss\/wp-json\/wp\/v2\/comments?post=25"}],"version-history":[{"count":3,"href":"https:\/\/kirkensbymisjon.no\/tilbud-kafe-honefoss\/wp-json\/wp\/v2\/pages\/25\/revisions"}],"predecessor-version":[{"id":112,"href":"https:\/\/kirkensbymisjon.no\/tilbud-kafe-honefoss\/wp-json\/wp\/v2\/pages\/25\/revisions\/112"}],"wp:attachment":[{"href":"https:\/\/kirkensbymisjon.no\/tilbud-kafe-honefoss\/wp-json\/wp\/v2\/media?parent=25"}],"curies":[{"name":"wp","href":"https:\/\/api.w.org\/{rel}","templated":true}]}}