{"id":2,"date":"2024-06-17T16:02:24","date_gmt":"2024-06-17T14:02:24","guid":{"rendered":"https:\/\/kirkensbymisjon.no\/tilbud-kafe-josephine\/?page_id=2"},"modified":"2024-09-06T19:12:00","modified_gmt":"2024-09-06T17:12:00","slug":"forside","status":"publish","type":"page","link":"https:\/\/kirkensbymisjon.no\/tilbud-kafe-josephine\/","title":{"rendered":"Forside"},"content":{"rendered":"\n<p>En kaf\u00e9 med rom for alle i Stavanger sentrum. Vi serverer n\u00e6ringsrike m\u00e5ltid og tilbyr et godt sted \u00e5 v\u00e6re. V\u00e5re tilbud drives i samarbeid med v\u00e5re frivillige.<\/p>\n\n\n\n<p>Vi er ogs\u00e5 et salgskontor og m\u00f8tested for selgere av <a href=\"\/tilbud-Gatemagasinet-Asfalt\">Gatemagasinet Asfalt<\/a>. Hos oss kan du ogs\u00e5 komme i kontakt med andre tilbud fra Kirkens Bymisjon, bl.a. Gateprest, <a href=\"\/tilbud-gatejuristen\">Gatejuristen<\/a>, <a href=\"\/tilbud-tillitsperson\">Tillitsperson<\/a> og <a href=\"\/tilbud-i-jobb\">I jobb<\/a>.<\/p>\n\n\n\n<div class=\"wp-block-media-text alignwide is-stacked-on-mobile is-style-filled\"><figure class=\"wp-block-media-text__media\"><img decoding=\"async\" src=\"https:\/\/kirkensbymisjon.no\/content\/uploads\/2024\/09\/Standard_Bli-frivillig_01-1024x751.jpg\" alt=\"Frivillige i samtale med gjest i kafeen. Foto: Kirkens Bymisjon\" class=\"wp-image-3078 size-full\"\/><\/figure><div class=\"wp-block-media-text__content\">\n<h2 class=\"wp-block-heading\" id=\"h-bli-frivillig-nbsp\"><strong>Bli frivillig!<\/strong>&nbsp;<\/h2>\n\n\n\n<p>Vi trenger deg som \u00f8nsker \u00e5 gj\u00f8re en frivillig innsats til nytte og glede for andre og deg selv. Gjennom frivillig engasjement kan du bruke din erfaring og kompetanse \u2013 eller l\u00e6re noe nytt.&nbsp;<\/p>\n\n\n\n<p><a href=\"\/bli-frivillig\">Les mer om frivillighet<\/a><\/p>\n<\/div><\/div>\n","protected":false},"excerpt":{"rendered":"<p>En kaf\u00e9 med rom for alle i Stavanger sentrum. Vi serverer n\u00e6ringsrike m\u00e5ltid og tilbyr&hellip;<\/p>\n","protected":false},"author":1,"featured_media":6,"parent":0,"menu_order":0,"comment_status":"closed","ping_status":"closed","template":"","meta":{"_relevanssi_hide_post":"","_relevanssi_hide_content":"","_relevanssi_pin_for_all":"","_relevanssi_pin_keywords":"","_relevanssi_unpin_keywords":"","_relevanssi_related_keywords":"","_relevanssi_related_include_ids":"","_relevanssi_related_exclude_ids":"","_relevanssi_related_no_append":"","_relevanssi_related_not_related":"","_relevanssi_related_posts":"1","_relevanssi_noindex_reason":"","editor_notices":[],"footnotes":""},"class_list":["post-2","page","type-page","status-publish","has-post-thumbnail","hentry"],"yoast_head":"<!-- This site is optimized with the Yoast SEO Premium plugin v27.2 (Yoast SEO v27.2) - https:\/\/yoast.com\/product\/yoast-seo-premium-wordpress\/ -->\n<title>Kirkens Bymisjon - Kaf\u00e9 Josephine<\/title>\n<meta name=\"description\" content=\"Vi tilbyr sunn og god mat i et inkluderende fellesskap.\" \/>\n<meta name=\"robots\" content=\"index, follow, max-snippet:-1, max-image-preview:large, max-video-preview:-1\" \/>\n<link rel=\"canonical\" href=\"https:\/\/kirkensbymisjon.no\/tilbud-kafe-josephine\/\" \/>\n<meta property=\"og:locale\" content=\"nb_NO\" \/>\n<meta property=\"og:type\" content=\"article\" \/>\n<meta property=\"og:title\" content=\"Kirkens Bymisjon - Kaf\u00e9 Josephine\" \/>\n<meta property=\"og:description\" content=\"Vi tilbyr sunn og god mat i et inkluderende fellesskap.\" \/>\n<meta property=\"og:url\" content=\"https:\/\/kirkensbymisjon.no\/tilbud-kafe-josephine\/\" \/>\n<meta property=\"og:site_name\" content=\"Kaf\u00e9 Josephine\" \/>\n<meta property=\"article:modified_time\" content=\"2024-09-06T17:12:00+00:00\" \/>\n<meta property=\"og:image\" content=\"https:\/\/kirkensbymisjon.no\/content\/uploads\/sites\/29\/2024\/06\/Tilbud_Kafe-Josefine_01-1024x755.png\" \/>\n\t<meta property=\"og:image:width\" content=\"1024\" \/>\n\t<meta property=\"og:image:height\" content=\"755\" \/>\n\t<meta property=\"og:image:type\" content=\"image\/png\" \/>\n<meta name=\"twitter:card\" content=\"summary_large_image\" \/>\n<meta name=\"twitter:title\" content=\"Forside\" \/>\n<meta name=\"twitter:label1\" content=\"Ansl. lesetid\" \/>\n\t<meta name=\"twitter:data1\" content=\"1 minutt\" \/>\n<script type=\"application\/ld+json\" class=\"yoast-schema-graph\">{\"@context\":\"https:\/\/schema.org\",\"@graph\":[{\"@type\":\"WebPage\",\"@id\":\"https:\/\/kirkensbymisjon.no\/tilbud-kafe-josephine\/\",\"url\":\"https:\/\/kirkensbymisjon.no\/tilbud-kafe-josephine\/\",\"name\":\"Kirkens Bymisjon - Kaf\u00e9 Josephine\",\"isPartOf\":{\"@id\":\"https:\/\/kirkensbymisjon.no\/tilbud-kafe-josephine\/#website\"},\"primaryImageOfPage\":{\"@id\":\"https:\/\/kirkensbymisjon.no\/tilbud-kafe-josephine\/#primaryimage\"},\"image\":{\"@id\":\"https:\/\/kirkensbymisjon.no\/tilbud-kafe-josephine\/#primaryimage\"},\"thumbnailUrl\":\"https:\/\/kirkensbymisjon.no\/content\/uploads\/sites\/29\/2024\/06\/Tilbud_Kafe-Josefine_01.png\",\"datePublished\":\"2024-06-17T14:02:24+00:00\",\"dateModified\":\"2024-09-06T17:12:00+00:00\",\"description\":\"Vi tilbyr sunn og god mat i et inkluderende fellesskap.\",\"breadcrumb\":{\"@id\":\"https:\/\/kirkensbymisjon.no\/tilbud-kafe-josephine\/#breadcrumb\"},\"inLanguage\":\"nb-NO\",\"potentialAction\":[{\"@type\":\"ReadAction\",\"target\":[\"https:\/\/kirkensbymisjon.no\/tilbud-kafe-josephine\/\"]}]},{\"@type\":\"ImageObject\",\"inLanguage\":\"nb-NO\",\"@id\":\"https:\/\/kirkensbymisjon.no\/tilbud-kafe-josephine\/#primaryimage\",\"url\":\"https:\/\/kirkensbymisjon.no\/content\/uploads\/sites\/29\/2024\/06\/Tilbud_Kafe-Josefine_01.png\",\"contentUrl\":\"https:\/\/kirkensbymisjon.no\/content\/uploads\/sites\/29\/2024\/06\/Tilbud_Kafe-Josefine_01.png\",\"width\":2301,\"height\":1696,\"caption\":\"Lokalet til Kaf\u00e9 Josefine i Stavanger.\"},{\"@type\":\"BreadcrumbList\",\"@id\":\"https:\/\/kirkensbymisjon.no\/tilbud-kafe-josephine\/#breadcrumb\",\"itemListElement\":[{\"@type\":\"ListItem\",\"position\":1,\"name\":\"Hjem\",\"item\":\"https:\/\/kirkensbymisjon.no\/tilbud-kafe-josephine\/\"},{\"@type\":\"ListItem\",\"position\":2,\"name\":\"Forside\"}]},{\"@type\":\"WebSite\",\"@id\":\"https:\/\/kirkensbymisjon.no\/tilbud-kafe-josephine\/#website\",\"url\":\"https:\/\/kirkensbymisjon.no\/tilbud-kafe-josephine\/\",\"name\":\"Kaf\u00e9 Josephine\",\"description\":\"\",\"potentialAction\":[{\"@type\":\"SearchAction\",\"target\":{\"@type\":\"EntryPoint\",\"urlTemplate\":\"https:\/\/kirkensbymisjon.no\/tilbud-kafe-josephine\/?s={search_term_string}\"},\"query-input\":{\"@type\":\"PropertyValueSpecification\",\"valueRequired\":true,\"valueName\":\"search_term_string\"}}],\"inLanguage\":\"nb-NO\"}]}<\/script>\n<!-- \/ Yoast SEO Premium plugin. -->","yoast_head_json":{"title":"Kirkens Bymisjon - Kaf\u00e9 Josephine","description":"Vi tilbyr sunn og god mat i et inkluderende fellesskap.","robots":{"index":"index","follow":"follow","max-snippet":"max-snippet:-1","max-image-preview":"max-image-preview:large","max-video-preview":"max-video-preview:-1"},"canonical":"https:\/\/kirkensbymisjon.no\/tilbud-kafe-josephine\/","og_locale":"nb_NO","og_type":"article","og_title":"Kirkens Bymisjon - Kaf\u00e9 Josephine","og_description":"Vi tilbyr sunn og god mat i et inkluderende fellesskap.","og_url":"https:\/\/kirkensbymisjon.no\/tilbud-kafe-josephine\/","og_site_name":"Kaf\u00e9 Josephine","article_modified_time":"2024-09-06T17:12:00+00:00","og_image":[{"width":1024,"height":755,"url":"https:\/\/kirkensbymisjon.no\/content\/uploads\/sites\/29\/2024\/06\/Tilbud_Kafe-Josefine_01-1024x755.png","type":"image\/png"}],"twitter_card":"summary_large_image","twitter_title":"Forside","twitter_misc":{"Ansl. lesetid":"1 minutt"},"schema":{"@context":"https:\/\/schema.org","@graph":[{"@type":"WebPage","@id":"https:\/\/kirkensbymisjon.no\/tilbud-kafe-josephine\/","url":"https:\/\/kirkensbymisjon.no\/tilbud-kafe-josephine\/","name":"Kirkens Bymisjon - Kaf\u00e9 Josephine","isPartOf":{"@id":"https:\/\/kirkensbymisjon.no\/tilbud-kafe-josephine\/#website"},"primaryImageOfPage":{"@id":"https:\/\/kirkensbymisjon.no\/tilbud-kafe-josephine\/#primaryimage"},"image":{"@id":"https:\/\/kirkensbymisjon.no\/tilbud-kafe-josephine\/#primaryimage"},"thumbnailUrl":"https:\/\/kirkensbymisjon.no\/content\/uploads\/sites\/29\/2024\/06\/Tilbud_Kafe-Josefine_01.png","datePublished":"2024-06-17T14:02:24+00:00","dateModified":"2024-09-06T17:12:00+00:00","description":"Vi tilbyr sunn og god mat i et inkluderende fellesskap.","breadcrumb":{"@id":"https:\/\/kirkensbymisjon.no\/tilbud-kafe-josephine\/#breadcrumb"},"inLanguage":"nb-NO","potentialAction":[{"@type":"ReadAction","target":["https:\/\/kirkensbymisjon.no\/tilbud-kafe-josephine\/"]}]},{"@type":"ImageObject","inLanguage":"nb-NO","@id":"https:\/\/kirkensbymisjon.no\/tilbud-kafe-josephine\/#primaryimage","url":"https:\/\/kirkensbymisjon.no\/content\/uploads\/sites\/29\/2024\/06\/Tilbud_Kafe-Josefine_01.png","contentUrl":"https:\/\/kirkensbymisjon.no\/content\/uploads\/sites\/29\/2024\/06\/Tilbud_Kafe-Josefine_01.png","width":2301,"height":1696,"caption":"Lokalet til Kaf\u00e9 Josefine i Stavanger."},{"@type":"BreadcrumbList","@id":"https:\/\/kirkensbymisjon.no\/tilbud-kafe-josephine\/#breadcrumb","itemListElement":[{"@type":"ListItem","position":1,"name":"Hjem","item":"https:\/\/kirkensbymisjon.no\/tilbud-kafe-josephine\/"},{"@type":"ListItem","position":2,"name":"Forside"}]},{"@type":"WebSite","@id":"https:\/\/kirkensbymisjon.no\/tilbud-kafe-josephine\/#website","url":"https:\/\/kirkensbymisjon.no\/tilbud-kafe-josephine\/","name":"Kaf\u00e9 Josephine","description":"","potentialAction":[{"@type":"SearchAction","target":{"@type":"EntryPoint","urlTemplate":"https:\/\/kirkensbymisjon.no\/tilbud-kafe-josephine\/?s={search_term_string}"},"query-input":{"@type":"PropertyValueSpecification","valueRequired":true,"valueName":"search_term_string"}}],"inLanguage":"nb-NO"}]}},"_links":{"self":[{"href":"https:\/\/kirkensbymisjon.no\/tilbud-kafe-josephine\/wp-json\/wp\/v2\/pages\/2","targetHints":{"allow":["GET"]}}],"collection":[{"href":"https:\/\/kirkensbymisjon.no\/tilbud-kafe-josephine\/wp-json\/wp\/v2\/pages"}],"about":[{"href":"https:\/\/kirkensbymisjon.no\/tilbud-kafe-josephine\/wp-json\/wp\/v2\/types\/page"}],"author":[{"embeddable":true,"href":"https:\/\/kirkensbymisjon.no\/tilbud-kafe-josephine\/wp-json\/wp\/v2\/users\/1"}],"replies":[{"embeddable":true,"href":"https:\/\/kirkensbymisjon.no\/tilbud-kafe-josephine\/wp-json\/wp\/v2\/comments?post=2"}],"version-history":[{"count":5,"href":"https:\/\/kirkensbymisjon.no\/tilbud-kafe-josephine\/wp-json\/wp\/v2\/pages\/2\/revisions"}],"predecessor-version":[{"id":34,"href":"https:\/\/kirkensbymisjon.no\/tilbud-kafe-josephine\/wp-json\/wp\/v2\/pages\/2\/revisions\/34"}],"wp:featuredmedia":[{"embeddable":true,"href":"https:\/\/kirkensbymisjon.no\/tilbud-kafe-josephine\/wp-json\/wp\/v2\/media\/6"}],"wp:attachment":[{"href":"https:\/\/kirkensbymisjon.no\/tilbud-kafe-josephine\/wp-json\/wp\/v2\/media?parent=2"}],"curies":[{"name":"wp","href":"https:\/\/api.w.org\/{rel}","templated":true}]}}