{"id":2,"date":"2024-06-18T09:59:47","date_gmt":"2024-06-18T07:59:47","guid":{"rendered":"https:\/\/kirkensbymisjon.no\/tilbud-kafe-saba\/?page_id=2"},"modified":"2025-07-30T14:22:30","modified_gmt":"2025-07-30T12:22:30","slug":"forside","status":"publish","type":"page","link":"https:\/\/kirkensbymisjon.no\/tilbud-kafe-saba\/","title":{"rendered":"Forside"},"content":{"rendered":"\n<div class=\"wp-block-media-text alignwide is-stacked-on-mobile is-style-filled\"><figure class=\"wp-block-media-text__media\"><img loading=\"lazy\" decoding=\"async\" width=\"1024\" height=\"683\" src=\"https:\/\/kirkensbymisjon.no\/content\/uploads\/sites\/31\/2024\/08\/Tilbud_Kafe-Saba_02-1024x683.jpg\" alt=\"Innsiden av kaf\u00e9en\" class=\"wp-image-32 size-full\" srcset=\"https:\/\/kirkensbymisjon.no\/content\/uploads\/sites\/31\/2024\/08\/Tilbud_Kafe-Saba_02-1024x683.jpg 1024w, https:\/\/kirkensbymisjon.no\/content\/uploads\/sites\/31\/2024\/08\/Tilbud_Kafe-Saba_02-300x200.jpg 300w, https:\/\/kirkensbymisjon.no\/content\/uploads\/sites\/31\/2024\/08\/Tilbud_Kafe-Saba_02-768x512.jpg 768w, https:\/\/kirkensbymisjon.no\/content\/uploads\/sites\/31\/2024\/08\/Tilbud_Kafe-Saba_02-1536x1024.jpg 1536w, https:\/\/kirkensbymisjon.no\/content\/uploads\/sites\/31\/2024\/08\/Tilbud_Kafe-Saba_02-2048x1365.jpg 2048w\" sizes=\"auto, (max-width: 1024px) 100vw, 1024px\" \/><\/figure><div class=\"wp-block-media-text__content\">\n<h2 class=\"wp-block-heading\" id=\"h-tilbudet-er-avviklet\">Tilbudet er avviklet<\/h2>\n\n\n\n<p>I forbindelse med at Bybo har avviklet tjensten i Hollendergata, er det dessverre ikke lenger drift av Kaf\u00e8 Saba. Det jobbes med alternativer for drift i lokalene, men dette er forel\u00f8pig ikke avklart.<\/p>\n<\/div><\/div>\n","protected":false},"excerpt":{"rendered":"<p>Tilbudet er avviklet I forbindelse med at Bybo har avviklet tjensten i Hollendergata, er det&hellip;<\/p>\n","protected":false},"author":1,"featured_media":0,"parent":0,"menu_order":0,"comment_status":"closed","ping_status":"closed","template":"","meta":{"_relevanssi_hide_post":"","_relevanssi_hide_content":"","_relevanssi_pin_for_all":"","_relevanssi_pin_keywords":"","_relevanssi_unpin_keywords":"","_relevanssi_related_keywords":"","_relevanssi_related_include_ids":"","_relevanssi_related_exclude_ids":"","_relevanssi_related_no_append":"","_relevanssi_related_not_related":"","_relevanssi_related_posts":"1","_relevanssi_noindex_reason":"","editor_notices":[],"footnotes":""},"class_list":["post-2","page","type-page","status-publish","hentry"],"yoast_head":"<!-- This site is optimized with the Yoast SEO Premium plugin v27.2 (Yoast SEO v27.2) - https:\/\/yoast.com\/product\/yoast-seo-premium-wordpress\/ -->\n<title>Kirkens Bymisjon - Kaf\u00e9 Saba<\/title>\n<meta name=\"description\" content=\"Vi er en uformell og sosial bydelskaf\u00e9 p\u00e5 Gr\u00f8nland. Vi tilbyr god mat til hyggelige priser, catering og utleie av lokalet. Velkommen innom!\" \/>\n<meta name=\"robots\" content=\"index, follow, max-snippet:-1, max-image-preview:large, max-video-preview:-1\" \/>\n<link rel=\"canonical\" href=\"https:\/\/kirkensbymisjon.no\/tilbud-kafe-saba\/\" \/>\n<meta property=\"og:locale\" content=\"nb_NO\" \/>\n<meta property=\"og:type\" content=\"article\" \/>\n<meta property=\"og:title\" content=\"Kirkens Bymisjon - Kaf\u00e9 Saba\" \/>\n<meta property=\"og:description\" content=\"Vi er en uformell og sosial bydelskaf\u00e9 p\u00e5 Gr\u00f8nland. Vi tilbyr god mat til hyggelige priser, catering og utleie av lokalet. Velkommen innom!\" \/>\n<meta property=\"og:url\" content=\"https:\/\/kirkensbymisjon.no\/tilbud-kafe-saba\/\" \/>\n<meta property=\"og:site_name\" content=\"Kaf\u00e9 Saba\" \/>\n<meta property=\"article:modified_time\" content=\"2025-07-30T12:22:30+00:00\" \/>\n<meta property=\"og:image\" content=\"https:\/\/kirkensbymisjon.no\/content\/uploads\/sites\/31\/2024\/08\/Tilbud_Kafe-Saba_02-scaled.jpg\" \/>\n\t<meta property=\"og:image:width\" content=\"2560\" \/>\n\t<meta property=\"og:image:height\" content=\"1707\" \/>\n\t<meta property=\"og:image:type\" content=\"image\/jpeg\" \/>\n<meta name=\"twitter:card\" content=\"summary_large_image\" \/>\n<meta name=\"twitter:title\" content=\"Forside\" \/>\n<meta name=\"twitter:label1\" content=\"Ansl. lesetid\" \/>\n\t<meta name=\"twitter:data1\" content=\"1 minutt\" \/>\n<script type=\"application\/ld+json\" class=\"yoast-schema-graph\">{\"@context\":\"https:\/\/schema.org\",\"@graph\":[{\"@type\":\"WebPage\",\"@id\":\"https:\/\/kirkensbymisjon.no\/tilbud-kafe-saba\/\",\"url\":\"https:\/\/kirkensbymisjon.no\/tilbud-kafe-saba\/\",\"name\":\"Kirkens Bymisjon - Kaf\u00e9 Saba\",\"isPartOf\":{\"@id\":\"https:\/\/kirkensbymisjon.no\/tilbud-kafe-saba\/#website\"},\"primaryImageOfPage\":{\"@id\":\"https:\/\/kirkensbymisjon.no\/tilbud-kafe-saba\/#primaryimage\"},\"image\":{\"@id\":\"https:\/\/kirkensbymisjon.no\/tilbud-kafe-saba\/#primaryimage\"},\"thumbnailUrl\":\"https:\/\/kirkensbymisjon.no\/content\/uploads\/sites\/31\/2024\/08\/Tilbud_Kafe-Saba_02-1024x683.jpg\",\"datePublished\":\"2024-06-18T07:59:47+00:00\",\"dateModified\":\"2025-07-30T12:22:30+00:00\",\"description\":\"Vi er en uformell og sosial bydelskaf\u00e9 p\u00e5 Gr\u00f8nland. Vi tilbyr god mat til hyggelige priser, catering og utleie av lokalet. Velkommen innom!\",\"breadcrumb\":{\"@id\":\"https:\/\/kirkensbymisjon.no\/tilbud-kafe-saba\/#breadcrumb\"},\"inLanguage\":\"nb-NO\",\"potentialAction\":[{\"@type\":\"ReadAction\",\"target\":[\"https:\/\/kirkensbymisjon.no\/tilbud-kafe-saba\/\"]}]},{\"@type\":\"ImageObject\",\"inLanguage\":\"nb-NO\",\"@id\":\"https:\/\/kirkensbymisjon.no\/tilbud-kafe-saba\/#primaryimage\",\"url\":\"https:\/\/kirkensbymisjon.no\/content\/uploads\/sites\/31\/2024\/08\/Tilbud_Kafe-Saba_02-1024x683.jpg\",\"contentUrl\":\"https:\/\/kirkensbymisjon.no\/content\/uploads\/sites\/31\/2024\/08\/Tilbud_Kafe-Saba_02-1024x683.jpg\"},{\"@type\":\"BreadcrumbList\",\"@id\":\"https:\/\/kirkensbymisjon.no\/tilbud-kafe-saba\/#breadcrumb\",\"itemListElement\":[{\"@type\":\"ListItem\",\"position\":1,\"name\":\"Hjem\",\"item\":\"https:\/\/kirkensbymisjon.no\/tilbud-kafe-saba\/\"},{\"@type\":\"ListItem\",\"position\":2,\"name\":\"Forside\"}]},{\"@type\":\"WebSite\",\"@id\":\"https:\/\/kirkensbymisjon.no\/tilbud-kafe-saba\/#website\",\"url\":\"https:\/\/kirkensbymisjon.no\/tilbud-kafe-saba\/\",\"name\":\"Kaf\u00e9 Saba\",\"description\":\"\",\"potentialAction\":[{\"@type\":\"SearchAction\",\"target\":{\"@type\":\"EntryPoint\",\"urlTemplate\":\"https:\/\/kirkensbymisjon.no\/tilbud-kafe-saba\/?s={search_term_string}\"},\"query-input\":{\"@type\":\"PropertyValueSpecification\",\"valueRequired\":true,\"valueName\":\"search_term_string\"}}],\"inLanguage\":\"nb-NO\"}]}<\/script>\n<!-- \/ Yoast SEO Premium plugin. -->","yoast_head_json":{"title":"Kirkens Bymisjon - Kaf\u00e9 Saba","description":"Vi er en uformell og sosial bydelskaf\u00e9 p\u00e5 Gr\u00f8nland. Vi tilbyr god mat til hyggelige priser, catering og utleie av lokalet. Velkommen innom!","robots":{"index":"index","follow":"follow","max-snippet":"max-snippet:-1","max-image-preview":"max-image-preview:large","max-video-preview":"max-video-preview:-1"},"canonical":"https:\/\/kirkensbymisjon.no\/tilbud-kafe-saba\/","og_locale":"nb_NO","og_type":"article","og_title":"Kirkens Bymisjon - Kaf\u00e9 Saba","og_description":"Vi er en uformell og sosial bydelskaf\u00e9 p\u00e5 Gr\u00f8nland. Vi tilbyr god mat til hyggelige priser, catering og utleie av lokalet. Velkommen innom!","og_url":"https:\/\/kirkensbymisjon.no\/tilbud-kafe-saba\/","og_site_name":"Kaf\u00e9 Saba","article_modified_time":"2025-07-30T12:22:30+00:00","og_image":[{"width":2560,"height":1707,"url":"https:\/\/kirkensbymisjon.no\/content\/uploads\/sites\/31\/2024\/08\/Tilbud_Kafe-Saba_02-scaled.jpg","type":"image\/jpeg"}],"twitter_card":"summary_large_image","twitter_title":"Forside","twitter_misc":{"Ansl. lesetid":"1 minutt"},"schema":{"@context":"https:\/\/schema.org","@graph":[{"@type":"WebPage","@id":"https:\/\/kirkensbymisjon.no\/tilbud-kafe-saba\/","url":"https:\/\/kirkensbymisjon.no\/tilbud-kafe-saba\/","name":"Kirkens Bymisjon - Kaf\u00e9 Saba","isPartOf":{"@id":"https:\/\/kirkensbymisjon.no\/tilbud-kafe-saba\/#website"},"primaryImageOfPage":{"@id":"https:\/\/kirkensbymisjon.no\/tilbud-kafe-saba\/#primaryimage"},"image":{"@id":"https:\/\/kirkensbymisjon.no\/tilbud-kafe-saba\/#primaryimage"},"thumbnailUrl":"https:\/\/kirkensbymisjon.no\/content\/uploads\/sites\/31\/2024\/08\/Tilbud_Kafe-Saba_02-1024x683.jpg","datePublished":"2024-06-18T07:59:47+00:00","dateModified":"2025-07-30T12:22:30+00:00","description":"Vi er en uformell og sosial bydelskaf\u00e9 p\u00e5 Gr\u00f8nland. Vi tilbyr god mat til hyggelige priser, catering og utleie av lokalet. Velkommen innom!","breadcrumb":{"@id":"https:\/\/kirkensbymisjon.no\/tilbud-kafe-saba\/#breadcrumb"},"inLanguage":"nb-NO","potentialAction":[{"@type":"ReadAction","target":["https:\/\/kirkensbymisjon.no\/tilbud-kafe-saba\/"]}]},{"@type":"ImageObject","inLanguage":"nb-NO","@id":"https:\/\/kirkensbymisjon.no\/tilbud-kafe-saba\/#primaryimage","url":"https:\/\/kirkensbymisjon.no\/content\/uploads\/sites\/31\/2024\/08\/Tilbud_Kafe-Saba_02-1024x683.jpg","contentUrl":"https:\/\/kirkensbymisjon.no\/content\/uploads\/sites\/31\/2024\/08\/Tilbud_Kafe-Saba_02-1024x683.jpg"},{"@type":"BreadcrumbList","@id":"https:\/\/kirkensbymisjon.no\/tilbud-kafe-saba\/#breadcrumb","itemListElement":[{"@type":"ListItem","position":1,"name":"Hjem","item":"https:\/\/kirkensbymisjon.no\/tilbud-kafe-saba\/"},{"@type":"ListItem","position":2,"name":"Forside"}]},{"@type":"WebSite","@id":"https:\/\/kirkensbymisjon.no\/tilbud-kafe-saba\/#website","url":"https:\/\/kirkensbymisjon.no\/tilbud-kafe-saba\/","name":"Kaf\u00e9 Saba","description":"","potentialAction":[{"@type":"SearchAction","target":{"@type":"EntryPoint","urlTemplate":"https:\/\/kirkensbymisjon.no\/tilbud-kafe-saba\/?s={search_term_string}"},"query-input":{"@type":"PropertyValueSpecification","valueRequired":true,"valueName":"search_term_string"}}],"inLanguage":"nb-NO"}]}},"_links":{"self":[{"href":"https:\/\/kirkensbymisjon.no\/tilbud-kafe-saba\/wp-json\/wp\/v2\/pages\/2","targetHints":{"allow":["GET"]}}],"collection":[{"href":"https:\/\/kirkensbymisjon.no\/tilbud-kafe-saba\/wp-json\/wp\/v2\/pages"}],"about":[{"href":"https:\/\/kirkensbymisjon.no\/tilbud-kafe-saba\/wp-json\/wp\/v2\/types\/page"}],"author":[{"embeddable":true,"href":"https:\/\/kirkensbymisjon.no\/tilbud-kafe-saba\/wp-json\/wp\/v2\/users\/1"}],"replies":[{"embeddable":true,"href":"https:\/\/kirkensbymisjon.no\/tilbud-kafe-saba\/wp-json\/wp\/v2\/comments?post=2"}],"version-history":[{"count":4,"href":"https:\/\/kirkensbymisjon.no\/tilbud-kafe-saba\/wp-json\/wp\/v2\/pages\/2\/revisions"}],"predecessor-version":[{"id":152,"href":"https:\/\/kirkensbymisjon.no\/tilbud-kafe-saba\/wp-json\/wp\/v2\/pages\/2\/revisions\/152"}],"wp:attachment":[{"href":"https:\/\/kirkensbymisjon.no\/tilbud-kafe-saba\/wp-json\/wp\/v2\/media?parent=2"}],"curies":[{"name":"wp","href":"https:\/\/api.w.org\/{rel}","templated":true}]}}