{"id":71,"date":"2026-03-20T19:17:04","date_gmt":"2026-03-20T18:17:04","guid":{"rendered":"https:\/\/kirkensbymisjon.no\/tilbud-legal-aid\/?page_id=71"},"modified":"2026-03-20T19:17:05","modified_gmt":"2026-03-20T18:17:05","slug":"boligsosialloven","status":"publish","type":"page","link":"https:\/\/kirkensbymisjon.no\/tilbud-legal-aid\/boligsosialloven\/","title":{"rendered":"Boligsosialloven"},"content":{"rendered":"\n<h2 class=\"wp-block-heading\" id=\"h-trenger-du-hjelp-til-a-skaffe-eller-beholde-bolig\">Trenger du hjelp til \u00e5 skaffe eller beholde bolig?<\/h2>\n\n\n\n<p><strong>Dine rettigheter etter boligsosialloven \u2013 og hvordan du s\u00f8ker.<\/strong><\/p>\n\n\n\n<figure class=\"wp-block-image size-full is-resized\"><img decoding=\"async\" src=\"https:\/\/kirkensbymisjon.no\/content\/uploads\/sites\/26\/2026\/03\/Tilbud_Gatejuristen-og-Ung-Rettshjelp_boligsosial.jpg\" alt=\"\" class=\"wp-image-960\" style=\"width:415px;height:auto\"\/><\/figure>\n\n\n\n<h3 class=\"wp-block-heading\">Hva er boligsosialloven?<\/h3>\n\n\n\n<p>\u00c5 ha en trygg bolig er grunnleggende for \u00e5 f\u00e5 hverdagen til \u00e5 fungere. En d\u00e5rlig eller ustabil bosituasjon kan p\u00e5virke b\u00e5de helse, \u00f8konomi og livskvalitet. Boligsosialloven sier at kommunen skal forebygge at slike problemer oppst\u00e5r, og gi hjelp til deg som ikke klarer \u00e5 skaffe eller beholde en egnet bolig p\u00e5 egen h\u00e5nd.<\/p>\n\n\n\n<p>Her forklarer vi hvilke rettigheter du har etter denne loven, og hvordan du kan g\u00e5 fram for \u00e5 f\u00e5 hjelp fra kommunen.<\/p>\n\n\n\n<h3 class=\"wp-block-heading\" id=\"h-nar-er-boligsosialloven-aktuell\">N\u00e5r er boligsosialloven aktuell?<\/h3>\n\n\n\n<p>Du har rett til bistand etter loven hvis du anses som \u00abvanskeligstilt p\u00e5 boligmarkedet\u00bb <em>(Boligsosialloven \u00a7 4)<\/em>. \u00abBoligmarkedet\u00bb omfatter b\u00e5de eie- og leiemarkedet.<\/p>\n\n\n\n<h2 class=\"wp-block-heading\">N\u00e5r regnes du som \u00abvanskeligstilt\u00bb?<\/h2>\n\n\n\n<p><strong>Det kan for eksempel v\u00e6re hvis:<\/strong><\/p>\n\n\n\n<ul class=\"wp-block-list\">\n<li>Du har utfordringer med \u00e5 skaffe eller beholde egnet bolig p\u00e5 grunn av rusproblematikk og\/eller psykisk lidelse.<\/li>\n\n\n\n<li>Du har utfordringer med \u00e5 skaffe eller beholde egnet bolig p\u00e5 grunn av lav inntekt.<\/li>\n\n\n\n<li>Du snart skal ut fra institusjon eller fengsel, og mangler en egnet bolig \u00e5 flytte til.<\/li>\n\n\n\n<li>Du bor i et midlertidig botilbud.<\/li>\n\n\n\n<li>Boligen din er for liten eller ikke tilpasset funksjonsnedsettelse mv. (uegnet bomilj\u00f8).<\/li>\n\n\n\n<li>Du blir diskriminert.<\/li>\n\n\n\n<li>Du har f\u00e5tt utkastelsesvarsel fra utleier.<\/li>\n\n\n\n<li>Du risikerer tvangssalg av boligen du eier.<\/li>\n\n\n\n<li>Du har problemer med \u00e5 skaffe bolig p\u00e5 grunn av spr\u00e5kutfordringer eller lav digital kompetanse<\/li>\n<\/ul>\n\n\n\n<p>N\u00e5r kommunen mottar en s\u00f8knad om bistand etter boligsosialloven, skal de vurdere om s\u00f8keren er \u00abvanskeligstilt p\u00e5 boligmarkedet\u00bb. Hvis de mener at du ikke er vanskeligstilt, og derfor ikke har rett p\u00e5 hjelp, m\u00e5 de begrunne det skriftlig.<\/p>\n\n\n\n<h2 class=\"wp-block-heading\">Hva slags hjelp kan du f\u00e5?<\/h2>\n\n\n\n<p>Er du \u00abvanskeligstilt p\u00e5 boligmarkedet\u00bb har du krav p\u00e5 individuelt tilpasset bistand fra kommunen. Boligsosialloven gir ikke rett til en bolig, men gir rett til \u00e5 f\u00e5 bistand til \u00e5 skaffe eller beholde bolig.<\/p>\n\n\n\n<p><strong>Eksempler p\u00e5 boligsosial bistand:<\/strong><\/p>\n\n\n\n<ul class=\"wp-block-list\">\n<li>Hjelp til \u00e5 s\u00f8ke om kommunal bolig.<\/li>\n\n\n\n<li>Praktisk hjelp til \u00e5 skaffe bolig p\u00e5 det private leiemarkedet.<\/li>\n\n\n\n<li>Hjelp til \u00e5 s\u00f8ke om bost\u00f8tte.<\/li>\n\n\n\n<li>Hjelp til \u00e5 s\u00f8ke om \u00f8konomisk sosialhjelp til bolig.\n<ul class=\"wp-block-list\">\n<li>Etableringsst\u00f8nad.<\/li>\n\n\n\n<li>Flyttekostnader.<\/li>\n<\/ul>\n<\/li>\n\n\n\n<li>Booppf\u00f8lger (personlig st\u00f8tte til \u00e5 mestre egen bosituasjon).<\/li>\n\n\n\n<li>Boligskole.<\/li>\n\n\n\n<li>Hjelp i forbindelse med utkastelse eller tvangssalg av bolig.<\/li>\n\n\n\n<li>Veiledning rundt det praktiske ved \u00e5 kj\u00f8pe bolig.<\/li>\n\n\n\n<li>Hjelp til \u00e5 s\u00f8ke om startl\u00e5n.<\/li>\n\n\n\n<li>Hjelp til \u00e5 s\u00f8ke l\u00e5n og tilskudd til tilpasning av bolig p\u00e5 grunn av&nbsp;alder eller funksjonsnedsettelser.<\/li>\n\n\n\n<li>Veiledning i personlig \u00f8konomi for \u00e5 skaffe eller beholde bolig.\n<ul class=\"wp-block-list\">\n<li>Rydde i gjeld, avklare fremtidig inntekt, lage spareplan.<\/li>\n<\/ul>\n<\/li>\n<\/ul>\n\n\n\n<p>Kommunen skal samarbeide p\u00e5 tvers av sektorer og jobbe tverrfaglig n\u00e5r de gir boligsosial bistand <em>(Boligsosialloven \u00a7 5 f\u00f8rste ledd)<\/em>. Hvis den som behandler s\u00f8knaden din tenker at det er behov for helsefaglig kompetanse\/tjenester m\u00e5 de koble p\u00e5 dette. Da m\u00e5 tjenestene samarbeide i&nbsp;to&nbsp;ledd:<\/p>\n\n\n\n<ol class=\"wp-block-list\">\n<li>For \u00e5 kartlegge ditt behov og hva slags bistand som er passende.<\/li>\n\n\n\n<li>N\u00e5r de skal gi deg bistanden.<\/li>\n<\/ol>\n\n\n\n<h3 class=\"wp-block-heading\">Brukermedvirkning<\/h3>\n\n\n\n<p>Kommunen m\u00e5 samarbeide med deg ved vurderingen av hvilken bistand de skal gi. Dette betyr at de m\u00e5 unders\u00f8ke hva som er dine behov og lytte til hva slags hjelp du \u00f8nsker <em>(Boligsosialloven \u00a7 7 tredje ledd)<\/em>.&nbsp;Hvis det ikke kommer klart fram av s\u00f8knaden, kan kommunen for eksempel ringe deg for \u00e5 kartlegge mer, eller dra p\u00e5 hjemmebes\u00f8k til deg. Kommunen m\u00e5 beskrive i vedtaket p\u00e5 hvilken m\u00e5te de har samarbeidet med deg og hvordan de har vektlagt \u00f8nskene dine. Det er ikke sikkert man f\u00e5r akkurat den bistanden man har bedt om, men kommunen m\u00e5 beskrive hvordan \u00f8nskene dine har blitt vurdert. Hvis kommunen ikke gj\u00f8r det, er det en saksbehandlingsfeil som kan f\u00f8re til at vedtaket er ugyldig <em>(Forvaltningsloven \u00a7\u00a7 17. jf. 41)<\/em>.<\/p>\n\n\n\n<h2 class=\"wp-block-heading\">Hvordan s\u00f8ker du om bistand?<\/h2>\n\n\n\n<h3 class=\"wp-block-heading\">Hvordan skriver du s\u00f8knaden?<\/h3>\n\n\n\n<p>Det er ingen formelle krav til s\u00f8knaden, ikke en gang at den er skriftlig. \u00c5 fortelle for eksempel din saksbehandler i Nav at du trenger hjelp til \u00e5 finne en bolig, kan regnes som en s\u00f8knad etter boligsosialloven (<em>Boligsosialloven \u00a7 7 f\u00f8rste ledd<\/em>). Vi anbefaler likevel \u00e5 skrive en skriftlig s\u00f8knad, for \u00e5 sikre at kommunen f\u00e5r den informasjonen de trenger til \u00e5 behandle s\u00f8knaden.<\/p>\n\n\n\n<p>Noen kommuner har laget et skjema man kan bruke for \u00e5 s\u00f8ke om boligsosial bistand. Sjekk derfor kommunens nettsider for \u00e5 se om de har et skjema du kan bruke.<\/p>\n\n\n\n<p>Henvendelsen kan v\u00e6re kort og trenger ikke inneholde en omfattende begrunnelse for hvorfor du er vanskeligstilt, eller hvilken bistand det er behov for \u2013 dette m\u00e5 kommunen ta stilling til i sitt vedtak. Der du har klare tanker om hva du har behov for eller \u00f8nsker (eventuelt ikke \u00f8nsker), eller det er spesielle ting de b\u00f8r ta hensyn til, kan det likevel v\u00e6re fint \u00e5 f\u00e5 med.<\/p>\n\n\n\n<p><strong>Tips til hva s\u00f8knaden kan inneholde:<\/strong><\/p>\n\n\n\n<ul class=\"wp-block-list\">\n<li>Navn.<\/li>\n\n\n\n<li>F\u00f8dselsnummer\/d-nummer.<\/li>\n\n\n\n<li>Hvordan kommunen kan f\u00e5 tak i deg, for eksempel telefonnummer.<\/li>\n\n\n\n<li>Hva som er bosituasjonen din i dag.<\/li>\n\n\n\n<li>Hva du vil ha hjelp til og hvorfor du trenger hjelp.<\/li>\n\n\n\n<li>Uttalelser fra eksterne (for eksempel fastlege eller barnevernet).<\/li>\n<\/ul>\n\n\n\n<h2 class=\"wp-block-heading\">Hvor skal s\u00f8knaden sendes?<\/h2>\n\n\n\n<h3 class=\"wp-block-heading\">Hvilken kommune skal s\u00f8knaden til?<\/h3>\n\n\n\n<p>Det er kommunen der du oppholder deg som har ansvaret for \u00e5 yte boligsosial bistand, enten du bor der fast eller oppholder deg der mer midlertidig (<em>Boligsosialloven \u00a7 3<\/em>).<\/p>\n\n\n\n<p>Hvis du s\u00f8ker om boligbistand til \u00e5 finne et sted \u00e5 bo etter utskrivelse fra institusjon eller fengsel, regnes kommunen du bodde i f\u00f8r oppholdet som oppholdskommunen.<\/p>\n\n\n\n<h3 class=\"wp-block-heading\">Hvem i kommunen skal s\u00f8knaden til?<\/h3>\n\n\n\n<p>Det varierer fra kommune til kommune hvem som har ansvar for \u00e5 behandle saker etter boligsosialloven. Hvis du bruker et digitalt skjema, kommer s\u00f8knaden automatisk til rett sted. Hvis ikke kan du for eksempel sende den til Nav-kontoret ditt.<\/p>\n\n\n\n<p><em><strong>Tips:<\/strong> Skriv i s\u00f8knaden at du ber om at den blir videresendt til riktig instans om s\u00f8knaden har kommet fram til feil sted.<\/em><\/p>\n\n\n\n<h2 class=\"wp-block-heading\">N\u00e5r kan du klage?<\/h2>\n\n\n\n<p>Hvis kommunen mener at du ikke har rett p\u00e5 bistand, kan du klage p\u00e5 vedtaket. Du kan ogs\u00e5 klage hvis kommunen vedtar \u00e5 gi deg bistand, men du trenger en annen type bistand, eller hvis kommunen ikke har vurdert dine \u00f8nsker. Dette kan for eksempel v\u00e6re hvis kommunen har bestemt \u00e5 hjelpe deg med \u00e5 s\u00f8ke om kommunal bolig, men du \u00f8nsker hjelp til \u00e5 leie p\u00e5 det private leiemarkedet.<\/p>\n\n\n\n<p>Klagefristen er tre uker etter at du fikk vedtaket fra kommunen. Klagen m\u00e5 v\u00e6re skriftlig. Du sender klagen til instansen i kommunen som fattet vedtaket. Kommunen kan da enten 1) ombestemme seg, og sende deg et nytt vedtak, eller 2) opprettholde vedtaket sitt, og sende saken til Statsforvalteren.<\/p>\n\n\n\n<p>Hvis Statsforvalteren er enig med kommunen, kan du ikke klage saken videre derifra. Du kan likevel sende inn en ny s\u00f8knad til kommunen p\u00e5 et senere tidspunkt, hvis situasjonen din har endret seg.<\/p>\n\n\n\n<p><em><strong>NB! <\/strong>Statsforvalteren behandler kun klager som gjelder om du har rett p\u00e5 bistand etter boligsosialloven. De kan for eksempel ikke behandle klager som gjelder avslag p\u00e5 kommunal bolig, som er et eget vedtak.<\/em><\/p>\n","protected":false},"excerpt":{"rendered":"<p>Trenger du hjelp til \u00e5 skaffe eller beholde bolig? Dine rettigheter etter boligsosialloven \u2013 og&hellip;<\/p>\n","protected":false},"author":5,"featured_media":0,"parent":0,"menu_order":0,"comment_status":"closed","ping_status":"closed","template":"","meta":{"_relevanssi_hide_post":"","_relevanssi_hide_content":"","_relevanssi_pin_for_all":"","_relevanssi_pin_keywords":"","_relevanssi_unpin_keywords":"","_relevanssi_related_keywords":"","_relevanssi_related_include_ids":"","_relevanssi_related_exclude_ids":"","_relevanssi_related_no_append":"","_relevanssi_related_not_related":"","_relevanssi_related_posts":"1","_relevanssi_noindex_reason":"","editor_notices":[],"footnotes":""},"class_list":["post-71","page","type-page","status-publish","hentry"],"yoast_head":"<!-- This site is optimized with the Yoast SEO Premium plugin v27.2 (Yoast SEO v27.2) - https:\/\/yoast.com\/product\/yoast-seo-premium-wordpress\/ -->\n<title>Boligsosialloven - Legal Aid<\/title>\n<meta name=\"robots\" content=\"index, follow, max-snippet:-1, max-image-preview:large, max-video-preview:-1\" \/>\n<link rel=\"canonical\" href=\"https:\/\/kirkensbymisjon.no\/tilbud-legal-aid\/boligsosialloven\/\" \/>\n<meta property=\"og:locale\" content=\"nb_NO\" \/>\n<meta property=\"og:type\" content=\"article\" \/>\n<meta property=\"og:title\" content=\"Boligsosialloven\" \/>\n<meta property=\"og:description\" content=\"Trenger du hjelp til \u00e5 skaffe eller beholde bolig? Dine rettigheter etter boligsosialloven \u2013 og&hellip;\" \/>\n<meta property=\"og:url\" content=\"https:\/\/kirkensbymisjon.no\/tilbud-legal-aid\/boligsosialloven\/\" \/>\n<meta property=\"og:site_name\" content=\"Legal Aid\" \/>\n<meta property=\"article:modified_time\" content=\"2026-03-20T18:17:05+00:00\" \/>\n<meta name=\"twitter:card\" content=\"summary_large_image\" \/>\n<meta name=\"twitter:label1\" content=\"Ansl. lesetid\" \/>\n\t<meta name=\"twitter:data1\" content=\"7 minutter\" \/>\n<script type=\"application\/ld+json\" class=\"yoast-schema-graph\">{\"@context\":\"https:\/\/schema.org\",\"@graph\":[{\"@type\":\"WebPage\",\"@id\":\"https:\/\/kirkensbymisjon.no\/tilbud-legal-aid\/boligsosialloven\/\",\"url\":\"https:\/\/kirkensbymisjon.no\/tilbud-legal-aid\/boligsosialloven\/\",\"name\":\"Boligsosialloven - Legal Aid\",\"isPartOf\":{\"@id\":\"https:\/\/kirkensbymisjon.no\/tilbud-legal-aid\/#website\"},\"primaryImageOfPage\":{\"@id\":\"https:\/\/kirkensbymisjon.no\/tilbud-legal-aid\/boligsosialloven\/#primaryimage\"},\"image\":{\"@id\":\"https:\/\/kirkensbymisjon.no\/tilbud-legal-aid\/boligsosialloven\/#primaryimage\"},\"thumbnailUrl\":\"https:\/\/kirkensbymisjon.no\/content\/uploads\/sites\/26\/2026\/03\/Tilbud_Gatejuristen-og-Ung-Rettshjelp_boligsosial.jpg\",\"datePublished\":\"2026-03-20T18:17:04+00:00\",\"dateModified\":\"2026-03-20T18:17:05+00:00\",\"breadcrumb\":{\"@id\":\"https:\/\/kirkensbymisjon.no\/tilbud-legal-aid\/boligsosialloven\/#breadcrumb\"},\"inLanguage\":\"nb-NO\",\"potentialAction\":[{\"@type\":\"ReadAction\",\"target\":[\"https:\/\/kirkensbymisjon.no\/tilbud-legal-aid\/boligsosialloven\/\"]}]},{\"@type\":\"ImageObject\",\"inLanguage\":\"nb-NO\",\"@id\":\"https:\/\/kirkensbymisjon.no\/tilbud-legal-aid\/boligsosialloven\/#primaryimage\",\"url\":\"https:\/\/kirkensbymisjon.no\/content\/uploads\/sites\/26\/2026\/03\/Tilbud_Gatejuristen-og-Ung-Rettshjelp_boligsosial.jpg\",\"contentUrl\":\"https:\/\/kirkensbymisjon.no\/content\/uploads\/sites\/26\/2026\/03\/Tilbud_Gatejuristen-og-Ung-Rettshjelp_boligsosial.jpg\"},{\"@type\":\"BreadcrumbList\",\"@id\":\"https:\/\/kirkensbymisjon.no\/tilbud-legal-aid\/boligsosialloven\/#breadcrumb\",\"itemListElement\":[{\"@type\":\"ListItem\",\"position\":1,\"name\":\"Hjem\",\"item\":\"https:\/\/kirkensbymisjon.no\/tilbud-legal-aid\/\"},{\"@type\":\"ListItem\",\"position\":2,\"name\":\"Boligsosialloven\"}]},{\"@type\":\"WebSite\",\"@id\":\"https:\/\/kirkensbymisjon.no\/tilbud-legal-aid\/#website\",\"url\":\"https:\/\/kirkensbymisjon.no\/tilbud-legal-aid\/\",\"name\":\"Legal Aid\",\"description\":\"\",\"potentialAction\":[{\"@type\":\"SearchAction\",\"target\":{\"@type\":\"EntryPoint\",\"urlTemplate\":\"https:\/\/kirkensbymisjon.no\/tilbud-legal-aid\/?s={search_term_string}\"},\"query-input\":{\"@type\":\"PropertyValueSpecification\",\"valueRequired\":true,\"valueName\":\"search_term_string\"}}],\"inLanguage\":\"nb-NO\"}]}<\/script>\n<!-- \/ Yoast SEO Premium plugin. -->","yoast_head_json":{"title":"Boligsosialloven - Legal Aid","robots":{"index":"index","follow":"follow","max-snippet":"max-snippet:-1","max-image-preview":"max-image-preview:large","max-video-preview":"max-video-preview:-1"},"canonical":"https:\/\/kirkensbymisjon.no\/tilbud-legal-aid\/boligsosialloven\/","og_locale":"nb_NO","og_type":"article","og_title":"Boligsosialloven","og_description":"Trenger du hjelp til \u00e5 skaffe eller beholde bolig? Dine rettigheter etter boligsosialloven \u2013 og&hellip;","og_url":"https:\/\/kirkensbymisjon.no\/tilbud-legal-aid\/boligsosialloven\/","og_site_name":"Legal Aid","article_modified_time":"2026-03-20T18:17:05+00:00","twitter_card":"summary_large_image","twitter_misc":{"Ansl. lesetid":"7 minutter"},"schema":{"@context":"https:\/\/schema.org","@graph":[{"@type":"WebPage","@id":"https:\/\/kirkensbymisjon.no\/tilbud-legal-aid\/boligsosialloven\/","url":"https:\/\/kirkensbymisjon.no\/tilbud-legal-aid\/boligsosialloven\/","name":"Boligsosialloven - Legal Aid","isPartOf":{"@id":"https:\/\/kirkensbymisjon.no\/tilbud-legal-aid\/#website"},"primaryImageOfPage":{"@id":"https:\/\/kirkensbymisjon.no\/tilbud-legal-aid\/boligsosialloven\/#primaryimage"},"image":{"@id":"https:\/\/kirkensbymisjon.no\/tilbud-legal-aid\/boligsosialloven\/#primaryimage"},"thumbnailUrl":"https:\/\/kirkensbymisjon.no\/content\/uploads\/sites\/26\/2026\/03\/Tilbud_Gatejuristen-og-Ung-Rettshjelp_boligsosial.jpg","datePublished":"2026-03-20T18:17:04+00:00","dateModified":"2026-03-20T18:17:05+00:00","breadcrumb":{"@id":"https:\/\/kirkensbymisjon.no\/tilbud-legal-aid\/boligsosialloven\/#breadcrumb"},"inLanguage":"nb-NO","potentialAction":[{"@type":"ReadAction","target":["https:\/\/kirkensbymisjon.no\/tilbud-legal-aid\/boligsosialloven\/"]}]},{"@type":"ImageObject","inLanguage":"nb-NO","@id":"https:\/\/kirkensbymisjon.no\/tilbud-legal-aid\/boligsosialloven\/#primaryimage","url":"https:\/\/kirkensbymisjon.no\/content\/uploads\/sites\/26\/2026\/03\/Tilbud_Gatejuristen-og-Ung-Rettshjelp_boligsosial.jpg","contentUrl":"https:\/\/kirkensbymisjon.no\/content\/uploads\/sites\/26\/2026\/03\/Tilbud_Gatejuristen-og-Ung-Rettshjelp_boligsosial.jpg"},{"@type":"BreadcrumbList","@id":"https:\/\/kirkensbymisjon.no\/tilbud-legal-aid\/boligsosialloven\/#breadcrumb","itemListElement":[{"@type":"ListItem","position":1,"name":"Hjem","item":"https:\/\/kirkensbymisjon.no\/tilbud-legal-aid\/"},{"@type":"ListItem","position":2,"name":"Boligsosialloven"}]},{"@type":"WebSite","@id":"https:\/\/kirkensbymisjon.no\/tilbud-legal-aid\/#website","url":"https:\/\/kirkensbymisjon.no\/tilbud-legal-aid\/","name":"Legal Aid","description":"","potentialAction":[{"@type":"SearchAction","target":{"@type":"EntryPoint","urlTemplate":"https:\/\/kirkensbymisjon.no\/tilbud-legal-aid\/?s={search_term_string}"},"query-input":{"@type":"PropertyValueSpecification","valueRequired":true,"valueName":"search_term_string"}}],"inLanguage":"nb-NO"}]}},"_links":{"self":[{"href":"https:\/\/kirkensbymisjon.no\/tilbud-legal-aid\/wp-json\/wp\/v2\/pages\/71","targetHints":{"allow":["GET"]}}],"collection":[{"href":"https:\/\/kirkensbymisjon.no\/tilbud-legal-aid\/wp-json\/wp\/v2\/pages"}],"about":[{"href":"https:\/\/kirkensbymisjon.no\/tilbud-legal-aid\/wp-json\/wp\/v2\/types\/page"}],"author":[{"embeddable":true,"href":"https:\/\/kirkensbymisjon.no\/tilbud-legal-aid\/wp-json\/wp\/v2\/users\/5"}],"replies":[{"embeddable":true,"href":"https:\/\/kirkensbymisjon.no\/tilbud-legal-aid\/wp-json\/wp\/v2\/comments?post=71"}],"version-history":[{"count":2,"href":"https:\/\/kirkensbymisjon.no\/tilbud-legal-aid\/wp-json\/wp\/v2\/pages\/71\/revisions"}],"predecessor-version":[{"id":73,"href":"https:\/\/kirkensbymisjon.no\/tilbud-legal-aid\/wp-json\/wp\/v2\/pages\/71\/revisions\/73"}],"wp:attachment":[{"href":"https:\/\/kirkensbymisjon.no\/tilbud-legal-aid\/wp-json\/wp\/v2\/media?parent=71"}],"curies":[{"name":"wp","href":"https:\/\/api.w.org\/{rel}","templated":true}]}}