{"id":3,"date":"2024-06-19T15:58:02","date_gmt":"2024-06-19T13:58:02","guid":{"rendered":"https:\/\/kirkensbymisjon.no\/tilbud-mysen-frivilligsentral\/forside\/"},"modified":"2024-11-05T14:59:13","modified_gmt":"2024-11-05T13:59:13","slug":"forside","status":"publish","type":"page","link":"https:\/\/kirkensbymisjon.no\/tilbud-mysen-frivilligsentral\/","title":{"rendered":"Forside"},"content":{"rendered":"\n<p><strong>Har du engasjement for andre mennesker og kan tenke deg \u00e5 bruke litt av din tid?<\/strong> <strong>Mysen Frivilligsentral tilrettelegger, mobiliserer og samordner frivillig aktivitet i v\u00e5rt n\u00e6rmilj\u00f8. Uansett hvilke interesser, ferdigheter eller erfaring du har, bist\u00e5r vi deg i \u00e5 finne en meningsfull frivillig oppgave.<\/strong><\/p>\n\n\n\n<p>Det er du selv som bestemmer hvor mye tid du vil bruke \u2013 noen timer kan bety mye for andre mennesker! Det er ogs\u00e5 mulig \u00e5 delta som frivillig ved alle v\u00e5re tilbud i n\u00e6rmilj\u00f8et. Vi har flere ulike arrangementer utenom ordin\u00e6re \u00e5pningstider, f\u00f8lg oss og v\u00e5re arrangementer p\u00e5 <a href=\"https:\/\/www.facebook.com\/Kirkensbymisjonmysen\" target=\"_blank\" rel=\"noreferrer noopener\">Facebook<\/a>.<\/p>\n\n\n\n<p>Mysen Frivilligsentral er et samarbeid med Indre \u00d8stfold Kommune, og skal v\u00e6re kraftsenter og kontaktpunkt for mennesker, foreninger\/lag og det offentlige i Indre \u00d8stfold.<\/p>\n\n\n\n<div class=\"wp-block-media-text alignwide is-stacked-on-mobile is-style-filled\"><figure class=\"wp-block-media-text__media\"><img decoding=\"async\" src=\"https:\/\/kirkensbymisjon.no\/content\/uploads\/2024\/09\/Standard_Bli-frivillig_01-1024x751.jpg\" alt=\"Frivillige i samtale med gjest i kafeen. Foto: Kirkens Bymisjon\" class=\"wp-image-3078 size-full\"\/><\/figure><div class=\"wp-block-media-text__content\">\n<h2 class=\"wp-block-heading\" id=\"h-bli-frivillig-nbsp\"><strong>Bli frivillig!<\/strong>&nbsp;<\/h2>\n\n\n\n<p>Vi trenger deg som \u00f8nsker \u00e5 gj\u00f8re en frivillig innsats til nytte og glede for andre og deg selv. Gjennom frivillig engasjement kan du bruke din erfaring og kompetanse \u2013 eller l\u00e6re noe nytt.&nbsp;<\/p>\n\n\n\n<p><a href=\"\/bli-frivillig\">Les mer om frivillighet<\/a><\/p>\n<\/div><\/div>\n","protected":false},"excerpt":{"rendered":"<p>Har du engasjement for andre mennesker og kan tenke deg \u00e5 bruke litt av din&hellip;<\/p>\n","protected":false},"author":2,"featured_media":4,"parent":0,"menu_order":0,"comment_status":"closed","ping_status":"closed","template":"","meta":{"_relevanssi_hide_post":"","_relevanssi_hide_content":"","_relevanssi_pin_for_all":"","_relevanssi_pin_keywords":"","_relevanssi_unpin_keywords":"","_relevanssi_related_keywords":"","_relevanssi_related_include_ids":"","_relevanssi_related_exclude_ids":"","_relevanssi_related_no_append":"","_relevanssi_related_not_related":"","_relevanssi_related_posts":"1","_relevanssi_noindex_reason":"","editor_notices":[],"footnotes":""},"class_list":["post-3","page","type-page","status-publish","has-post-thumbnail","hentry"],"yoast_head":"<!-- This site is optimized with the Yoast SEO Premium plugin v27.2 (Yoast SEO v27.2) - https:\/\/yoast.com\/product\/yoast-seo-premium-wordpress\/ -->\n<title>Kirkens Bymisjon - Mysen Frivilligsentral<\/title>\n<meta name=\"description\" content=\"En lokal og sosial m\u00f8teplass med rom for alle som \u00f8nsker \u00e5 delta i frivillig arbeid.\" \/>\n<meta name=\"robots\" content=\"index, follow, max-snippet:-1, max-image-preview:large, max-video-preview:-1\" \/>\n<link rel=\"canonical\" href=\"https:\/\/kirkensbymisjon.no\/tilbud-mysen-frivilligsentral\/\" \/>\n<meta property=\"og:locale\" content=\"nb_NO\" \/>\n<meta property=\"og:type\" content=\"article\" \/>\n<meta property=\"og:title\" content=\"Kirkens Bymisjon - Mysen Frivilligsentral\" \/>\n<meta property=\"og:description\" content=\"En lokal og sosial m\u00f8teplass med rom for alle som \u00f8nsker \u00e5 delta i frivillig arbeid.\" \/>\n<meta property=\"og:url\" content=\"https:\/\/kirkensbymisjon.no\/tilbud-mysen-frivilligsentral\/\" \/>\n<meta property=\"og:site_name\" content=\"Mysen Frivilligsentral\" \/>\n<meta property=\"article:modified_time\" content=\"2024-11-05T13:59:13+00:00\" \/>\n<meta property=\"og:image\" content=\"https:\/\/kirkensbymisjon.no\/content\/uploads\/sites\/59\/2024\/06\/Tilbud_Mysen-Frivilligsentral_01.jpg\" \/>\n\t<meta property=\"og:image:width\" content=\"850\" \/>\n\t<meta property=\"og:image:height\" content=\"754\" \/>\n\t<meta property=\"og:image:type\" content=\"image\/jpeg\" \/>\n<meta name=\"twitter:card\" content=\"summary_large_image\" \/>\n<meta name=\"twitter:title\" content=\"Forside\" \/>\n<meta name=\"twitter:label1\" content=\"Ansl. lesetid\" \/>\n\t<meta name=\"twitter:data1\" content=\"2 minutter\" \/>\n<script type=\"application\/ld+json\" class=\"yoast-schema-graph\">{\"@context\":\"https:\/\/schema.org\",\"@graph\":[{\"@type\":\"WebPage\",\"@id\":\"https:\/\/kirkensbymisjon.no\/tilbud-mysen-frivilligsentral\/\",\"url\":\"https:\/\/kirkensbymisjon.no\/tilbud-mysen-frivilligsentral\/\",\"name\":\"Kirkens Bymisjon - Mysen Frivilligsentral\",\"isPartOf\":{\"@id\":\"https:\/\/kirkensbymisjon.no\/tilbud-mysen-frivilligsentral\/#website\"},\"primaryImageOfPage\":{\"@id\":\"https:\/\/kirkensbymisjon.no\/tilbud-mysen-frivilligsentral\/#primaryimage\"},\"image\":{\"@id\":\"https:\/\/kirkensbymisjon.no\/tilbud-mysen-frivilligsentral\/#primaryimage\"},\"thumbnailUrl\":\"https:\/\/kirkensbymisjon.no\/content\/uploads\/sites\/59\/2024\/06\/Tilbud_Mysen-Frivilligsentral_01.jpg\",\"datePublished\":\"2024-06-19T13:58:02+00:00\",\"dateModified\":\"2024-11-05T13:59:13+00:00\",\"description\":\"En lokal og sosial m\u00f8teplass med rom for alle som \u00f8nsker \u00e5 delta i frivillig arbeid.\",\"breadcrumb\":{\"@id\":\"https:\/\/kirkensbymisjon.no\/tilbud-mysen-frivilligsentral\/#breadcrumb\"},\"inLanguage\":\"nb-NO\",\"potentialAction\":[{\"@type\":\"ReadAction\",\"target\":[\"https:\/\/kirkensbymisjon.no\/tilbud-mysen-frivilligsentral\/\"]}]},{\"@type\":\"ImageObject\",\"inLanguage\":\"nb-NO\",\"@id\":\"https:\/\/kirkensbymisjon.no\/tilbud-mysen-frivilligsentral\/#primaryimage\",\"url\":\"https:\/\/kirkensbymisjon.no\/content\/uploads\/sites\/59\/2024\/06\/Tilbud_Mysen-Frivilligsentral_01.jpg\",\"contentUrl\":\"https:\/\/kirkensbymisjon.no\/content\/uploads\/sites\/59\/2024\/06\/Tilbud_Mysen-Frivilligsentral_01.jpg\",\"width\":850,\"height\":754,\"caption\":\"Frivillig som bist\u00e5r eldre dame.\"},{\"@type\":\"BreadcrumbList\",\"@id\":\"https:\/\/kirkensbymisjon.no\/tilbud-mysen-frivilligsentral\/#breadcrumb\",\"itemListElement\":[{\"@type\":\"ListItem\",\"position\":1,\"name\":\"Hjem\",\"item\":\"https:\/\/kirkensbymisjon.no\/tilbud-mysen-frivilligsentral\/\"},{\"@type\":\"ListItem\",\"position\":2,\"name\":\"Forside\"}]},{\"@type\":\"WebSite\",\"@id\":\"https:\/\/kirkensbymisjon.no\/tilbud-mysen-frivilligsentral\/#website\",\"url\":\"https:\/\/kirkensbymisjon.no\/tilbud-mysen-frivilligsentral\/\",\"name\":\"Mysen Frivilligsentral\",\"description\":\"\",\"potentialAction\":[{\"@type\":\"SearchAction\",\"target\":{\"@type\":\"EntryPoint\",\"urlTemplate\":\"https:\/\/kirkensbymisjon.no\/tilbud-mysen-frivilligsentral\/?s={search_term_string}\"},\"query-input\":{\"@type\":\"PropertyValueSpecification\",\"valueRequired\":true,\"valueName\":\"search_term_string\"}}],\"inLanguage\":\"nb-NO\"}]}<\/script>\n<!-- \/ Yoast SEO Premium plugin. -->","yoast_head_json":{"title":"Kirkens Bymisjon - Mysen Frivilligsentral","description":"En lokal og sosial m\u00f8teplass med rom for alle som \u00f8nsker \u00e5 delta i frivillig arbeid.","robots":{"index":"index","follow":"follow","max-snippet":"max-snippet:-1","max-image-preview":"max-image-preview:large","max-video-preview":"max-video-preview:-1"},"canonical":"https:\/\/kirkensbymisjon.no\/tilbud-mysen-frivilligsentral\/","og_locale":"nb_NO","og_type":"article","og_title":"Kirkens Bymisjon - Mysen Frivilligsentral","og_description":"En lokal og sosial m\u00f8teplass med rom for alle som \u00f8nsker \u00e5 delta i frivillig arbeid.","og_url":"https:\/\/kirkensbymisjon.no\/tilbud-mysen-frivilligsentral\/","og_site_name":"Mysen Frivilligsentral","article_modified_time":"2024-11-05T13:59:13+00:00","og_image":[{"width":850,"height":754,"url":"https:\/\/kirkensbymisjon.no\/content\/uploads\/sites\/59\/2024\/06\/Tilbud_Mysen-Frivilligsentral_01.jpg","type":"image\/jpeg"}],"twitter_card":"summary_large_image","twitter_title":"Forside","twitter_misc":{"Ansl. lesetid":"2 minutter"},"schema":{"@context":"https:\/\/schema.org","@graph":[{"@type":"WebPage","@id":"https:\/\/kirkensbymisjon.no\/tilbud-mysen-frivilligsentral\/","url":"https:\/\/kirkensbymisjon.no\/tilbud-mysen-frivilligsentral\/","name":"Kirkens Bymisjon - Mysen Frivilligsentral","isPartOf":{"@id":"https:\/\/kirkensbymisjon.no\/tilbud-mysen-frivilligsentral\/#website"},"primaryImageOfPage":{"@id":"https:\/\/kirkensbymisjon.no\/tilbud-mysen-frivilligsentral\/#primaryimage"},"image":{"@id":"https:\/\/kirkensbymisjon.no\/tilbud-mysen-frivilligsentral\/#primaryimage"},"thumbnailUrl":"https:\/\/kirkensbymisjon.no\/content\/uploads\/sites\/59\/2024\/06\/Tilbud_Mysen-Frivilligsentral_01.jpg","datePublished":"2024-06-19T13:58:02+00:00","dateModified":"2024-11-05T13:59:13+00:00","description":"En lokal og sosial m\u00f8teplass med rom for alle som \u00f8nsker \u00e5 delta i frivillig arbeid.","breadcrumb":{"@id":"https:\/\/kirkensbymisjon.no\/tilbud-mysen-frivilligsentral\/#breadcrumb"},"inLanguage":"nb-NO","potentialAction":[{"@type":"ReadAction","target":["https:\/\/kirkensbymisjon.no\/tilbud-mysen-frivilligsentral\/"]}]},{"@type":"ImageObject","inLanguage":"nb-NO","@id":"https:\/\/kirkensbymisjon.no\/tilbud-mysen-frivilligsentral\/#primaryimage","url":"https:\/\/kirkensbymisjon.no\/content\/uploads\/sites\/59\/2024\/06\/Tilbud_Mysen-Frivilligsentral_01.jpg","contentUrl":"https:\/\/kirkensbymisjon.no\/content\/uploads\/sites\/59\/2024\/06\/Tilbud_Mysen-Frivilligsentral_01.jpg","width":850,"height":754,"caption":"Frivillig som bist\u00e5r eldre dame."},{"@type":"BreadcrumbList","@id":"https:\/\/kirkensbymisjon.no\/tilbud-mysen-frivilligsentral\/#breadcrumb","itemListElement":[{"@type":"ListItem","position":1,"name":"Hjem","item":"https:\/\/kirkensbymisjon.no\/tilbud-mysen-frivilligsentral\/"},{"@type":"ListItem","position":2,"name":"Forside"}]},{"@type":"WebSite","@id":"https:\/\/kirkensbymisjon.no\/tilbud-mysen-frivilligsentral\/#website","url":"https:\/\/kirkensbymisjon.no\/tilbud-mysen-frivilligsentral\/","name":"Mysen Frivilligsentral","description":"","potentialAction":[{"@type":"SearchAction","target":{"@type":"EntryPoint","urlTemplate":"https:\/\/kirkensbymisjon.no\/tilbud-mysen-frivilligsentral\/?s={search_term_string}"},"query-input":{"@type":"PropertyValueSpecification","valueRequired":true,"valueName":"search_term_string"}}],"inLanguage":"nb-NO"}]}},"_links":{"self":[{"href":"https:\/\/kirkensbymisjon.no\/tilbud-mysen-frivilligsentral\/wp-json\/wp\/v2\/pages\/3","targetHints":{"allow":["GET"]}}],"collection":[{"href":"https:\/\/kirkensbymisjon.no\/tilbud-mysen-frivilligsentral\/wp-json\/wp\/v2\/pages"}],"about":[{"href":"https:\/\/kirkensbymisjon.no\/tilbud-mysen-frivilligsentral\/wp-json\/wp\/v2\/types\/page"}],"author":[{"embeddable":true,"href":"https:\/\/kirkensbymisjon.no\/tilbud-mysen-frivilligsentral\/wp-json\/wp\/v2\/users\/2"}],"replies":[{"embeddable":true,"href":"https:\/\/kirkensbymisjon.no\/tilbud-mysen-frivilligsentral\/wp-json\/wp\/v2\/comments?post=3"}],"version-history":[{"count":5,"href":"https:\/\/kirkensbymisjon.no\/tilbud-mysen-frivilligsentral\/wp-json\/wp\/v2\/pages\/3\/revisions"}],"predecessor-version":[{"id":30,"href":"https:\/\/kirkensbymisjon.no\/tilbud-mysen-frivilligsentral\/wp-json\/wp\/v2\/pages\/3\/revisions\/30"}],"wp:featuredmedia":[{"embeddable":true,"href":"https:\/\/kirkensbymisjon.no\/tilbud-mysen-frivilligsentral\/wp-json\/wp\/v2\/media\/4"}],"wp:attachment":[{"href":"https:\/\/kirkensbymisjon.no\/tilbud-mysen-frivilligsentral\/wp-json\/wp\/v2\/media?parent=3"}],"curies":[{"name":"wp","href":"https:\/\/api.w.org\/{rel}","templated":true}]}}