{"id":3,"date":"2024-06-19T16:04:39","date_gmt":"2024-06-19T14:04:39","guid":{"rendered":"https:\/\/kirkensbymisjon.no\/tilbud-natteravnene\/forside\/"},"modified":"2024-12-27T17:09:29","modified_gmt":"2024-12-27T16:09:29","slug":"forside","status":"publish","type":"page","link":"https:\/\/kirkensbymisjon.no\/tilbud-natteravnene\/","title":{"rendered":"Forside"},"content":{"rendered":"\n<div class=\"wp-block-media-text alignwide is-stacked-on-mobile is-style-filled\"><figure class=\"wp-block-media-text__media\"><img loading=\"lazy\" decoding=\"async\" width=\"1024\" height=\"742\" src=\"https:\/\/kirkensbymisjon.no\/content\/uploads\/sites\/62\/2024\/08\/tilbud_natteravnene_02-1024x742.jpg\" alt=\"Natteravner p\u00e5 gata\" class=\"wp-image-43 size-full\" srcset=\"https:\/\/kirkensbymisjon.no\/content\/uploads\/sites\/62\/2024\/08\/tilbud_natteravnene_02-1024x742.jpg 1024w, https:\/\/kirkensbymisjon.no\/content\/uploads\/sites\/62\/2024\/08\/tilbud_natteravnene_02-300x217.jpg 300w, https:\/\/kirkensbymisjon.no\/content\/uploads\/sites\/62\/2024\/08\/tilbud_natteravnene_02-768x557.jpg 768w, https:\/\/kirkensbymisjon.no\/content\/uploads\/sites\/62\/2024\/08\/tilbud_natteravnene_02-1536x1113.jpg 1536w, https:\/\/kirkensbymisjon.no\/content\/uploads\/sites\/62\/2024\/08\/tilbud_natteravnene_02.jpg 1559w\" sizes=\"auto, (max-width: 1024px) 100vw, 1024px\" \/><\/figure><div class=\"wp-block-media-text__content\">\n<h2 class=\"wp-block-heading\" id=\"h-natteravnene-gjor-byene-tryggere\">Natteravnene gj\u00f8r byene tryggere<\/h2>\n\n\n\n<p>Natteravnene er voksne mennesker som vandrer gatelangs i helgene. Vi oppholder oss p\u00e5 steder og i milj\u00f8er der barn og ungdom ferdes og befinner seg p\u00e5 kvelds- og nattestid.<\/p>\n\n\n\n<p>Med v\u00e5r tilstedev\u00e6relse er vi med p\u00e5 \u00e5 skape et tryggere n\u00e6rmilj\u00f8.<\/p>\n<\/div><\/div>\n\n\n\t<div class=\"alignwide wp-block-kbm-link-list\">\n\t\t<div class=\"kbm-link-list__items\">\n\t\t\t\n<div class=\"wp-block-kbm-link-list-item\">\t<svg xmlns=\"http:\/\/www.w3.org\/2000\/svg\" viewBox=\"0 0 48 48\" height=\"24\" width=\"24\" class=\"t2-icon t2-icon-heart\" aria-hidden=\"true\" focusable=\"false\"><path d=\"M12.608 7.169c-1.695.306-3.132.959-4.579 2.081-1.894 1.468-3.293 3.755-3.79 6.194-.689 3.382.232 7.499 2.57 11.489 2.339 3.991 6.459 8.359 11.511 12.202 1.924 1.463 5.432 3.825 5.682 3.825.244 0 3.789-2.389 5.678-3.826 3.507-2.666 6.767-5.781 9.058-8.654 4.107-5.151 5.927-10.598 5.023-15.036-.867-4.255-4.231-7.559-8.431-8.282-.908-.156-2.546-.157-3.46-.001-3.228.55-6.151 2.758-7.548 5.699-.151.319-.296.58-.32.58-.025 0-.212-.333-.416-.74-1.452-2.905-4.266-4.995-7.456-5.539-.885-.151-2.667-.147-3.522.008\"\/><\/svg>\t<div class=\"kbm-link-list-item__content\">\n\t\t<p class=\"kbm-link-list-item__title\">Trygghet i n\u00e6rmilj\u00f8et<\/p>\n\t\t\t\t\t<p class=\"kbm-link-list-item__description\">Bidrar til en bedre oppvekst for barn og unge, og \u00f8ker tryggheten for alle i n\u00e6rmilj\u00f8et.<\/p>\n\t\t\t<\/div>\n\t<\/div>\n\n<div class=\"wp-block-kbm-link-list-item\">\t<svg xmlns=\"http:\/\/www.w3.org\/2000\/svg\" viewBox=\"0 0 48 48\" height=\"24\" width=\"24\" class=\"t2-icon t2-icon-housing\" aria-hidden=\"true\" focusable=\"false\"><path d=\"M23.546 3.463c-.096.053-4.748 4.237-10.338 9.297l-10.164 9.2 2.478.021L8 22.002v11.087c0 10.096.012 11.111.131 11.362.256.541.306.549 3.393.549 3.033 0 3.006.004 3.335-.498.131-.199.144-.674.181-6.605l.04-6.39.261-.234.262-.233h2.842c3.152 0 3.185.005 3.424.509.118.247.131.901.131 6.451 0 6.834-.019 6.573.511 6.864.23.126.873.136 8.489.136 7.616 0 8.259-.01 8.489-.136.546-.299.511.504.511-11.775V22.002l2.477-.021 2.478-.021-10.128-9.16c-5.57-5.038-10.222-9.223-10.337-9.299-.242-.161-.691-.179-.944-.038\"\/><\/svg>\t<div class=\"kbm-link-list-item__content\">\n\t\t<p class=\"kbm-link-list-item__title\">Forebyggende arbeid<\/p>\n\t\t\t\t\t<p class=\"kbm-link-list-item__description\">Reduserer vold, h\u00e6rverk og kriminelle handlinger. God kunnskap om byen og milj\u00f8et ungdommene ferdes i.<\/p>\n\t\t\t<\/div>\n\t<\/div>\n\n<div class=\"wp-block-kbm-link-list-item\">\t<svg xmlns=\"http:\/\/www.w3.org\/2000\/svg\" viewBox=\"0 0 48 48\" height=\"24\" width=\"24\" class=\"t2-icon t2-icon-volunteering\" aria-hidden=\"true\" focusable=\"false\"><path d=\"M23.33 1.157c-.459.164-.862.527-1.11 1.001l-.22.42v9.211c0 10.395.045 9.659-.603 9.883-.286.098-.356.096-.601-.02-.55-.261-.512.307-.556-8.212-.044-8.585-.004-7.999-.593-8.588-.506-.505-.872-.65-1.647-.65-.55 0-.744.034-1.015.178-.412.219-.843.653-1.039 1.046-.139.28-.148.907-.186 13.494l-.04 13.2-2.888-4.321c-3.002-4.493-3.036-4.536-3.788-4.84-.357-.145-1.245-.13-1.604.026-.899.391-1.4 1.126-1.4 2.055 0 .605.105.842.971 2.201.826 1.295 1.75 3.04 2.71 5.119 1.268 2.745 2.467 5.172 2.981 6.034 2.373 3.98 5.378 5.888 10.151 6.446 1.014.119 3.559.163 4.113.071l.286-.047-3.126-3.048c-1.719-1.675-3.315-3.265-3.546-3.531-.922-1.066-1.411-2.4-1.407-3.845.005-2.62 1.651-4.838 4.227-5.698.58-.193.756-.214 1.88-.218 1.081-.003 1.317.02 1.84.182 1.024.318 1.849.825 2.736 1.681l.456.441.595-.565c1.254-1.192 2.72-1.781 4.436-1.782 1.081-.002 2.292.349 3.19.924l.427.273v-9.73c0-7.226-.024-9.81-.094-10.043-.12-.402-.632-.984-1.056-1.201-.398-.204-1.304-.281-1.783-.152a2.142 2.142 0 0 0-1.345 1.082l-.242.474-.04 6.593-.04 6.593-.19.154c-.427.346-.973.276-1.269-.162l-.181-.27-.001-9.088-.001-9.088-.188-.404c-.611-1.312-2.534-1.66-3.624-.655-.682.629-.621-.199-.666 9.099-.044 9.138-.004 8.51-.556 8.772-.245.116-.315.118-.601.02-.648-.224-.603.512-.603-9.883V2.578l-.223-.427c-.25-.478-.743-.901-1.199-1.027-.418-.116-1.359-.098-1.728.033m1.372 28.611c-1.11.121-2.023.574-2.869 1.423-1.568 1.572-1.855 3.79-.735 5.679.296.499.462.666 7.001 7.043l.698.681.542-.142c3.486-.919 6.794-3.671 8.386-6.979.723-1.504 1.098-2.941 1.243-4.77.11-1.383.113-1.375-.672-1.957-1.021-.758-1.887-1.019-3.21-.968-1.505.057-2.308.439-3.687 1.75-1.07 1.018-1.083 1.019-1.983.172-.928-.873-1.305-1.166-1.862-1.445a5.097 5.097 0 0 0-2.852-.487\"\/><\/svg>\t<div class=\"kbm-link-list-item__content\">\n\t\t<p class=\"kbm-link-list-item__title\">Vi trenger flere natteravner<\/p>\n\t\t\t\t\t<p class=\"kbm-link-list-item__description\">Bli med p\u00e5 en meningsfull fritidsaktivitet med frisk luft og mosjon, i et sosialt og hyggelig fellesskap.<\/p>\n\t\t\t<\/div>\n\t<\/div>\n\t\t<\/div>\n\t<\/div>\n\t","protected":false},"excerpt":{"rendered":"<p>Natteravnene gj\u00f8r byene tryggere Natteravnene er voksne mennesker som vandrer gatelangs i helgene. Vi oppholder&hellip;<\/p>\n","protected":false},"author":2,"featured_media":5,"parent":0,"menu_order":0,"comment_status":"closed","ping_status":"closed","template":"","meta":{"_relevanssi_hide_post":"","_relevanssi_hide_content":"","_relevanssi_pin_for_all":"","_relevanssi_pin_keywords":"","_relevanssi_unpin_keywords":"","_relevanssi_related_keywords":"","_relevanssi_related_include_ids":"","_relevanssi_related_exclude_ids":"","_relevanssi_related_no_append":"","_relevanssi_related_not_related":"","_relevanssi_related_posts":"1","_relevanssi_noindex_reason":"","editor_notices":[],"footnotes":""},"class_list":["post-3","page","type-page","status-publish","has-post-thumbnail","hentry"],"yoast_head":"<!-- This site is optimized with the Yoast SEO Premium plugin v27.2 (Yoast SEO v27.2) - https:\/\/yoast.com\/product\/yoast-seo-premium-wordpress\/ -->\n<title>Kirkens Bymisjon - Natteravnene<\/title>\n<meta name=\"description\" content=\"Vi er synlige og til stede der barn og unge ferdes p\u00e5 nattestid, og tilbyr omsorg og hjelp til de som trenger det.\" \/>\n<meta name=\"robots\" content=\"index, follow, max-snippet:-1, max-image-preview:large, max-video-preview:-1\" \/>\n<link rel=\"canonical\" href=\"https:\/\/kirkensbymisjon.no\/tilbud-natteravnene\/\" \/>\n<meta property=\"og:locale\" content=\"nb_NO\" \/>\n<meta property=\"og:type\" content=\"article\" \/>\n<meta property=\"og:title\" content=\"Kirkens Bymisjon - Natteravnene\" \/>\n<meta property=\"og:description\" content=\"Vi er synlige og til stede der barn og unge ferdes p\u00e5 kveld og nattestid i helgene. En del av v\u00e5rt arbeid er \u00e5 tilby omsorg og hjelp til de som trenger det.\" \/>\n<meta property=\"og:url\" content=\"https:\/\/kirkensbymisjon.no\/tilbud-natteravnene\/\" \/>\n<meta property=\"og:site_name\" content=\"Natteravnene\" \/>\n<meta property=\"article:modified_time\" content=\"2024-12-27T16:09:29+00:00\" \/>\n<meta property=\"og:image\" content=\"https:\/\/kirkensbymisjon.no\/content\/uploads\/sites\/62\/2024\/06\/Tilbud_Natteravnene_01.jpg\" \/>\n\t<meta property=\"og:image:width\" content=\"1000\" \/>\n\t<meta property=\"og:image:height\" content=\"500\" \/>\n\t<meta property=\"og:image:type\" content=\"image\/jpeg\" \/>\n<meta name=\"twitter:card\" content=\"summary_large_image\" \/>\n<meta name=\"twitter:title\" content=\"Forside\" \/>\n<meta name=\"twitter:label1\" content=\"Ansl. lesetid\" \/>\n\t<meta name=\"twitter:data1\" content=\"1 minutt\" \/>\n<script type=\"application\/ld+json\" class=\"yoast-schema-graph\">{\"@context\":\"https:\/\/schema.org\",\"@graph\":[{\"@type\":\"WebPage\",\"@id\":\"https:\/\/kirkensbymisjon.no\/tilbud-natteravnene\/\",\"url\":\"https:\/\/kirkensbymisjon.no\/tilbud-natteravnene\/\",\"name\":\"Kirkens Bymisjon - Natteravnene\",\"isPartOf\":{\"@id\":\"https:\/\/kirkensbymisjon.no\/tilbud-natteravnene\/#website\"},\"primaryImageOfPage\":{\"@id\":\"https:\/\/kirkensbymisjon.no\/tilbud-natteravnene\/#primaryimage\"},\"image\":{\"@id\":\"https:\/\/kirkensbymisjon.no\/tilbud-natteravnene\/#primaryimage\"},\"thumbnailUrl\":\"https:\/\/kirkensbymisjon.no\/content\/uploads\/sites\/62\/2024\/06\/Tilbud_Natteravnene_01.jpg\",\"datePublished\":\"2024-06-19T14:04:39+00:00\",\"dateModified\":\"2024-12-27T16:09:29+00:00\",\"description\":\"Vi er synlige og til stede der barn og unge ferdes p\u00e5 nattestid, og tilbyr omsorg og hjelp til de som trenger det.\",\"breadcrumb\":{\"@id\":\"https:\/\/kirkensbymisjon.no\/tilbud-natteravnene\/#breadcrumb\"},\"inLanguage\":\"nb-NO\",\"potentialAction\":[{\"@type\":\"ReadAction\",\"target\":[\"https:\/\/kirkensbymisjon.no\/tilbud-natteravnene\/\"]}]},{\"@type\":\"ImageObject\",\"inLanguage\":\"nb-NO\",\"@id\":\"https:\/\/kirkensbymisjon.no\/tilbud-natteravnene\/#primaryimage\",\"url\":\"https:\/\/kirkensbymisjon.no\/content\/uploads\/sites\/62\/2024\/06\/Tilbud_Natteravnene_01.jpg\",\"contentUrl\":\"https:\/\/kirkensbymisjon.no\/content\/uploads\/sites\/62\/2024\/06\/Tilbud_Natteravnene_01.jpg\",\"width\":1000,\"height\":500,\"caption\":\"To kvinnelige natteravner p\u00e5 gata\"},{\"@type\":\"BreadcrumbList\",\"@id\":\"https:\/\/kirkensbymisjon.no\/tilbud-natteravnene\/#breadcrumb\",\"itemListElement\":[{\"@type\":\"ListItem\",\"position\":1,\"name\":\"Hjem\",\"item\":\"https:\/\/kirkensbymisjon.no\/tilbud-natteravnene\/\"},{\"@type\":\"ListItem\",\"position\":2,\"name\":\"Forside\"}]},{\"@type\":\"WebSite\",\"@id\":\"https:\/\/kirkensbymisjon.no\/tilbud-natteravnene\/#website\",\"url\":\"https:\/\/kirkensbymisjon.no\/tilbud-natteravnene\/\",\"name\":\"Natteravnene\",\"description\":\"\",\"potentialAction\":[{\"@type\":\"SearchAction\",\"target\":{\"@type\":\"EntryPoint\",\"urlTemplate\":\"https:\/\/kirkensbymisjon.no\/tilbud-natteravnene\/?s={search_term_string}\"},\"query-input\":{\"@type\":\"PropertyValueSpecification\",\"valueRequired\":true,\"valueName\":\"search_term_string\"}}],\"inLanguage\":\"nb-NO\"}]}<\/script>\n<!-- \/ Yoast SEO Premium plugin. -->","yoast_head_json":{"title":"Kirkens Bymisjon - Natteravnene","description":"Vi er synlige og til stede der barn og unge ferdes p\u00e5 nattestid, og tilbyr omsorg og hjelp til de som trenger det.","robots":{"index":"index","follow":"follow","max-snippet":"max-snippet:-1","max-image-preview":"max-image-preview:large","max-video-preview":"max-video-preview:-1"},"canonical":"https:\/\/kirkensbymisjon.no\/tilbud-natteravnene\/","og_locale":"nb_NO","og_type":"article","og_title":"Kirkens Bymisjon - Natteravnene","og_description":"Vi er synlige og til stede der barn og unge ferdes p\u00e5 kveld og nattestid i helgene. En del av v\u00e5rt arbeid er \u00e5 tilby omsorg og hjelp til de som trenger det.","og_url":"https:\/\/kirkensbymisjon.no\/tilbud-natteravnene\/","og_site_name":"Natteravnene","article_modified_time":"2024-12-27T16:09:29+00:00","og_image":[{"width":1000,"height":500,"url":"https:\/\/kirkensbymisjon.no\/content\/uploads\/sites\/62\/2024\/06\/Tilbud_Natteravnene_01.jpg","type":"image\/jpeg"}],"twitter_card":"summary_large_image","twitter_title":"Forside","twitter_misc":{"Ansl. lesetid":"1 minutt"},"schema":{"@context":"https:\/\/schema.org","@graph":[{"@type":"WebPage","@id":"https:\/\/kirkensbymisjon.no\/tilbud-natteravnene\/","url":"https:\/\/kirkensbymisjon.no\/tilbud-natteravnene\/","name":"Kirkens Bymisjon - Natteravnene","isPartOf":{"@id":"https:\/\/kirkensbymisjon.no\/tilbud-natteravnene\/#website"},"primaryImageOfPage":{"@id":"https:\/\/kirkensbymisjon.no\/tilbud-natteravnene\/#primaryimage"},"image":{"@id":"https:\/\/kirkensbymisjon.no\/tilbud-natteravnene\/#primaryimage"},"thumbnailUrl":"https:\/\/kirkensbymisjon.no\/content\/uploads\/sites\/62\/2024\/06\/Tilbud_Natteravnene_01.jpg","datePublished":"2024-06-19T14:04:39+00:00","dateModified":"2024-12-27T16:09:29+00:00","description":"Vi er synlige og til stede der barn og unge ferdes p\u00e5 nattestid, og tilbyr omsorg og hjelp til de som trenger det.","breadcrumb":{"@id":"https:\/\/kirkensbymisjon.no\/tilbud-natteravnene\/#breadcrumb"},"inLanguage":"nb-NO","potentialAction":[{"@type":"ReadAction","target":["https:\/\/kirkensbymisjon.no\/tilbud-natteravnene\/"]}]},{"@type":"ImageObject","inLanguage":"nb-NO","@id":"https:\/\/kirkensbymisjon.no\/tilbud-natteravnene\/#primaryimage","url":"https:\/\/kirkensbymisjon.no\/content\/uploads\/sites\/62\/2024\/06\/Tilbud_Natteravnene_01.jpg","contentUrl":"https:\/\/kirkensbymisjon.no\/content\/uploads\/sites\/62\/2024\/06\/Tilbud_Natteravnene_01.jpg","width":1000,"height":500,"caption":"To kvinnelige natteravner p\u00e5 gata"},{"@type":"BreadcrumbList","@id":"https:\/\/kirkensbymisjon.no\/tilbud-natteravnene\/#breadcrumb","itemListElement":[{"@type":"ListItem","position":1,"name":"Hjem","item":"https:\/\/kirkensbymisjon.no\/tilbud-natteravnene\/"},{"@type":"ListItem","position":2,"name":"Forside"}]},{"@type":"WebSite","@id":"https:\/\/kirkensbymisjon.no\/tilbud-natteravnene\/#website","url":"https:\/\/kirkensbymisjon.no\/tilbud-natteravnene\/","name":"Natteravnene","description":"","potentialAction":[{"@type":"SearchAction","target":{"@type":"EntryPoint","urlTemplate":"https:\/\/kirkensbymisjon.no\/tilbud-natteravnene\/?s={search_term_string}"},"query-input":{"@type":"PropertyValueSpecification","valueRequired":true,"valueName":"search_term_string"}}],"inLanguage":"nb-NO"}]}},"_links":{"self":[{"href":"https:\/\/kirkensbymisjon.no\/tilbud-natteravnene\/wp-json\/wp\/v2\/pages\/3","targetHints":{"allow":["GET"]}}],"collection":[{"href":"https:\/\/kirkensbymisjon.no\/tilbud-natteravnene\/wp-json\/wp\/v2\/pages"}],"about":[{"href":"https:\/\/kirkensbymisjon.no\/tilbud-natteravnene\/wp-json\/wp\/v2\/types\/page"}],"author":[{"embeddable":true,"href":"https:\/\/kirkensbymisjon.no\/tilbud-natteravnene\/wp-json\/wp\/v2\/users\/2"}],"replies":[{"embeddable":true,"href":"https:\/\/kirkensbymisjon.no\/tilbud-natteravnene\/wp-json\/wp\/v2\/comments?post=3"}],"version-history":[{"count":5,"href":"https:\/\/kirkensbymisjon.no\/tilbud-natteravnene\/wp-json\/wp\/v2\/pages\/3\/revisions"}],"predecessor-version":[{"id":100,"href":"https:\/\/kirkensbymisjon.no\/tilbud-natteravnene\/wp-json\/wp\/v2\/pages\/3\/revisions\/100"}],"wp:featuredmedia":[{"embeddable":true,"href":"https:\/\/kirkensbymisjon.no\/tilbud-natteravnene\/wp-json\/wp\/v2\/media\/5"}],"wp:attachment":[{"href":"https:\/\/kirkensbymisjon.no\/tilbud-natteravnene\/wp-json\/wp\/v2\/media?parent=3"}],"curies":[{"name":"wp","href":"https:\/\/api.w.org\/{rel}","templated":true}]}}