{"id":9,"date":"2024-07-24T12:39:54","date_gmt":"2024-07-24T10:39:54","guid":{"rendered":"https:\/\/kirkensbymisjon.no\/tilbud-robust\/?page_id=9"},"modified":"2024-08-14T12:01:32","modified_gmt":"2024-08-14T10:01:32","slug":"samtaletilbud","status":"publish","type":"page","link":"https:\/\/kirkensbymisjon.no\/tilbud-robust\/samtaletilbud\/","title":{"rendered":"Samtaletilbud"},"content":{"rendered":"\n<h2 class=\"wp-block-heading\" id=\"h-vart-samtaletilbud\">V\u00e5rt samtaletilbud<\/h2>\n\n\n\n<p>P\u00e5 Robust snakker vi med barn og ungdom enkeltvis, med foreldre\/foresatte alene eller med hele familien sammen. Samtalene v\u00e5re har vi i Robust sine lokaler i sentrum av Oslo. Du trenger ikke henvisning, du kan ta direkte kontakt, eller f\u00e5 hjelp av noen du stoler p\u00e5. Du kan komme alene, sammen med familien, med en venn, helses\u00f8ster, l\u00e6rer eller hvem du \u00f8nsker.<\/p>\n\n\n\n<h3 class=\"wp-block-heading\" id=\"h-vanlige-henvendelser\">Vanlige henvendelser<\/h3>\n\n\n\n<p>Det er mange ulike grunner til at barn og voksne kontakter oss. Her er noen eksempler:<\/p>\n\n\n\n<ul class=\"wp-block-list\">\n<li><strong>Fatima, 17 \u00e5r<\/strong>,\u00a0er i stor konflikt med sin familie. Faren liker ikke m\u00e5ten hun kler og sminker seg p\u00e5. Han synes at hun \u201dbyr seg fram\u201d, som vestlige jenter.<\/li>\n\n\n\n<li><strong>Lisbeth, 7 \u00e5r<\/strong>,\u00a0fortalte l\u00e6reren sin at mor hadde sl\u00e5tt henne flere ganger. L\u00e6reren ble bekymret og meldte bekymring til barnevernet.<\/li>\n\n\n\n<li><strong>Victor, 9 \u00e5r<\/strong>, er adoptert og har blitt mobbet helt siden 1.klasse. I f\u00f8lge han selv og moren har han f\u00e5tt mange \u00abstygge kommentarer\u00bb knyttet til hudfargen sin. I den siste tiden har Victor begynt \u00e5 \u00abta igjen\u00bb \u2013 noe som har resultert i stadige konflikter i skoleg\u00e5rden.<\/li>\n\n\n\n<li><strong>Robert, 15 \u00e5r<\/strong>,\u00a0sender en mail: \u201dMamma og pappa skilte seg for kanskje 3 \u00e5r siden. De krangler mye, og sier stygge ting om hverandre til meg og lilles\u00f8steren min. Jeg synes alt er blitt dumt og har ofte vondt i magen. Lilles\u00f8steren min har begynt \u00e5 skulke skolen. Hva skal jeg gj\u00f8re?\u201d<\/li>\n\n\n\n<li><strong>Hilde, 15 \u00e5r<\/strong>, kom ut av skapet som skeiv for et halvt \u00e5r siden, strever med egen kj\u00f8nnsidentitet, synes det er vanskelig \u00e5 snakke med foreldrene sine om dette, f\u00f8ler seg deprimert.<\/li>\n\n\n\n<li><strong>Pernilles<\/strong>\u00a0mamma\u00a0har psykiske problemer og et stort forbruk av piller og alkohol. Pernille har derfor det siste \u00e5ret flyttet for \u00e5 bo hos pappa. Pappa er usikker p\u00e5 seg sj\u00f8l i oppdragerrollen og trenger noen \u00e5 dr\u00f8fte vanskelige valg med.<\/li>\n\n\n\n<li><strong>Mor og far<\/strong>\u00a0hadde en dramatisk skilsmisse for noen \u00e5r siden og klarer ikke \u00e5 snakke sammen. Barna, som er \u201ddelt\u201d mellom foreldrene, tar ansvar s\u00e5 godt de kan. Joachim, eldste s\u00f8nnen, vil flytte til mor, men skj\u00f8nner ikke hvordan han skal f\u00e5 det til n\u00e5r far ikke vil.<\/li>\n\n\n\n<li><strong>Heidi, 20 \u00e5r<\/strong>, sliter fremdeles med \u00e5 klare 1. vgs, dette til tross for at hun fram til 10 klasse likte seg godt skolen og var en av de beste i klassen.<\/li>\n\n\n\n<li><strong>Ferdinand, 10 \u00e5r<\/strong>,\u00a0blir av foreldrene beskrevet som \u00abekstremt emosjonell\u00bb og han sliter med et \u00abekstremt sinne mot lekser\u00bb. P\u00e5 skolen og ellers f\u00f8ler han et stort ansvar for at andre skal ha det bra. Nylig har han hyperventilert p\u00e5 skolen og besvimt. Hjemme er det stadig konfliktfylt og foreldrene vet ikke hvordan de skal hjelpe ham.<\/li>\n<\/ul>\n\n\n\n<p>(Alle eksempler er anonymisert.)<\/p>\n","protected":false},"excerpt":{"rendered":"<p>V\u00e5rt samtaletilbud P\u00e5 Robust snakker vi med barn og ungdom enkeltvis, med foreldre\/foresatte alene eller&hellip;<\/p>\n","protected":false},"author":6,"featured_media":0,"parent":0,"menu_order":0,"comment_status":"closed","ping_status":"closed","template":"","meta":{"_relevanssi_hide_post":"","_relevanssi_hide_content":"","_relevanssi_pin_for_all":"","_relevanssi_pin_keywords":"","_relevanssi_unpin_keywords":"","_relevanssi_related_keywords":"","_relevanssi_related_include_ids":"","_relevanssi_related_exclude_ids":"","_relevanssi_related_no_append":"","_relevanssi_related_not_related":"","_relevanssi_related_posts":"1","_relevanssi_noindex_reason":"","editor_notices":[],"footnotes":""},"class_list":["post-9","page","type-page","status-publish","hentry"],"yoast_head":"<!-- This site is optimized with the Yoast SEO Premium plugin v27.2 (Yoast SEO v27.2) - https:\/\/yoast.com\/product\/yoast-seo-premium-wordpress\/ -->\n<title>Samtaletilbud - Robust<\/title>\n<meta name=\"robots\" content=\"index, follow, max-snippet:-1, max-image-preview:large, max-video-preview:-1\" \/>\n<link rel=\"canonical\" href=\"https:\/\/kirkensbymisjon.no\/tilbud-robust\/samtaletilbud\/\" \/>\n<meta property=\"og:locale\" content=\"nb_NO\" \/>\n<meta property=\"og:type\" content=\"article\" \/>\n<meta property=\"og:title\" content=\"Samtaletilbud\" \/>\n<meta property=\"og:description\" content=\"V\u00e5rt samtaletilbud P\u00e5 Robust snakker vi med barn og ungdom enkeltvis, med foreldre\/foresatte alene eller&hellip;\" \/>\n<meta property=\"og:url\" content=\"https:\/\/kirkensbymisjon.no\/tilbud-robust\/samtaletilbud\/\" \/>\n<meta property=\"og:site_name\" content=\"Robust\" \/>\n<meta property=\"article:modified_time\" content=\"2024-08-14T10:01:32+00:00\" \/>\n<meta name=\"twitter:card\" content=\"summary_large_image\" \/>\n<meta name=\"twitter:label1\" content=\"Ansl. lesetid\" \/>\n\t<meta name=\"twitter:data1\" content=\"3 minutter\" \/>\n<script type=\"application\/ld+json\" class=\"yoast-schema-graph\">{\"@context\":\"https:\/\/schema.org\",\"@graph\":[{\"@type\":\"WebPage\",\"@id\":\"https:\/\/kirkensbymisjon.no\/tilbud-robust\/samtaletilbud\/\",\"url\":\"https:\/\/kirkensbymisjon.no\/tilbud-robust\/samtaletilbud\/\",\"name\":\"Samtaletilbud - Robust\",\"isPartOf\":{\"@id\":\"https:\/\/kirkensbymisjon.no\/tilbud-robust\/#website\"},\"datePublished\":\"2024-07-24T10:39:54+00:00\",\"dateModified\":\"2024-08-14T10:01:32+00:00\",\"breadcrumb\":{\"@id\":\"https:\/\/kirkensbymisjon.no\/tilbud-robust\/samtaletilbud\/#breadcrumb\"},\"inLanguage\":\"nb-NO\",\"potentialAction\":[{\"@type\":\"ReadAction\",\"target\":[\"https:\/\/kirkensbymisjon.no\/tilbud-robust\/samtaletilbud\/\"]}]},{\"@type\":\"BreadcrumbList\",\"@id\":\"https:\/\/kirkensbymisjon.no\/tilbud-robust\/samtaletilbud\/#breadcrumb\",\"itemListElement\":[{\"@type\":\"ListItem\",\"position\":1,\"name\":\"Hjem\",\"item\":\"https:\/\/kirkensbymisjon.no\/tilbud-robust\/\"},{\"@type\":\"ListItem\",\"position\":2,\"name\":\"Samtaletilbud\"}]},{\"@type\":\"WebSite\",\"@id\":\"https:\/\/kirkensbymisjon.no\/tilbud-robust\/#website\",\"url\":\"https:\/\/kirkensbymisjon.no\/tilbud-robust\/\",\"name\":\"Robust\",\"description\":\"\",\"potentialAction\":[{\"@type\":\"SearchAction\",\"target\":{\"@type\":\"EntryPoint\",\"urlTemplate\":\"https:\/\/kirkensbymisjon.no\/tilbud-robust\/?s={search_term_string}\"},\"query-input\":{\"@type\":\"PropertyValueSpecification\",\"valueRequired\":true,\"valueName\":\"search_term_string\"}}],\"inLanguage\":\"nb-NO\"}]}<\/script>\n<!-- \/ Yoast SEO Premium plugin. -->","yoast_head_json":{"title":"Samtaletilbud - Robust","robots":{"index":"index","follow":"follow","max-snippet":"max-snippet:-1","max-image-preview":"max-image-preview:large","max-video-preview":"max-video-preview:-1"},"canonical":"https:\/\/kirkensbymisjon.no\/tilbud-robust\/samtaletilbud\/","og_locale":"nb_NO","og_type":"article","og_title":"Samtaletilbud","og_description":"V\u00e5rt samtaletilbud P\u00e5 Robust snakker vi med barn og ungdom enkeltvis, med foreldre\/foresatte alene eller&hellip;","og_url":"https:\/\/kirkensbymisjon.no\/tilbud-robust\/samtaletilbud\/","og_site_name":"Robust","article_modified_time":"2024-08-14T10:01:32+00:00","twitter_card":"summary_large_image","twitter_misc":{"Ansl. lesetid":"3 minutter"},"schema":{"@context":"https:\/\/schema.org","@graph":[{"@type":"WebPage","@id":"https:\/\/kirkensbymisjon.no\/tilbud-robust\/samtaletilbud\/","url":"https:\/\/kirkensbymisjon.no\/tilbud-robust\/samtaletilbud\/","name":"Samtaletilbud - Robust","isPartOf":{"@id":"https:\/\/kirkensbymisjon.no\/tilbud-robust\/#website"},"datePublished":"2024-07-24T10:39:54+00:00","dateModified":"2024-08-14T10:01:32+00:00","breadcrumb":{"@id":"https:\/\/kirkensbymisjon.no\/tilbud-robust\/samtaletilbud\/#breadcrumb"},"inLanguage":"nb-NO","potentialAction":[{"@type":"ReadAction","target":["https:\/\/kirkensbymisjon.no\/tilbud-robust\/samtaletilbud\/"]}]},{"@type":"BreadcrumbList","@id":"https:\/\/kirkensbymisjon.no\/tilbud-robust\/samtaletilbud\/#breadcrumb","itemListElement":[{"@type":"ListItem","position":1,"name":"Hjem","item":"https:\/\/kirkensbymisjon.no\/tilbud-robust\/"},{"@type":"ListItem","position":2,"name":"Samtaletilbud"}]},{"@type":"WebSite","@id":"https:\/\/kirkensbymisjon.no\/tilbud-robust\/#website","url":"https:\/\/kirkensbymisjon.no\/tilbud-robust\/","name":"Robust","description":"","potentialAction":[{"@type":"SearchAction","target":{"@type":"EntryPoint","urlTemplate":"https:\/\/kirkensbymisjon.no\/tilbud-robust\/?s={search_term_string}"},"query-input":{"@type":"PropertyValueSpecification","valueRequired":true,"valueName":"search_term_string"}}],"inLanguage":"nb-NO"}]}},"_links":{"self":[{"href":"https:\/\/kirkensbymisjon.no\/tilbud-robust\/wp-json\/wp\/v2\/pages\/9","targetHints":{"allow":["GET"]}}],"collection":[{"href":"https:\/\/kirkensbymisjon.no\/tilbud-robust\/wp-json\/wp\/v2\/pages"}],"about":[{"href":"https:\/\/kirkensbymisjon.no\/tilbud-robust\/wp-json\/wp\/v2\/types\/page"}],"author":[{"embeddable":true,"href":"https:\/\/kirkensbymisjon.no\/tilbud-robust\/wp-json\/wp\/v2\/users\/6"}],"replies":[{"embeddable":true,"href":"https:\/\/kirkensbymisjon.no\/tilbud-robust\/wp-json\/wp\/v2\/comments?post=9"}],"version-history":[{"count":2,"href":"https:\/\/kirkensbymisjon.no\/tilbud-robust\/wp-json\/wp\/v2\/pages\/9\/revisions"}],"predecessor-version":[{"id":63,"href":"https:\/\/kirkensbymisjon.no\/tilbud-robust\/wp-json\/wp\/v2\/pages\/9\/revisions\/63"}],"wp:attachment":[{"href":"https:\/\/kirkensbymisjon.no\/tilbud-robust\/wp-json\/wp\/v2\/media?parent=9"}],"curies":[{"name":"wp","href":"https:\/\/api.w.org\/{rel}","templated":true}]}}