{"id":97,"date":"2024-08-20T12:57:00","date_gmt":"2024-08-20T10:57:00","guid":{"rendered":"https:\/\/kirkensbymisjon.no\/tilbud-romano-kher\/?page_id=97"},"modified":"2025-08-20T17:21:06","modified_gmt":"2025-08-20T15:21:06","slug":"samarbeidspartnere","status":"publish","type":"page","link":"https:\/\/kirkensbymisjon.no\/tilbud-romano-kher\/samarbeidspartnere\/","title":{"rendered":"Samarbeidspartnere"},"content":{"rendered":"\n<h2 class=\"wp-block-heading\" id=\"h-nasjonale-samarbeidspartnere\">Nasjonale samarbeidspartnere<\/h2>\n\n\n\n<ul class=\"wp-block-list\">\n<li><u>Ressurssenter for norske romer<\/u><br>Telefon: 477 99 076<br>E-post: <a href=\"mailto:ressurssenteret@bymisjon.no\">ressurssenteret@bymisjon.no<\/a><br>Adresse: Skippergata 23, 0154 Oslo<\/li>\n\n\n\n<li><a href=\"https:\/\/www.regjeringen.no\/no\/dep\/kmd\/id504\/\" target=\"_blank\" rel=\"noreferrer noopener\">Kommunal- og distriktsdepartementet<\/a><\/li>\n\n\n\n<li><a href=\"https:\/\/spraksenteret.osloskolen.no\/om-skolen\/om-skolelostjenesten\/skolelostjenesten\/\" target=\"_blank\" rel=\"noreferrer noopener\">Skolelostjenesten<\/a><\/li>\n\n\n\n<li><a href=\"https:\/\/antirasistisk.no\/\" target=\"_blank\" rel=\"noreferrer noopener\">Antirasistisk senter<\/a><\/li>\n\n\n\n<li><a href=\"https:\/\/folkehjelp.no\/samfunnsengasjement\/likestilling\/diskrimineringshjelpen-og-meglingsbenken-dime\" target=\"_blank\" rel=\"noreferrer noopener\">DiMe (Diskrimineringshjelpen og Meglingsbenken)<\/a><\/li>\n\n\n\n<li><a href=\"https:\/\/www.ldo.no\/\" target=\"_blank\" rel=\"noreferrer noopener\">Likestillings- og diskrimineringsombudet<\/a><\/li>\n\n\n\n<li><a href=\"https:\/\/www.khm.uio.no\/besok-oss\/historisk-museum\/\" target=\"_blank\" rel=\"noreferrer noopener\">Historisk museum<\/a><\/li>\n\n\n\n<li><a href=\"https:\/\/www.hlsenteret.no\/\" target=\"_blank\" rel=\"noreferrer noopener\">Holocaustsentret<\/a><\/li>\n\n\n\n<li><a href=\"https:\/\/www.sprakradet.no\/\" target=\"_blank\" rel=\"noreferrer noopener\">Spr\u00e5kr\u00e5det<\/a><\/li>\n\n\n\n<li><a href=\"https:\/\/www.kulturdirektoratet.no\/\" target=\"_blank\" rel=\"noreferrer noopener\">Kulturdirektoratet<\/a><\/li>\n\n\n\n<li><u>Byarkiv, v\/Johanne Bergkvist<\/u><br><\/li>\n<\/ul>\n\n\n\n<h2 class=\"wp-block-heading\" id=\"h-internasjonale-samarbeidspartnere\">Internasjonale samarbeidspartnere<\/h2>\n\n\n\n<ul class=\"wp-block-list\">\n<li><a href=\"https:\/\/eriac.org\/\" target=\"_blank\" rel=\"noreferrer noopener\">European Roma Institute for Arts and Culture (ERIAC)<\/a><\/li>\n\n\n\n<li><a href=\"http:\/\/www.romea.cz\/\" target=\"_blank\" rel=\"noreferrer noopener\">ROMEA og ROMEA-TV, Praha<\/a><\/li>\n\n\n\n<li><a href=\"https:\/\/www.slovo21.cz\/\" target=\"_blank\" rel=\"noreferrer noopener\">SLOVO 21, Praha<\/a><\/li>\n\n\n\n<li><a href=\"https:\/\/www.sh.se\/\" target=\"_blank\" rel=\"noreferrer noopener\">Romska studier ved S\u00f6dert\u00f6rn H\u00f6gskola\/Universitet, S\u00f6dert\u00f6rn<\/a><\/li>\n\n\n\n<li><a href=\"https:\/\/malmo.se\/Romskt-informations--och-kunskapscenter-RIKC.html\" target=\"_blank\" rel=\"noreferrer noopener\">Romsk information- och kunskapsenter, Malm\u00f6<\/a><\/li>\n\n\n\n<li><a href=\"https:\/\/goteborg.se\/wps\/portal\/enhetssida\/romano-center\" target=\"_blank\" rel=\"noreferrer noopener\">Romano Center i V\u00e4st, G\u00f6teborg<\/a><\/li>\n\n\n\n<li><a href=\"https:\/\/2august.eu\/\" target=\"_blank\" rel=\"noreferrer noopener\">Dikh he na bister, Polen<\/a><\/li>\n<\/ul>\n","protected":false},"excerpt":{"rendered":"<p>Nasjonale samarbeidspartnere Internasjonale samarbeidspartnere<\/p>\n","protected":false},"author":4,"featured_media":0,"parent":0,"menu_order":0,"comment_status":"closed","ping_status":"closed","template":"","meta":{"_relevanssi_hide_post":"","_relevanssi_hide_content":"","_relevanssi_pin_for_all":"","_relevanssi_pin_keywords":"","_relevanssi_unpin_keywords":"","_relevanssi_related_keywords":"","_relevanssi_related_include_ids":"","_relevanssi_related_exclude_ids":"","_relevanssi_related_no_append":"","_relevanssi_related_not_related":"","_relevanssi_related_posts":"1","_relevanssi_noindex_reason":"","editor_notices":[],"footnotes":""},"class_list":["post-97","page","type-page","status-publish","hentry"],"yoast_head":"<!-- This site is optimized with the Yoast SEO Premium plugin v27.2 (Yoast SEO v27.2) - https:\/\/yoast.com\/product\/yoast-seo-premium-wordpress\/ -->\n<title>Samarbeidspartnere - Romano kher<\/title>\n<meta name=\"robots\" content=\"index, follow, max-snippet:-1, max-image-preview:large, max-video-preview:-1\" \/>\n<link rel=\"canonical\" href=\"https:\/\/kirkensbymisjon.no\/tilbud-romano-kher\/samarbeidspartnere\/\" \/>\n<meta property=\"og:locale\" content=\"nb_NO\" \/>\n<meta property=\"og:type\" content=\"article\" \/>\n<meta property=\"og:title\" content=\"Samarbeidspartnere\" \/>\n<meta property=\"og:description\" content=\"Nasjonale samarbeidspartnere Internasjonale samarbeidspartnere\" \/>\n<meta property=\"og:url\" content=\"https:\/\/kirkensbymisjon.no\/tilbud-romano-kher\/samarbeidspartnere\/\" \/>\n<meta property=\"og:site_name\" content=\"Romano kher\" \/>\n<meta property=\"article:modified_time\" content=\"2025-08-20T15:21:06+00:00\" \/>\n<meta name=\"twitter:card\" content=\"summary_large_image\" \/>\n<meta name=\"twitter:label1\" content=\"Ansl. lesetid\" \/>\n\t<meta name=\"twitter:data1\" content=\"1 minutt\" \/>\n<script type=\"application\/ld+json\" class=\"yoast-schema-graph\">{\"@context\":\"https:\/\/schema.org\",\"@graph\":[{\"@type\":\"WebPage\",\"@id\":\"https:\/\/kirkensbymisjon.no\/tilbud-romano-kher\/samarbeidspartnere\/\",\"url\":\"https:\/\/kirkensbymisjon.no\/tilbud-romano-kher\/samarbeidspartnere\/\",\"name\":\"Samarbeidspartnere - Romano kher\",\"isPartOf\":{\"@id\":\"https:\/\/kirkensbymisjon.no\/tilbud-romano-kher\/#website\"},\"datePublished\":\"2024-08-20T10:57:00+00:00\",\"dateModified\":\"2025-08-20T15:21:06+00:00\",\"breadcrumb\":{\"@id\":\"https:\/\/kirkensbymisjon.no\/tilbud-romano-kher\/samarbeidspartnere\/#breadcrumb\"},\"inLanguage\":\"nb-NO\",\"potentialAction\":[{\"@type\":\"ReadAction\",\"target\":[\"https:\/\/kirkensbymisjon.no\/tilbud-romano-kher\/samarbeidspartnere\/\"]}]},{\"@type\":\"BreadcrumbList\",\"@id\":\"https:\/\/kirkensbymisjon.no\/tilbud-romano-kher\/samarbeidspartnere\/#breadcrumb\",\"itemListElement\":[{\"@type\":\"ListItem\",\"position\":1,\"name\":\"Hjem\",\"item\":\"https:\/\/kirkensbymisjon.no\/tilbud-romano-kher\/\"},{\"@type\":\"ListItem\",\"position\":2,\"name\":\"Samarbeidspartnere\"}]},{\"@type\":\"WebSite\",\"@id\":\"https:\/\/kirkensbymisjon.no\/tilbud-romano-kher\/#website\",\"url\":\"https:\/\/kirkensbymisjon.no\/tilbud-romano-kher\/\",\"name\":\"Romano kher\",\"description\":\"\",\"potentialAction\":[{\"@type\":\"SearchAction\",\"target\":{\"@type\":\"EntryPoint\",\"urlTemplate\":\"https:\/\/kirkensbymisjon.no\/tilbud-romano-kher\/?s={search_term_string}\"},\"query-input\":{\"@type\":\"PropertyValueSpecification\",\"valueRequired\":true,\"valueName\":\"search_term_string\"}}],\"inLanguage\":\"nb-NO\"}]}<\/script>\n<!-- \/ Yoast SEO Premium plugin. -->","yoast_head_json":{"title":"Samarbeidspartnere - Romano kher","robots":{"index":"index","follow":"follow","max-snippet":"max-snippet:-1","max-image-preview":"max-image-preview:large","max-video-preview":"max-video-preview:-1"},"canonical":"https:\/\/kirkensbymisjon.no\/tilbud-romano-kher\/samarbeidspartnere\/","og_locale":"nb_NO","og_type":"article","og_title":"Samarbeidspartnere","og_description":"Nasjonale samarbeidspartnere Internasjonale samarbeidspartnere","og_url":"https:\/\/kirkensbymisjon.no\/tilbud-romano-kher\/samarbeidspartnere\/","og_site_name":"Romano kher","article_modified_time":"2025-08-20T15:21:06+00:00","twitter_card":"summary_large_image","twitter_misc":{"Ansl. lesetid":"1 minutt"},"schema":{"@context":"https:\/\/schema.org","@graph":[{"@type":"WebPage","@id":"https:\/\/kirkensbymisjon.no\/tilbud-romano-kher\/samarbeidspartnere\/","url":"https:\/\/kirkensbymisjon.no\/tilbud-romano-kher\/samarbeidspartnere\/","name":"Samarbeidspartnere - Romano kher","isPartOf":{"@id":"https:\/\/kirkensbymisjon.no\/tilbud-romano-kher\/#website"},"datePublished":"2024-08-20T10:57:00+00:00","dateModified":"2025-08-20T15:21:06+00:00","breadcrumb":{"@id":"https:\/\/kirkensbymisjon.no\/tilbud-romano-kher\/samarbeidspartnere\/#breadcrumb"},"inLanguage":"nb-NO","potentialAction":[{"@type":"ReadAction","target":["https:\/\/kirkensbymisjon.no\/tilbud-romano-kher\/samarbeidspartnere\/"]}]},{"@type":"BreadcrumbList","@id":"https:\/\/kirkensbymisjon.no\/tilbud-romano-kher\/samarbeidspartnere\/#breadcrumb","itemListElement":[{"@type":"ListItem","position":1,"name":"Hjem","item":"https:\/\/kirkensbymisjon.no\/tilbud-romano-kher\/"},{"@type":"ListItem","position":2,"name":"Samarbeidspartnere"}]},{"@type":"WebSite","@id":"https:\/\/kirkensbymisjon.no\/tilbud-romano-kher\/#website","url":"https:\/\/kirkensbymisjon.no\/tilbud-romano-kher\/","name":"Romano kher","description":"","potentialAction":[{"@type":"SearchAction","target":{"@type":"EntryPoint","urlTemplate":"https:\/\/kirkensbymisjon.no\/tilbud-romano-kher\/?s={search_term_string}"},"query-input":{"@type":"PropertyValueSpecification","valueRequired":true,"valueName":"search_term_string"}}],"inLanguage":"nb-NO"}]}},"_links":{"self":[{"href":"https:\/\/kirkensbymisjon.no\/tilbud-romano-kher\/wp-json\/wp\/v2\/pages\/97","targetHints":{"allow":["GET"]}}],"collection":[{"href":"https:\/\/kirkensbymisjon.no\/tilbud-romano-kher\/wp-json\/wp\/v2\/pages"}],"about":[{"href":"https:\/\/kirkensbymisjon.no\/tilbud-romano-kher\/wp-json\/wp\/v2\/types\/page"}],"author":[{"embeddable":true,"href":"https:\/\/kirkensbymisjon.no\/tilbud-romano-kher\/wp-json\/wp\/v2\/users\/4"}],"replies":[{"embeddable":true,"href":"https:\/\/kirkensbymisjon.no\/tilbud-romano-kher\/wp-json\/wp\/v2\/comments?post=97"}],"version-history":[{"count":5,"href":"https:\/\/kirkensbymisjon.no\/tilbud-romano-kher\/wp-json\/wp\/v2\/pages\/97\/revisions"}],"predecessor-version":[{"id":181,"href":"https:\/\/kirkensbymisjon.no\/tilbud-romano-kher\/wp-json\/wp\/v2\/pages\/97\/revisions\/181"}],"wp:attachment":[{"href":"https:\/\/kirkensbymisjon.no\/tilbud-romano-kher\/wp-json\/wp\/v2\/media?parent=97"}],"curies":[{"name":"wp","href":"https:\/\/api.w.org\/{rel}","templated":true}]}}