{"id":11,"date":"2024-07-24T12:50:37","date_gmt":"2024-07-24T10:50:37","guid":{"rendered":"https:\/\/kirkensbymisjon.no\/tilbud-tekstilinnsamling\/?page_id=11"},"modified":"2024-09-05T10:02:30","modified_gmt":"2024-09-05T08:02:30","slug":"bestill-innsamlingsboks","status":"publish","type":"page","link":"https:\/\/kirkensbymisjon.no\/tilbud-tekstilinnsamling\/bestill-innsamlingsboks\/","title":{"rendered":"Bestill innsamlingsboks"},"content":{"rendered":"\n<figure class=\"wp-block-image size-full\"><img loading=\"lazy\" decoding=\"async\" width=\"973\" height=\"715\" src=\"https:\/\/kirkensbymisjon.no\/content\/uploads\/sites\/115\/2024\/08\/Tilbud_Tekstilinnsamling_07.jpg\" alt=\"\" class=\"wp-image-37\" srcset=\"https:\/\/kirkensbymisjon.no\/content\/uploads\/sites\/115\/2024\/08\/Tilbud_Tekstilinnsamling_07.jpg 973w, https:\/\/kirkensbymisjon.no\/content\/uploads\/sites\/115\/2024\/08\/Tilbud_Tekstilinnsamling_07-300x220.jpg 300w, https:\/\/kirkensbymisjon.no\/content\/uploads\/sites\/115\/2024\/08\/Tilbud_Tekstilinnsamling_07-768x564.jpg 768w\" sizes=\"auto, (max-width: 973px) 100vw, 973px\" \/><\/figure>\n\n\n\n<h2 class=\"wp-block-heading\" id=\"h-slik-fungerer-det\">Slik fungerer det:<\/h2>\n\n\n\n<h4 class=\"wp-block-heading\" id=\"h-bestilling-av-innsamlingsboks\">Bestilling av innsamlingsboks<\/h4>\n\n\n\n<p>Du kontakter oss for \u00e5 bestille en innsamlingsboks via <a href=\"https:\/\/forms.office.com\/Pages\/ResponsePage.aspx?id=gi4gAoiyy0qLCn-EBKR82xBVkXZPsXtJrVgHnzosyMhUQzFQN1RENjIwTEdKRVQwODlYRk1NQTdUVS4u\">dette skjemaet<\/a>.<\/p>\n\n\n\n<h4 class=\"wp-block-heading\" id=\"h-plassering\">Plassering<\/h4>\n\n\n\n<p>Vi plasserer ut, og har det operative ansvaret for innsamlingsboksene, vi s\u00f8rger for t\u00f8mming og renhold av disse.<\/p>\n\n\n\n<h4 class=\"wp-block-heading\" id=\"h-vedlikehold\">Vedlikehold<\/h4>\n\n\n\n<p>Vi s\u00f8rger til enhver tid for at det ikke skjer tilgrising\/fors\u00f8pling p\u00e5 og rundt innsamlingsboksen.<\/p>\n\n\n\n<h4 class=\"wp-block-heading\" id=\"h-kostnader\">Kostnader<\/h4>\n\n\n\n<p>Vi st\u00e5r for alle kostnader i forbindelse med utplassering\/t\u00f8mming av innsamlingsboksene.<\/p>\n\n\n\n<h4 class=\"wp-block-heading\" id=\"h-tomming\">T\u00f8mming<\/h4>\n\n\n\n<p>Vi t\u00f8mmer boksene en gang i uken. Frekvensen for t\u00f8mming tilpasses etter avtale.<\/p>\n\n\n\n<h4 class=\"wp-block-heading\" id=\"h-fordeling-av-inntekter\">Fordeling av inntekter<\/h4>\n\n\n\n<p>Inntekten vi har fra tekstilinnsamlingen g\u00e5r tilbake til Kirkens Bymisjons arbeid og tiltak i n\u00e6romr\u00e5det.<\/p>\n","protected":false},"excerpt":{"rendered":"<p>Slik fungerer det: Bestilling av innsamlingsboks Du kontakter oss for \u00e5 bestille en innsamlingsboks via&hellip;<\/p>\n","protected":false},"author":6,"featured_media":0,"parent":0,"menu_order":0,"comment_status":"closed","ping_status":"closed","template":"","meta":{"_relevanssi_hide_post":"","_relevanssi_hide_content":"","_relevanssi_pin_for_all":"","_relevanssi_pin_keywords":"","_relevanssi_unpin_keywords":"","_relevanssi_related_keywords":"","_relevanssi_related_include_ids":"","_relevanssi_related_exclude_ids":"","_relevanssi_related_no_append":"","_relevanssi_related_not_related":"","_relevanssi_related_posts":"1","_relevanssi_noindex_reason":"","editor_notices":[],"footnotes":""},"class_list":["post-11","page","type-page","status-publish","hentry"],"yoast_head":"<!-- This site is optimized with the Yoast SEO Premium plugin v27.2 (Yoast SEO v27.4) - https:\/\/yoast.com\/product\/yoast-seo-premium-wordpress\/ -->\n<title>Bestill innsamlingsboks - Tekstilinnsamling<\/title>\n<meta name=\"robots\" content=\"index, follow, max-snippet:-1, max-image-preview:large, max-video-preview:-1\" \/>\n<link rel=\"canonical\" href=\"https:\/\/kirkensbymisjon.no\/tilbud-tekstilinnsamling\/bestill-innsamlingsboks\/\" \/>\n<meta property=\"og:locale\" content=\"nb_NO\" \/>\n<meta property=\"og:type\" content=\"article\" \/>\n<meta property=\"og:title\" content=\"Bestill innsamlingsboks\" \/>\n<meta property=\"og:description\" content=\"Slik fungerer det: Bestilling av innsamlingsboks Du kontakter oss for \u00e5 bestille en innsamlingsboks via&hellip;\" \/>\n<meta property=\"og:url\" content=\"https:\/\/kirkensbymisjon.no\/tilbud-tekstilinnsamling\/bestill-innsamlingsboks\/\" \/>\n<meta property=\"og:site_name\" content=\"Tekstilinnsamling\" \/>\n<meta property=\"article:modified_time\" content=\"2024-09-05T08:02:30+00:00\" \/>\n<meta property=\"og:image\" content=\"https:\/\/kirkensbymisjon.no\/content\/uploads\/sites\/115\/2024\/08\/Tilbud_Tekstilinnsamling_07.jpg\" \/>\n<meta name=\"twitter:card\" content=\"summary_large_image\" \/>\n<meta name=\"twitter:label1\" content=\"Ansl. lesetid\" \/>\n\t<meta name=\"twitter:data1\" content=\"1 minutt\" \/>\n<script type=\"application\/ld+json\" class=\"yoast-schema-graph\">{\"@context\":\"https:\\\/\\\/schema.org\",\"@graph\":[{\"@type\":\"WebPage\",\"@id\":\"https:\\\/\\\/kirkensbymisjon.no\\\/tilbud-tekstilinnsamling\\\/bestill-innsamlingsboks\\\/\",\"url\":\"https:\\\/\\\/kirkensbymisjon.no\\\/tilbud-tekstilinnsamling\\\/bestill-innsamlingsboks\\\/\",\"name\":\"Bestill innsamlingsboks - Tekstilinnsamling\",\"isPartOf\":{\"@id\":\"https:\\\/\\\/kirkensbymisjon.no\\\/tilbud-tekstilinnsamling\\\/#website\"},\"primaryImageOfPage\":{\"@id\":\"https:\\\/\\\/kirkensbymisjon.no\\\/tilbud-tekstilinnsamling\\\/bestill-innsamlingsboks\\\/#primaryimage\"},\"image\":{\"@id\":\"https:\\\/\\\/kirkensbymisjon.no\\\/tilbud-tekstilinnsamling\\\/bestill-innsamlingsboks\\\/#primaryimage\"},\"thumbnailUrl\":\"https:\\\/\\\/kirkensbymisjon.no\\\/content\\\/uploads\\\/sites\\\/115\\\/2024\\\/08\\\/Tilbud_Tekstilinnsamling_07.jpg\",\"datePublished\":\"2024-07-24T10:50:37+00:00\",\"dateModified\":\"2024-09-05T08:02:30+00:00\",\"breadcrumb\":{\"@id\":\"https:\\\/\\\/kirkensbymisjon.no\\\/tilbud-tekstilinnsamling\\\/bestill-innsamlingsboks\\\/#breadcrumb\"},\"inLanguage\":\"nb-NO\",\"potentialAction\":[{\"@type\":\"ReadAction\",\"target\":[\"https:\\\/\\\/kirkensbymisjon.no\\\/tilbud-tekstilinnsamling\\\/bestill-innsamlingsboks\\\/\"]}]},{\"@type\":\"ImageObject\",\"inLanguage\":\"nb-NO\",\"@id\":\"https:\\\/\\\/kirkensbymisjon.no\\\/tilbud-tekstilinnsamling\\\/bestill-innsamlingsboks\\\/#primaryimage\",\"url\":\"https:\\\/\\\/kirkensbymisjon.no\\\/content\\\/uploads\\\/sites\\\/115\\\/2024\\\/08\\\/Tilbud_Tekstilinnsamling_07.jpg\",\"contentUrl\":\"https:\\\/\\\/kirkensbymisjon.no\\\/content\\\/uploads\\\/sites\\\/115\\\/2024\\\/08\\\/Tilbud_Tekstilinnsamling_07.jpg\"},{\"@type\":\"BreadcrumbList\",\"@id\":\"https:\\\/\\\/kirkensbymisjon.no\\\/tilbud-tekstilinnsamling\\\/bestill-innsamlingsboks\\\/#breadcrumb\",\"itemListElement\":[{\"@type\":\"ListItem\",\"position\":1,\"name\":\"Hjem\",\"item\":\"https:\\\/\\\/kirkensbymisjon.no\\\/tilbud-tekstilinnsamling\\\/\"},{\"@type\":\"ListItem\",\"position\":2,\"name\":\"Bestill innsamlingsboks\"}]},{\"@type\":\"WebSite\",\"@id\":\"https:\\\/\\\/kirkensbymisjon.no\\\/tilbud-tekstilinnsamling\\\/#website\",\"url\":\"https:\\\/\\\/kirkensbymisjon.no\\\/tilbud-tekstilinnsamling\\\/\",\"name\":\"Tekstilinnsamling\",\"description\":\"\",\"potentialAction\":[{\"@type\":\"SearchAction\",\"target\":{\"@type\":\"EntryPoint\",\"urlTemplate\":\"https:\\\/\\\/kirkensbymisjon.no\\\/tilbud-tekstilinnsamling\\\/?s={search_term_string}\"},\"query-input\":{\"@type\":\"PropertyValueSpecification\",\"valueRequired\":true,\"valueName\":\"search_term_string\"}}],\"inLanguage\":\"nb-NO\"}]}<\/script>\n<!-- \/ Yoast SEO Premium plugin. -->","yoast_head_json":{"title":"Bestill innsamlingsboks - Tekstilinnsamling","robots":{"index":"index","follow":"follow","max-snippet":"max-snippet:-1","max-image-preview":"max-image-preview:large","max-video-preview":"max-video-preview:-1"},"canonical":"https:\/\/kirkensbymisjon.no\/tilbud-tekstilinnsamling\/bestill-innsamlingsboks\/","og_locale":"nb_NO","og_type":"article","og_title":"Bestill innsamlingsboks","og_description":"Slik fungerer det: Bestilling av innsamlingsboks Du kontakter oss for \u00e5 bestille en innsamlingsboks via&hellip;","og_url":"https:\/\/kirkensbymisjon.no\/tilbud-tekstilinnsamling\/bestill-innsamlingsboks\/","og_site_name":"Tekstilinnsamling","article_modified_time":"2024-09-05T08:02:30+00:00","og_image":[{"url":"https:\/\/kirkensbymisjon.no\/content\/uploads\/sites\/115\/2024\/08\/Tilbud_Tekstilinnsamling_07.jpg","type":"","width":"","height":""}],"twitter_card":"summary_large_image","twitter_misc":{"Ansl. lesetid":"1 minutt"},"schema":{"@context":"https:\/\/schema.org","@graph":[{"@type":"WebPage","@id":"https:\/\/kirkensbymisjon.no\/tilbud-tekstilinnsamling\/bestill-innsamlingsboks\/","url":"https:\/\/kirkensbymisjon.no\/tilbud-tekstilinnsamling\/bestill-innsamlingsboks\/","name":"Bestill innsamlingsboks - Tekstilinnsamling","isPartOf":{"@id":"https:\/\/kirkensbymisjon.no\/tilbud-tekstilinnsamling\/#website"},"primaryImageOfPage":{"@id":"https:\/\/kirkensbymisjon.no\/tilbud-tekstilinnsamling\/bestill-innsamlingsboks\/#primaryimage"},"image":{"@id":"https:\/\/kirkensbymisjon.no\/tilbud-tekstilinnsamling\/bestill-innsamlingsboks\/#primaryimage"},"thumbnailUrl":"https:\/\/kirkensbymisjon.no\/content\/uploads\/sites\/115\/2024\/08\/Tilbud_Tekstilinnsamling_07.jpg","datePublished":"2024-07-24T10:50:37+00:00","dateModified":"2024-09-05T08:02:30+00:00","breadcrumb":{"@id":"https:\/\/kirkensbymisjon.no\/tilbud-tekstilinnsamling\/bestill-innsamlingsboks\/#breadcrumb"},"inLanguage":"nb-NO","potentialAction":[{"@type":"ReadAction","target":["https:\/\/kirkensbymisjon.no\/tilbud-tekstilinnsamling\/bestill-innsamlingsboks\/"]}]},{"@type":"ImageObject","inLanguage":"nb-NO","@id":"https:\/\/kirkensbymisjon.no\/tilbud-tekstilinnsamling\/bestill-innsamlingsboks\/#primaryimage","url":"https:\/\/kirkensbymisjon.no\/content\/uploads\/sites\/115\/2024\/08\/Tilbud_Tekstilinnsamling_07.jpg","contentUrl":"https:\/\/kirkensbymisjon.no\/content\/uploads\/sites\/115\/2024\/08\/Tilbud_Tekstilinnsamling_07.jpg"},{"@type":"BreadcrumbList","@id":"https:\/\/kirkensbymisjon.no\/tilbud-tekstilinnsamling\/bestill-innsamlingsboks\/#breadcrumb","itemListElement":[{"@type":"ListItem","position":1,"name":"Hjem","item":"https:\/\/kirkensbymisjon.no\/tilbud-tekstilinnsamling\/"},{"@type":"ListItem","position":2,"name":"Bestill innsamlingsboks"}]},{"@type":"WebSite","@id":"https:\/\/kirkensbymisjon.no\/tilbud-tekstilinnsamling\/#website","url":"https:\/\/kirkensbymisjon.no\/tilbud-tekstilinnsamling\/","name":"Tekstilinnsamling","description":"","potentialAction":[{"@type":"SearchAction","target":{"@type":"EntryPoint","urlTemplate":"https:\/\/kirkensbymisjon.no\/tilbud-tekstilinnsamling\/?s={search_term_string}"},"query-input":{"@type":"PropertyValueSpecification","valueRequired":true,"valueName":"search_term_string"}}],"inLanguage":"nb-NO"}]}},"_links":{"self":[{"href":"https:\/\/kirkensbymisjon.no\/tilbud-tekstilinnsamling\/wp-json\/wp\/v2\/pages\/11","targetHints":{"allow":["GET"]}}],"collection":[{"href":"https:\/\/kirkensbymisjon.no\/tilbud-tekstilinnsamling\/wp-json\/wp\/v2\/pages"}],"about":[{"href":"https:\/\/kirkensbymisjon.no\/tilbud-tekstilinnsamling\/wp-json\/wp\/v2\/types\/page"}],"author":[{"embeddable":true,"href":"https:\/\/kirkensbymisjon.no\/tilbud-tekstilinnsamling\/wp-json\/wp\/v2\/users\/6"}],"replies":[{"embeddable":true,"href":"https:\/\/kirkensbymisjon.no\/tilbud-tekstilinnsamling\/wp-json\/wp\/v2\/comments?post=11"}],"version-history":[{"count":5,"href":"https:\/\/kirkensbymisjon.no\/tilbud-tekstilinnsamling\/wp-json\/wp\/v2\/pages\/11\/revisions"}],"predecessor-version":[{"id":136,"href":"https:\/\/kirkensbymisjon.no\/tilbud-tekstilinnsamling\/wp-json\/wp\/v2\/pages\/11\/revisions\/136"}],"wp:attachment":[{"href":"https:\/\/kirkensbymisjon.no\/tilbud-tekstilinnsamling\/wp-json\/wp\/v2\/media?parent=11"}],"curies":[{"name":"wp","href":"https:\/\/api.w.org\/{rel}","templated":true}]}}