{"id":147,"date":"2024-11-28T12:58:11","date_gmt":"2024-11-28T11:58:11","guid":{"rendered":"https:\/\/kirkensbymisjon.no\/tilbud-tekstilinnsamling\/?page_id=147"},"modified":"2024-12-04T10:56:09","modified_gmt":"2024-12-04T09:56:09","slug":"obos","status":"publish","type":"page","link":"https:\/\/kirkensbymisjon.no\/tilbud-tekstilinnsamling\/obos\/","title":{"rendered":"Tekstilinnsamling for OBOS"},"content":{"rendered":"\n<h2 class=\"wp-block-heading\" id=\"h-tekstilinnsamling-for-boligselskap-forvaltet-av-obos\"><strong>Tekstilinnsamling for boligselskap forvaltet av OBOS<\/strong><\/h2>\n\n\n\n<p><strong>Gir du kl\u00e6r, sko og tekstiler til Kirkens Bymisjon \u2013 gir du inntekter til v\u00e5rt arbeid med barn, unge og voksne med ulike utfordringer i livet!<\/strong> <\/p>\n\n\n\n<figure class=\"wp-block-image size-full\"><img loading=\"lazy\" decoding=\"async\" width=\"973\" height=\"647\" src=\"https:\/\/kirkensbymisjon.no\/content\/uploads\/sites\/115\/2024\/08\/Tilbud_Tekstilinnsamling_06.jpg\" alt=\"Ansatte i KB Milj\u00f8 AS foran innsamlingsboks.\" class=\"wp-image-36\" srcset=\"https:\/\/kirkensbymisjon.no\/content\/uploads\/sites\/115\/2024\/08\/Tilbud_Tekstilinnsamling_06.jpg 973w, https:\/\/kirkensbymisjon.no\/content\/uploads\/sites\/115\/2024\/08\/Tilbud_Tekstilinnsamling_06-300x199.jpg 300w, https:\/\/kirkensbymisjon.no\/content\/uploads\/sites\/115\/2024\/08\/Tilbud_Tekstilinnsamling_06-768x511.jpg 768w\" sizes=\"auto, (max-width: 973px) 100vw, 973px\" \/><\/figure>\n\n\n\n<p>I over ti \u00e5r har OBOS st\u00f8ttet Kirkens Bymisjons arbeid. Samarbeidet passer perfekt inn i boligbyggelagets visjon og samfunnsengasjement. Vi i KB Milj\u00f8 \u00f8nsker \u00e5 gj\u00f8re det enkelt for OBOS-beboerne \u00e5 gi fra seg t\u00f8y, sko og tekstiler som er hele og t\u00f8rre til gjenbruk. En bidrar da til b\u00e6rekraft p\u00e5 sitt beste:<\/p>\n\n\n\n<ul class=\"wp-block-list\">\n<li>Milj\u00f8messig b\u00e6rekraft i form av gjenbruk.<\/li>\n\n\n\n<li>Sosial b\u00e6rekraft i form av arbeidstreningsplasser hos Kirkens Bymisjon Milj\u00f8.<\/li>\n\n\n\n<li>\u00d8konomisk b\u00e6rekraft at du gir inntekter til v\u00e5rt arbeide med barn, unge og voksne med ulike utfordringer i livet i Norge.<\/li>\n<\/ul>\n\n\n\n<p><strong>Er dette noe for ditt nabolag?<\/strong><\/p>\n\n\n\n<p><a href=\"https:\/\/kirkensbymisjon.no\/tilbud-tekstilinnsamling\/bestill-innsamlingsboks\/\">Her kan du bestille en innsamlingsboks<\/a>&nbsp;til borettslaget som blir plassert ut hvor en enkelt kan gi fra seg tekstilene. M\u00e5let er et mer b\u00e6rekraftig samfunn.<\/p>\n","protected":false},"excerpt":{"rendered":"<p>Tekstilinnsamling for boligselskap forvaltet av OBOS Gir du kl\u00e6r, sko og tekstiler til Kirkens Bymisjon&hellip;<\/p>\n","protected":false},"author":4,"featured_media":0,"parent":0,"menu_order":0,"comment_status":"closed","ping_status":"closed","template":"","meta":{"_relevanssi_hide_post":"","_relevanssi_hide_content":"","_relevanssi_pin_for_all":"","_relevanssi_pin_keywords":"","_relevanssi_unpin_keywords":"","_relevanssi_related_keywords":"","_relevanssi_related_include_ids":"","_relevanssi_related_exclude_ids":"","_relevanssi_related_no_append":"","_relevanssi_related_not_related":"","_relevanssi_related_posts":"1","_relevanssi_noindex_reason":"","editor_notices":[],"footnotes":""},"class_list":["post-147","page","type-page","status-publish","hentry"],"yoast_head":"<!-- This site is optimized with the Yoast SEO Premium plugin v27.2 (Yoast SEO v27.2) - https:\/\/yoast.com\/product\/yoast-seo-premium-wordpress\/ -->\n<title>Tekstilinnsamling for OBOS - Tekstilinnsamling<\/title>\n<meta name=\"robots\" content=\"index, follow, max-snippet:-1, max-image-preview:large, max-video-preview:-1\" \/>\n<link rel=\"canonical\" href=\"https:\/\/kirkensbymisjon.no\/tilbud-tekstilinnsamling\/obos\/\" \/>\n<meta property=\"og:locale\" content=\"nb_NO\" \/>\n<meta property=\"og:type\" content=\"article\" \/>\n<meta property=\"og:title\" content=\"Tekstilinnsamling for OBOS\" \/>\n<meta property=\"og:description\" content=\"Tekstilinnsamling for boligselskap forvaltet av OBOS Gir du kl\u00e6r, sko og tekstiler til Kirkens Bymisjon&hellip;\" \/>\n<meta property=\"og:url\" content=\"https:\/\/kirkensbymisjon.no\/tilbud-tekstilinnsamling\/obos\/\" \/>\n<meta property=\"og:site_name\" content=\"Tekstilinnsamling\" \/>\n<meta property=\"article:modified_time\" content=\"2024-12-04T09:56:09+00:00\" \/>\n<meta property=\"og:image\" content=\"https:\/\/kirkensbymisjon.no\/content\/uploads\/sites\/115\/2024\/08\/Tilbud_Tekstilinnsamling_06.jpg\" \/>\n\t<meta property=\"og:image:width\" content=\"973\" \/>\n\t<meta property=\"og:image:height\" content=\"647\" \/>\n\t<meta property=\"og:image:type\" content=\"image\/jpeg\" \/>\n<meta name=\"twitter:card\" content=\"summary_large_image\" \/>\n<meta name=\"twitter:label1\" content=\"Ansl. lesetid\" \/>\n\t<meta name=\"twitter:data1\" content=\"2 minutter\" \/>\n<script type=\"application\/ld+json\" class=\"yoast-schema-graph\">{\"@context\":\"https:\/\/schema.org\",\"@graph\":[{\"@type\":\"WebPage\",\"@id\":\"https:\/\/kirkensbymisjon.no\/tilbud-tekstilinnsamling\/obos\/\",\"url\":\"https:\/\/kirkensbymisjon.no\/tilbud-tekstilinnsamling\/obos\/\",\"name\":\"Tekstilinnsamling for OBOS - Tekstilinnsamling\",\"isPartOf\":{\"@id\":\"https:\/\/kirkensbymisjon.no\/tilbud-tekstilinnsamling\/#website\"},\"primaryImageOfPage\":{\"@id\":\"https:\/\/kirkensbymisjon.no\/tilbud-tekstilinnsamling\/obos\/#primaryimage\"},\"image\":{\"@id\":\"https:\/\/kirkensbymisjon.no\/tilbud-tekstilinnsamling\/obos\/#primaryimage\"},\"thumbnailUrl\":\"https:\/\/kirkensbymisjon.no\/content\/uploads\/sites\/115\/2024\/08\/Tilbud_Tekstilinnsamling_06.jpg\",\"datePublished\":\"2024-11-28T11:58:11+00:00\",\"dateModified\":\"2024-12-04T09:56:09+00:00\",\"breadcrumb\":{\"@id\":\"https:\/\/kirkensbymisjon.no\/tilbud-tekstilinnsamling\/obos\/#breadcrumb\"},\"inLanguage\":\"nb-NO\",\"potentialAction\":[{\"@type\":\"ReadAction\",\"target\":[\"https:\/\/kirkensbymisjon.no\/tilbud-tekstilinnsamling\/obos\/\"]}]},{\"@type\":\"ImageObject\",\"inLanguage\":\"nb-NO\",\"@id\":\"https:\/\/kirkensbymisjon.no\/tilbud-tekstilinnsamling\/obos\/#primaryimage\",\"url\":\"https:\/\/kirkensbymisjon.no\/content\/uploads\/sites\/115\/2024\/08\/Tilbud_Tekstilinnsamling_06.jpg\",\"contentUrl\":\"https:\/\/kirkensbymisjon.no\/content\/uploads\/sites\/115\/2024\/08\/Tilbud_Tekstilinnsamling_06.jpg\"},{\"@type\":\"BreadcrumbList\",\"@id\":\"https:\/\/kirkensbymisjon.no\/tilbud-tekstilinnsamling\/obos\/#breadcrumb\",\"itemListElement\":[{\"@type\":\"ListItem\",\"position\":1,\"name\":\"Hjem\",\"item\":\"https:\/\/kirkensbymisjon.no\/tilbud-tekstilinnsamling\/\"},{\"@type\":\"ListItem\",\"position\":2,\"name\":\"Tekstilinnsamling for OBOS\"}]},{\"@type\":\"WebSite\",\"@id\":\"https:\/\/kirkensbymisjon.no\/tilbud-tekstilinnsamling\/#website\",\"url\":\"https:\/\/kirkensbymisjon.no\/tilbud-tekstilinnsamling\/\",\"name\":\"Tekstilinnsamling\",\"description\":\"\",\"potentialAction\":[{\"@type\":\"SearchAction\",\"target\":{\"@type\":\"EntryPoint\",\"urlTemplate\":\"https:\/\/kirkensbymisjon.no\/tilbud-tekstilinnsamling\/?s={search_term_string}\"},\"query-input\":{\"@type\":\"PropertyValueSpecification\",\"valueRequired\":true,\"valueName\":\"search_term_string\"}}],\"inLanguage\":\"nb-NO\"}]}<\/script>\n<!-- \/ Yoast SEO Premium plugin. -->","yoast_head_json":{"title":"Tekstilinnsamling for OBOS - Tekstilinnsamling","robots":{"index":"index","follow":"follow","max-snippet":"max-snippet:-1","max-image-preview":"max-image-preview:large","max-video-preview":"max-video-preview:-1"},"canonical":"https:\/\/kirkensbymisjon.no\/tilbud-tekstilinnsamling\/obos\/","og_locale":"nb_NO","og_type":"article","og_title":"Tekstilinnsamling for OBOS","og_description":"Tekstilinnsamling for boligselskap forvaltet av OBOS Gir du kl\u00e6r, sko og tekstiler til Kirkens Bymisjon&hellip;","og_url":"https:\/\/kirkensbymisjon.no\/tilbud-tekstilinnsamling\/obos\/","og_site_name":"Tekstilinnsamling","article_modified_time":"2024-12-04T09:56:09+00:00","og_image":[{"width":973,"height":647,"url":"https:\/\/kirkensbymisjon.no\/content\/uploads\/sites\/115\/2024\/08\/Tilbud_Tekstilinnsamling_06.jpg","type":"image\/jpeg"}],"twitter_card":"summary_large_image","twitter_misc":{"Ansl. lesetid":"2 minutter"},"schema":{"@context":"https:\/\/schema.org","@graph":[{"@type":"WebPage","@id":"https:\/\/kirkensbymisjon.no\/tilbud-tekstilinnsamling\/obos\/","url":"https:\/\/kirkensbymisjon.no\/tilbud-tekstilinnsamling\/obos\/","name":"Tekstilinnsamling for OBOS - Tekstilinnsamling","isPartOf":{"@id":"https:\/\/kirkensbymisjon.no\/tilbud-tekstilinnsamling\/#website"},"primaryImageOfPage":{"@id":"https:\/\/kirkensbymisjon.no\/tilbud-tekstilinnsamling\/obos\/#primaryimage"},"image":{"@id":"https:\/\/kirkensbymisjon.no\/tilbud-tekstilinnsamling\/obos\/#primaryimage"},"thumbnailUrl":"https:\/\/kirkensbymisjon.no\/content\/uploads\/sites\/115\/2024\/08\/Tilbud_Tekstilinnsamling_06.jpg","datePublished":"2024-11-28T11:58:11+00:00","dateModified":"2024-12-04T09:56:09+00:00","breadcrumb":{"@id":"https:\/\/kirkensbymisjon.no\/tilbud-tekstilinnsamling\/obos\/#breadcrumb"},"inLanguage":"nb-NO","potentialAction":[{"@type":"ReadAction","target":["https:\/\/kirkensbymisjon.no\/tilbud-tekstilinnsamling\/obos\/"]}]},{"@type":"ImageObject","inLanguage":"nb-NO","@id":"https:\/\/kirkensbymisjon.no\/tilbud-tekstilinnsamling\/obos\/#primaryimage","url":"https:\/\/kirkensbymisjon.no\/content\/uploads\/sites\/115\/2024\/08\/Tilbud_Tekstilinnsamling_06.jpg","contentUrl":"https:\/\/kirkensbymisjon.no\/content\/uploads\/sites\/115\/2024\/08\/Tilbud_Tekstilinnsamling_06.jpg"},{"@type":"BreadcrumbList","@id":"https:\/\/kirkensbymisjon.no\/tilbud-tekstilinnsamling\/obos\/#breadcrumb","itemListElement":[{"@type":"ListItem","position":1,"name":"Hjem","item":"https:\/\/kirkensbymisjon.no\/tilbud-tekstilinnsamling\/"},{"@type":"ListItem","position":2,"name":"Tekstilinnsamling for OBOS"}]},{"@type":"WebSite","@id":"https:\/\/kirkensbymisjon.no\/tilbud-tekstilinnsamling\/#website","url":"https:\/\/kirkensbymisjon.no\/tilbud-tekstilinnsamling\/","name":"Tekstilinnsamling","description":"","potentialAction":[{"@type":"SearchAction","target":{"@type":"EntryPoint","urlTemplate":"https:\/\/kirkensbymisjon.no\/tilbud-tekstilinnsamling\/?s={search_term_string}"},"query-input":{"@type":"PropertyValueSpecification","valueRequired":true,"valueName":"search_term_string"}}],"inLanguage":"nb-NO"}]}},"_links":{"self":[{"href":"https:\/\/kirkensbymisjon.no\/tilbud-tekstilinnsamling\/wp-json\/wp\/v2\/pages\/147","targetHints":{"allow":["GET"]}}],"collection":[{"href":"https:\/\/kirkensbymisjon.no\/tilbud-tekstilinnsamling\/wp-json\/wp\/v2\/pages"}],"about":[{"href":"https:\/\/kirkensbymisjon.no\/tilbud-tekstilinnsamling\/wp-json\/wp\/v2\/types\/page"}],"author":[{"embeddable":true,"href":"https:\/\/kirkensbymisjon.no\/tilbud-tekstilinnsamling\/wp-json\/wp\/v2\/users\/4"}],"replies":[{"embeddable":true,"href":"https:\/\/kirkensbymisjon.no\/tilbud-tekstilinnsamling\/wp-json\/wp\/v2\/comments?post=147"}],"version-history":[{"count":5,"href":"https:\/\/kirkensbymisjon.no\/tilbud-tekstilinnsamling\/wp-json\/wp\/v2\/pages\/147\/revisions"}],"predecessor-version":[{"id":159,"href":"https:\/\/kirkensbymisjon.no\/tilbud-tekstilinnsamling\/wp-json\/wp\/v2\/pages\/147\/revisions\/159"}],"wp:attachment":[{"href":"https:\/\/kirkensbymisjon.no\/tilbud-tekstilinnsamling\/wp-json\/wp\/v2\/media?parent=147"}],"curies":[{"name":"wp","href":"https:\/\/api.w.org\/{rel}","templated":true}]}}