{"id":15,"date":"2024-07-24T12:51:04","date_gmt":"2024-07-24T10:51:04","guid":{"rendered":"https:\/\/kirkensbymisjon.no\/tilbud-tekstilinnsamling\/?page_id=15"},"modified":"2024-10-21T14:52:37","modified_gmt":"2024-10-21T12:52:37","slug":"lever-toy-med-postnord","status":"publish","type":"page","link":"https:\/\/kirkensbymisjon.no\/tilbud-tekstilinnsamling\/lever-toy-med-postnord\/","title":{"rendered":"Lever t\u00f8y med PostNord"},"content":{"rendered":"\n<h2 class=\"wp-block-heading\" id=\"h-slik-donerer-du-toy-med-postnord\">Slik donerer du t\u00f8y med PostNord<\/h2>\n\n\n\n<p>Vi har inng\u00e5tt en avtale med PostNord for \u00e5 gj\u00f8re det enklere \u00e5 levere inn brukte tekstil til ombruk. Det betyr at du kan kvitte deg med tekstiler \u2013 og st\u00f8tte v\u00e5rt arbeid, uansett hvor du bor i landet.<\/p>\n\n\n\n<ul class=\"wp-block-list\">\n<li><strong>Pakk t\u00f8y i en lukket pose: <\/strong><a href=\"https:\/\/kirkensbymisjon.no\/tekstil\/lever-toy-med-postnord\/#\"><\/a>Legg det du \u00f8nsker \u00e5 gi bort i en valgfri pose du har hjemme, for eksempel en dagligvarepose.&nbsp;<em>Det kan v\u00e6re inntil 5 kilo t\u00f8y per pose<\/em>. Avfallssekker blir for eksempel for store.<\/li>\n\n\n\n<li><strong>Registrer innleveringen: <\/strong><a href=\"https:\/\/kirkensbymisjon.no\/tekstil\/lever-toy-med-postnord\/#\"><\/a>Registrer deg via skjemaet under bildet. Du f\u00e5r en referanse etter fullf\u00f8rt registrering. Denne noterer du deg og ved innlevering av posen p\u00e5 et av PostNord sine innleveringssteder \u2013 s\u00e5 opplyser du om referansen og f\u00e5r en etikett som skal festes p\u00e5 posen. Det koster 49 kroner per forsendelse.<\/li>\n\n\n\n<li><strong>Lever inn i en butikk: <\/strong><a href=\"https:\/\/kirkensbymisjon.no\/tekstil\/lever-toy-med-postnord\/#\"><\/a>Ta du med deg posen og leverer den p\u00e5 et av PostNords 1600 innleveringssteder i Norge. Klikk&nbsp;<a href=\"https:\/\/my.postnord.no\/service-points?context=privat\">her<\/a>&nbsp;og finn din n\u00e6rbutikk. Her plukkes posen opp og sendes til oss. Vi garanterer at kl\u00e6rne g\u00e5r til ombruk!<\/li>\n\n\n\n<li><strong>Vi mottar posen:<\/strong> <a href=\"https:\/\/kirkensbymisjon.no\/tekstil\/lever-toy-med-postnord\/#\"><\/a>PostNord plukker opp pakken og leverer den til oss.<\/li>\n<\/ul>\n\n\n\n<figure class=\"wp-block-image size-full\"><img loading=\"lazy\" decoding=\"async\" width=\"1162\" height=\"1062\" src=\"https:\/\/kirkensbymisjon.no\/content\/uploads\/sites\/115\/2024\/08\/Tilbud_Tekstilinnsamling_postnord.jpg\" alt=\"\" class=\"wp-image-41\" srcset=\"https:\/\/kirkensbymisjon.no\/content\/uploads\/sites\/115\/2024\/08\/Tilbud_Tekstilinnsamling_postnord.jpg 1162w, https:\/\/kirkensbymisjon.no\/content\/uploads\/sites\/115\/2024\/08\/Tilbud_Tekstilinnsamling_postnord-300x274.jpg 300w, https:\/\/kirkensbymisjon.no\/content\/uploads\/sites\/115\/2024\/08\/Tilbud_Tekstilinnsamling_postnord-1024x936.jpg 1024w, https:\/\/kirkensbymisjon.no\/content\/uploads\/sites\/115\/2024\/08\/Tilbud_Tekstilinnsamling_postnord-768x702.jpg 768w\" sizes=\"auto, (max-width: 1162px) 100vw, 1162px\" \/><\/figure>\n\n\n\t<div class=\"wp-block-kbm-postnord-widget\">\n\t\t<pn-booking-widget-v2 uri=\"https:\/\/widget.postnord.no\" token=\"986eef01-3816-4148-a6d2-4f767d347023\"><\/pn-booking-widget-v2>\n\t<\/div>\n\t","protected":false},"excerpt":{"rendered":"<p>Slik donerer du t\u00f8y med PostNord Vi har inng\u00e5tt en avtale med PostNord for \u00e5&hellip;<\/p>\n","protected":false},"author":6,"featured_media":0,"parent":0,"menu_order":0,"comment_status":"closed","ping_status":"closed","template":"","meta":{"_relevanssi_hide_post":"","_relevanssi_hide_content":"","_relevanssi_pin_for_all":"","_relevanssi_pin_keywords":"","_relevanssi_unpin_keywords":"","_relevanssi_related_keywords":"","_relevanssi_related_include_ids":"","_relevanssi_related_exclude_ids":"","_relevanssi_related_no_append":"","_relevanssi_related_not_related":"","_relevanssi_related_posts":"1","_relevanssi_noindex_reason":"","editor_notices":[],"footnotes":""},"class_list":["post-15","page","type-page","status-publish","hentry"],"yoast_head":"<!-- This site is optimized with the Yoast SEO Premium plugin v27.2 (Yoast SEO v27.4) - https:\/\/yoast.com\/product\/yoast-seo-premium-wordpress\/ -->\n<title>Lever t\u00f8y med PostNord - Tekstilinnsamling<\/title>\n<meta name=\"robots\" content=\"index, follow, max-snippet:-1, max-image-preview:large, max-video-preview:-1\" \/>\n<link rel=\"canonical\" href=\"https:\/\/kirkensbymisjon.no\/tilbud-tekstilinnsamling\/lever-toy-med-postnord\/\" \/>\n<meta property=\"og:locale\" content=\"nb_NO\" \/>\n<meta property=\"og:type\" content=\"article\" \/>\n<meta property=\"og:title\" content=\"Lever t\u00f8y med PostNord\" \/>\n<meta property=\"og:description\" content=\"Slik donerer du t\u00f8y med PostNord Vi har inng\u00e5tt en avtale med PostNord for \u00e5&hellip;\" \/>\n<meta property=\"og:url\" content=\"https:\/\/kirkensbymisjon.no\/tilbud-tekstilinnsamling\/lever-toy-med-postnord\/\" \/>\n<meta property=\"og:site_name\" content=\"Tekstilinnsamling\" \/>\n<meta property=\"article:modified_time\" content=\"2024-10-21T12:52:37+00:00\" \/>\n<meta property=\"og:image\" content=\"https:\/\/kirkensbymisjon.no\/content\/uploads\/sites\/115\/2024\/08\/Tilbud_Tekstilinnsamling_postnord.jpg\" \/>\n<meta name=\"twitter:card\" content=\"summary_large_image\" \/>\n<meta name=\"twitter:label1\" content=\"Ansl. lesetid\" \/>\n\t<meta name=\"twitter:data1\" content=\"2 minutter\" \/>\n<script type=\"application\/ld+json\" class=\"yoast-schema-graph\">{\"@context\":\"https:\\\/\\\/schema.org\",\"@graph\":[{\"@type\":\"WebPage\",\"@id\":\"https:\\\/\\\/kirkensbymisjon.no\\\/tilbud-tekstilinnsamling\\\/lever-toy-med-postnord\\\/\",\"url\":\"https:\\\/\\\/kirkensbymisjon.no\\\/tilbud-tekstilinnsamling\\\/lever-toy-med-postnord\\\/\",\"name\":\"Lever t\u00f8y med PostNord - Tekstilinnsamling\",\"isPartOf\":{\"@id\":\"https:\\\/\\\/kirkensbymisjon.no\\\/tilbud-tekstilinnsamling\\\/#website\"},\"primaryImageOfPage\":{\"@id\":\"https:\\\/\\\/kirkensbymisjon.no\\\/tilbud-tekstilinnsamling\\\/lever-toy-med-postnord\\\/#primaryimage\"},\"image\":{\"@id\":\"https:\\\/\\\/kirkensbymisjon.no\\\/tilbud-tekstilinnsamling\\\/lever-toy-med-postnord\\\/#primaryimage\"},\"thumbnailUrl\":\"https:\\\/\\\/kirkensbymisjon.no\\\/content\\\/uploads\\\/sites\\\/115\\\/2024\\\/08\\\/Tilbud_Tekstilinnsamling_postnord.jpg\",\"datePublished\":\"2024-07-24T10:51:04+00:00\",\"dateModified\":\"2024-10-21T12:52:37+00:00\",\"breadcrumb\":{\"@id\":\"https:\\\/\\\/kirkensbymisjon.no\\\/tilbud-tekstilinnsamling\\\/lever-toy-med-postnord\\\/#breadcrumb\"},\"inLanguage\":\"nb-NO\",\"potentialAction\":[{\"@type\":\"ReadAction\",\"target\":[\"https:\\\/\\\/kirkensbymisjon.no\\\/tilbud-tekstilinnsamling\\\/lever-toy-med-postnord\\\/\"]}]},{\"@type\":\"ImageObject\",\"inLanguage\":\"nb-NO\",\"@id\":\"https:\\\/\\\/kirkensbymisjon.no\\\/tilbud-tekstilinnsamling\\\/lever-toy-med-postnord\\\/#primaryimage\",\"url\":\"https:\\\/\\\/kirkensbymisjon.no\\\/content\\\/uploads\\\/sites\\\/115\\\/2024\\\/08\\\/Tilbud_Tekstilinnsamling_postnord.jpg\",\"contentUrl\":\"https:\\\/\\\/kirkensbymisjon.no\\\/content\\\/uploads\\\/sites\\\/115\\\/2024\\\/08\\\/Tilbud_Tekstilinnsamling_postnord.jpg\"},{\"@type\":\"BreadcrumbList\",\"@id\":\"https:\\\/\\\/kirkensbymisjon.no\\\/tilbud-tekstilinnsamling\\\/lever-toy-med-postnord\\\/#breadcrumb\",\"itemListElement\":[{\"@type\":\"ListItem\",\"position\":1,\"name\":\"Hjem\",\"item\":\"https:\\\/\\\/kirkensbymisjon.no\\\/tilbud-tekstilinnsamling\\\/\"},{\"@type\":\"ListItem\",\"position\":2,\"name\":\"Lever t\u00f8y med PostNord\"}]},{\"@type\":\"WebSite\",\"@id\":\"https:\\\/\\\/kirkensbymisjon.no\\\/tilbud-tekstilinnsamling\\\/#website\",\"url\":\"https:\\\/\\\/kirkensbymisjon.no\\\/tilbud-tekstilinnsamling\\\/\",\"name\":\"Tekstilinnsamling\",\"description\":\"\",\"potentialAction\":[{\"@type\":\"SearchAction\",\"target\":{\"@type\":\"EntryPoint\",\"urlTemplate\":\"https:\\\/\\\/kirkensbymisjon.no\\\/tilbud-tekstilinnsamling\\\/?s={search_term_string}\"},\"query-input\":{\"@type\":\"PropertyValueSpecification\",\"valueRequired\":true,\"valueName\":\"search_term_string\"}}],\"inLanguage\":\"nb-NO\"}]}<\/script>\n<!-- \/ Yoast SEO Premium plugin. -->","yoast_head_json":{"title":"Lever t\u00f8y med PostNord - Tekstilinnsamling","robots":{"index":"index","follow":"follow","max-snippet":"max-snippet:-1","max-image-preview":"max-image-preview:large","max-video-preview":"max-video-preview:-1"},"canonical":"https:\/\/kirkensbymisjon.no\/tilbud-tekstilinnsamling\/lever-toy-med-postnord\/","og_locale":"nb_NO","og_type":"article","og_title":"Lever t\u00f8y med PostNord","og_description":"Slik donerer du t\u00f8y med PostNord Vi har inng\u00e5tt en avtale med PostNord for \u00e5&hellip;","og_url":"https:\/\/kirkensbymisjon.no\/tilbud-tekstilinnsamling\/lever-toy-med-postnord\/","og_site_name":"Tekstilinnsamling","article_modified_time":"2024-10-21T12:52:37+00:00","og_image":[{"url":"https:\/\/kirkensbymisjon.no\/content\/uploads\/sites\/115\/2024\/08\/Tilbud_Tekstilinnsamling_postnord.jpg","type":"","width":"","height":""}],"twitter_card":"summary_large_image","twitter_misc":{"Ansl. lesetid":"2 minutter"},"schema":{"@context":"https:\/\/schema.org","@graph":[{"@type":"WebPage","@id":"https:\/\/kirkensbymisjon.no\/tilbud-tekstilinnsamling\/lever-toy-med-postnord\/","url":"https:\/\/kirkensbymisjon.no\/tilbud-tekstilinnsamling\/lever-toy-med-postnord\/","name":"Lever t\u00f8y med PostNord - Tekstilinnsamling","isPartOf":{"@id":"https:\/\/kirkensbymisjon.no\/tilbud-tekstilinnsamling\/#website"},"primaryImageOfPage":{"@id":"https:\/\/kirkensbymisjon.no\/tilbud-tekstilinnsamling\/lever-toy-med-postnord\/#primaryimage"},"image":{"@id":"https:\/\/kirkensbymisjon.no\/tilbud-tekstilinnsamling\/lever-toy-med-postnord\/#primaryimage"},"thumbnailUrl":"https:\/\/kirkensbymisjon.no\/content\/uploads\/sites\/115\/2024\/08\/Tilbud_Tekstilinnsamling_postnord.jpg","datePublished":"2024-07-24T10:51:04+00:00","dateModified":"2024-10-21T12:52:37+00:00","breadcrumb":{"@id":"https:\/\/kirkensbymisjon.no\/tilbud-tekstilinnsamling\/lever-toy-med-postnord\/#breadcrumb"},"inLanguage":"nb-NO","potentialAction":[{"@type":"ReadAction","target":["https:\/\/kirkensbymisjon.no\/tilbud-tekstilinnsamling\/lever-toy-med-postnord\/"]}]},{"@type":"ImageObject","inLanguage":"nb-NO","@id":"https:\/\/kirkensbymisjon.no\/tilbud-tekstilinnsamling\/lever-toy-med-postnord\/#primaryimage","url":"https:\/\/kirkensbymisjon.no\/content\/uploads\/sites\/115\/2024\/08\/Tilbud_Tekstilinnsamling_postnord.jpg","contentUrl":"https:\/\/kirkensbymisjon.no\/content\/uploads\/sites\/115\/2024\/08\/Tilbud_Tekstilinnsamling_postnord.jpg"},{"@type":"BreadcrumbList","@id":"https:\/\/kirkensbymisjon.no\/tilbud-tekstilinnsamling\/lever-toy-med-postnord\/#breadcrumb","itemListElement":[{"@type":"ListItem","position":1,"name":"Hjem","item":"https:\/\/kirkensbymisjon.no\/tilbud-tekstilinnsamling\/"},{"@type":"ListItem","position":2,"name":"Lever t\u00f8y med PostNord"}]},{"@type":"WebSite","@id":"https:\/\/kirkensbymisjon.no\/tilbud-tekstilinnsamling\/#website","url":"https:\/\/kirkensbymisjon.no\/tilbud-tekstilinnsamling\/","name":"Tekstilinnsamling","description":"","potentialAction":[{"@type":"SearchAction","target":{"@type":"EntryPoint","urlTemplate":"https:\/\/kirkensbymisjon.no\/tilbud-tekstilinnsamling\/?s={search_term_string}"},"query-input":{"@type":"PropertyValueSpecification","valueRequired":true,"valueName":"search_term_string"}}],"inLanguage":"nb-NO"}]}},"_links":{"self":[{"href":"https:\/\/kirkensbymisjon.no\/tilbud-tekstilinnsamling\/wp-json\/wp\/v2\/pages\/15","targetHints":{"allow":["GET"]}}],"collection":[{"href":"https:\/\/kirkensbymisjon.no\/tilbud-tekstilinnsamling\/wp-json\/wp\/v2\/pages"}],"about":[{"href":"https:\/\/kirkensbymisjon.no\/tilbud-tekstilinnsamling\/wp-json\/wp\/v2\/types\/page"}],"author":[{"embeddable":true,"href":"https:\/\/kirkensbymisjon.no\/tilbud-tekstilinnsamling\/wp-json\/wp\/v2\/users\/6"}],"replies":[{"embeddable":true,"href":"https:\/\/kirkensbymisjon.no\/tilbud-tekstilinnsamling\/wp-json\/wp\/v2\/comments?post=15"}],"version-history":[{"count":5,"href":"https:\/\/kirkensbymisjon.no\/tilbud-tekstilinnsamling\/wp-json\/wp\/v2\/pages\/15\/revisions"}],"predecessor-version":[{"id":146,"href":"https:\/\/kirkensbymisjon.no\/tilbud-tekstilinnsamling\/wp-json\/wp\/v2\/pages\/15\/revisions\/146"}],"wp:attachment":[{"href":"https:\/\/kirkensbymisjon.no\/tilbud-tekstilinnsamling\/wp-json\/wp\/v2\/media?parent=15"}],"curies":[{"name":"wp","href":"https:\/\/api.w.org\/{rel}","templated":true}]}}