{"id":3,"date":"2024-06-27T08:30:48","date_gmt":"2024-06-27T06:30:48","guid":{"rendered":"https:\/\/kirkensbymisjon.no\/tilbud-tekstilinnsamling\/forside\/"},"modified":"2025-02-12T13:22:37","modified_gmt":"2025-02-12T12:22:37","slug":"forside","status":"publish","type":"page","link":"https:\/\/kirkensbymisjon.no\/tilbud-tekstilinnsamling\/","title":{"rendered":"Forside"},"content":{"rendered":"\n<div class=\"wp-block-media-text alignwide is-stacked-on-mobile is-style-filled\"><figure class=\"wp-block-media-text__media\"><img loading=\"lazy\" decoding=\"async\" width=\"973\" height=\"647\" src=\"https:\/\/kirkensbymisjon.no\/content\/uploads\/sites\/115\/2024\/08\/Tilbud_Tekstilinnsamling_06.jpg\" alt=\"\" class=\"wp-image-36 size-full\" srcset=\"https:\/\/kirkensbymisjon.no\/content\/uploads\/sites\/115\/2024\/08\/Tilbud_Tekstilinnsamling_06.jpg 973w, https:\/\/kirkensbymisjon.no\/content\/uploads\/sites\/115\/2024\/08\/Tilbud_Tekstilinnsamling_06-300x199.jpg 300w, https:\/\/kirkensbymisjon.no\/content\/uploads\/sites\/115\/2024\/08\/Tilbud_Tekstilinnsamling_06-768x511.jpg 768w\" sizes=\"auto, (max-width: 973px) 100vw, 973px\" \/><\/figure><div class=\"wp-block-media-text__content\">\n<h2 class=\"wp-block-heading\" id=\"h-godt-for-miljo-og-mennesker\">Godt for milj\u00f8 og mennesker<\/h2>\n\n\n\n<p>Ved \u00e5 gi kl\u00e6r til gjenbruk st\u00f8tter du v\u00e5re b\u00e6rekraftige tilbud, og bidrar til \u00e5 skape arbeidsplasser til mennesker som av ulike grunner faller utenfor det ordin\u00e6re arbeidsmarkedet. <\/p>\n\n\n\n<div class=\"wp-block-button\"><a class=\"wp-block-button__link wp-element-button\" href=\"\/tilbud-tekstilinnsamling\/gi-til-oss\">Slik kan du bidra<\/a><\/div>\n<\/div><\/div>\n\n\n\t<div class=\"alignwide wp-block-kbm-link-list\">\n\t\t<div class=\"kbm-link-list__items\">\n\t\t\t\n<div class=\"wp-block-kbm-link-list-item\">\t<svg xmlns=\"http:\/\/www.w3.org\/2000\/svg\" viewBox=\"0 0 48 48\" height=\"24\" width=\"24\" class=\"t2-icon t2-icon-economy\" aria-hidden=\"true\" focusable=\"false\"><path d=\"M30.6 5.09c-4.131.417-7.337 1.601-8.939 3.3-.286.303-.624.763-.751 1.021-.226.461-.23.493-.23 1.829 0 1.336.004 1.368.23 1.829.947 1.93 4.038 3.489 8.222 4.145 1.012.159 1.447.18 3.668.18s2.656-.021 3.668-.18c4.184-.656 7.273-2.214 8.221-4.144.227-.462.231-.493.231-1.83 0-1.337-.004-1.368-.231-1.83-.761-1.551-2.984-2.916-6.008-3.691-1.891-.485-2.998-.613-5.521-.639-1.232-.012-2.384-.008-2.56.01m-17.8 9.562c-4.615.424-8.445 2.152-9.491 4.281-.226.46-.229.488-.229 1.867v1.4l.262.501c1.501 2.875 7.616 4.748 13.906 4.259.568-.044 1.113-.099 1.212-.122l.18-.041V14.803l-.18-.041c-.823-.19-4.1-.254-5.66-.11m7.924 1.532c-.061.221-.087.773-.07 1.54.025 1.128.039 1.223.255 1.663.981 1.997 4.241 3.567 8.691 4.185 1.264.176 4.822.201 6.08.042 4.645-.585 8.037-2.202 9.018-4.301.202-.433.223-.568.249-1.598.025-1.047-.062-1.795-.21-1.795-.031 0-.156.156-.276.347-.874 1.384-3.28 2.713-6.101 3.371-1.822.425-3.453.602-5.555.602-4.137 0-7.695-.863-10.095-2.448-.565-.374-1.503-1.313-1.709-1.71-.069-.133-.138-.242-.153-.242-.015 0-.071.155-.124.344m0 6.276c-.046.165-.082.804-.082 1.42.002.994.023 1.172.192 1.582 1.37 3.333 8.624 5.334 15.686 4.327 1.755-.25 3.923-.895 5.28-1.569 1.292-.643 2.4-1.624 2.852-2.527.255-.511.267-.577.295-1.613.028-1.01-.074-1.92-.215-1.92-.03 0-.127.134-.214.298-.217.409-1.016 1.205-1.615 1.609-1.637 1.104-4.152 1.927-7.036 2.304-1.282.167-4.467.19-5.787.042-4.207-.473-7.69-1.965-8.923-3.823-.157-.236-.3-.43-.318-.43-.017 0-.069.135-.115.3M3.116 25.775c-.054.201-.079.798-.063 1.5.025 1.094.041 1.194.258 1.635 1.056 2.151 4.802 3.842 9.509 4.294 1.003.096 4.749.06 5.44-.053l.3-.049v-1.751c0-.963-.027-1.75-.06-1.75a49.45 49.45 0 0 0-.82.083c-1.182.128-4.038.104-5.32-.043-2.14-.246-4.312-.807-5.824-1.506-1.306-.604-2.659-1.667-3.055-2.402-.086-.161-.184-.293-.216-.293s-.099.151-.149.335m17.601 3.354c-.052.195-.078.809-.063 1.503.025 1.143.033 1.186.292 1.711 1.002 2.034 4.51 3.66 9.014 4.178 1.489.172 4.202.171 5.677-.001 3.051-.356 5.718-1.225 7.367-2.4.669-.477 1.415-1.297 1.685-1.853.207-.428.229-.558.257-1.547.029-1.007-.073-1.929-.212-1.914-.03.003-.2.228-.378.5-.916 1.398-3.542 2.754-6.516 3.364-1.807.37-2.922.475-5.04.475-2.112 0-3.236-.105-5.016-.471-3.088-.633-5.641-1.958-6.621-3.435-.16-.241-.306-.439-.324-.439-.018 0-.073.148-.122.329M3.123 32.03c-.064.23-.088.758-.069 1.54.029 1.168.035 1.2.298 1.71 1.125 2.178 4.969 3.841 9.816 4.247 1.256.105 3.802.06 5.042-.09l.811-.097-.151-.428c-.201-.574-.306-1.35-.308-2.279l-.002-.767-.5.082c-.275.045-1.58.082-2.9.083-2.082.001-2.549-.022-3.52-.174-4.023-.63-6.987-2.012-8.127-3.788-.137-.214-.259-.389-.271-.389-.012 0-.065.157-.119.35m17.606 3.339c-.067.238-.092.763-.075 1.555.024 1.123.04 1.224.252 1.656 1.043 2.124 4.68 3.782 9.357 4.266 1.547.16 4.427.119 5.897-.085 4.266-.589 7.572-2.213 8.501-4.173.248-.525.26-.595.285-1.678.024-1.049-.063-1.79-.209-1.79-.031 0-.157.159-.28.353-.332.526-1.226 1.33-1.985 1.785-1.581.948-3.544 1.577-6.232 1.998-1.329.208-5.551.208-6.88 0-4.359-.682-7.268-2.094-8.445-4.1-.074-.126-.1-.096-.186.213\"\/><\/svg>\t<div class=\"kbm-link-list-item__content\">\n\t\t<p class=\"kbm-link-list-item__title\">St\u00f8tter opp under lokalt arbeid<\/p>\n\t\t\t\t\t<p class=\"kbm-link-list-item__description\">Tekstilinnsamlingen skaper inntekter til Kirkens Bymisjons lokale tilbud over hele landet. Denne st\u00f8tten kan bidra til \u00e5 finansiere, opprettholde og utvikle lokale tjenester. \u00d8kte ressurser gj\u00f8r det ogs\u00e5 mulig \u00e5 engasjere flere mennesker og \u00f8ke bevisstheten om b\u00e6rekraft og forbedre avfallh\u00e5ndtering i n\u00e6romr\u00e5dene.<\/p>\n\t\t\t<\/div>\n\t<\/div>\n\n<div class=\"wp-block-kbm-link-list-item\">\t<svg xmlns=\"http:\/\/www.w3.org\/2000\/svg\" viewBox=\"0 0 48 48\" height=\"24\" width=\"24\" class=\"t2-icon t2-icon-eco\" aria-hidden=\"true\" focusable=\"false\"><path d=\"M35.08 6.091c-2.869.362-5.372 1.869-6.939 4.177-.789 1.162-1.373 2.843-1.325 3.811l.024.474.48-.306c3.121-1.986 7.201-3.356 12.16-4.082.616-.09 1.246-.159 1.4-.153.267.011.269.013.04.044-.132.018-.87.158-1.64.31-4.457.885-7.798 2.205-10.128 4.004-1.139.879-1.754 1.674-2.518 3.258-.831 1.723-1.141 2.909-1.873 7.172-.349 2.031-.698 3.68-.779 3.68-.034 0-.062-.031-.062-.07 0-.038-.088-.497-.197-1.02-.108-.522-.324-1.677-.481-2.565-.346-1.963-.581-2.802-1.05-3.745-1.562-3.139-4.348-5.186-9.312-6.843-1.801-.602-4.247-1.213-6.16-1.541-.559-.096.403-.044 1.293.07 4.833.618 9.276 2.043 12.426 3.987.69.426.721.437.782.273.081-.22-.066-1.297-.264-1.933A8.677 8.677 0 0 0 20.5 14c-1.268-2.508-3.46-4.254-6.248-4.976-.786-.204-1.133-.248-2.212-.283-2.049-.064-3.777.265-6.6 1.259-3.312 1.166-3.896 1.34-4.981 1.481l-.382.049.416.313c.873.655 1.813 1.532 3.325 3.102 2.317 2.404 3.555 3.375 5.729 4.496 1.644.847 3.154 1.397 4.373 1.594.743.12 2.106.102 2.758-.036.648-.137 1.576-.558 2.137-.97.216-.158.405-.275.419-.259.015.017.191.336.392.71.694 1.293 1.51 3.505 1.974 5.35.36 1.429.867 4.29.777 4.38-.019.019-.356.086-.748.15-1.559.252-3.036.812-4.522 1.715-2.588 1.573-4.68 4.003-5.495 6.383-.197.577-.412 1.732-.412 2.218 0 .99.696 1.825 2.087 2.504 1.61.786 3.439 1.244 6.368 1.595 1.707.204 6.983.204 8.69 0 3.907-.468 6.492-1.304 7.695-2.488.753-.743.88-1.259.643-2.617-.222-1.267-.711-2.409-1.589-3.71-.593-.878-2.308-2.612-3.214-3.25-1.795-1.264-3.631-2.047-5.509-2.35-.392-.064-.728-.13-.745-.147-.05-.05.35-2.603.66-4.213.554-2.877 1.23-5.393 1.997-7.431.238-.633.452-1.17.475-1.194.023-.023.204.074.402.217 1.524 1.094 3.714 1.264 6.181.479 2.284-.727 4.844-2.119 6.539-3.556.352-.298 1.473-1.392 2.491-2.43 1.019-1.038 2.232-2.193 2.697-2.566l.846-.679-.537-.06c-.723-.081-1.555-.326-3.728-1.096a80.54 80.54 0 0 0-2.739-.925c-2.163-.656-4.136-.882-5.83-.668m6.38 3.882a.311.311 0 0 1-.2 0c-.055-.022-.01-.04.1-.04s.155.018.1.04\"\/><\/svg>\t<div class=\"kbm-link-list-item__content\">\n\t\t<p class=\"kbm-link-list-item__title\">Bidrar til et bedre milj\u00f8<\/p>\n\t\t\t\t\t<p class=\"kbm-link-list-item__description\">Vi bidrar til et bedre milj\u00f8 gjennom gjenbruk og gjenvinning. Riktig innsamling og behandling av tekstil sikrer at materialet bevarer sin verdi\/energi og kan dermed bli en ressurs igjen. \u00c5 prioritere gjenbruk og gjenvinning bidrar til \u00e5 minske avfallsutslipp og kan v\u00e6re med p\u00e5 \u00e5 redusere den totale milj\u00f8belastningen.<\/p>\n\t\t\t<\/div>\n\t<\/div>\n\n<div class=\"wp-block-kbm-link-list-item\">\t<svg xmlns=\"http:\/\/www.w3.org\/2000\/svg\" viewBox=\"0 0 48 48\" height=\"24\" width=\"24\" class=\"t2-icon t2-icon-workmeasures\" aria-hidden=\"true\" focusable=\"false\"><path d=\"M21.51 4.224a1.549 1.549 0 0 0-.669.613l-.241.39-.025 2.408-.025 2.408-.855.264c-.47.144-1.373.515-2.007.823l-1.152.561-1.608-1.601c-1.668-1.66-2.027-1.925-2.608-1.928-.69-.003-.847.104-2.387 1.627-.807.798-1.52 1.552-1.584 1.675-.2.382-.228.969-.068 1.395.115.308.458.699 1.777 2.031l1.634 1.65-.548 1.11c-.302.611-.672 1.512-.824 2.004l-.275.894-2.365.026c-2.355.026-2.366.027-2.762.23a1.506 1.506 0 0 0-.637.594l-.241.389-.024 2.13-.023 2.131.227.435c.166.318.331.499.617.676l.39.241 2.407.026 2.406.026.345 1.054c.328 1 .569 1.554 1.093 2.516l.23.422-1.642 1.658c-1.326 1.339-1.67 1.731-1.785 2.039-.172.458-.126 1.063.11 1.445.087.139.8.889 1.584 1.665 1.495 1.48 1.658 1.59 2.345 1.587.581-.003.94-.268 2.609-1.929l1.609-1.602 1.111.549c.611.302 1.514.673 2.006.824l.895.275.025 2.409.025 2.409.241.39c.177.286.358.451.676.617l.435.227 2.131-.023 2.13-.024.389-.241c.276-.17.449-.356.594-.637.203-.396.204-.405.228-2.762l.025-2.364.895-.276c.493-.151 1.396-.522 2.007-.824l1.111-.549 1.609 1.602c1.669 1.661 2.028 1.926 2.609 1.929.687.003.85-.107 2.345-1.587.784-.776 1.497-1.526 1.584-1.665.236-.382.282-.987.11-1.445-.115-.308-.458-.699-1.777-2.031l-1.634-1.65.548-1.11c.302-.611.673-1.513.824-2.006l.276-.895 2.364-.025c2.357-.024 2.366-.025 2.762-.228.281-.145.467-.318.637-.594l.241-.389.025-2.046c.029-2.295 0-2.486-.45-2.984-.511-.567-.564-.577-3.218-.608l-2.362-.027-.275-.894c-.152-.492-.522-1.394-.824-2.005l-.549-1.111 1.602-1.609c1.661-1.669 1.926-2.028 1.929-2.609.003-.684-.11-.853-1.547-2.309-.754-.764-1.508-1.477-1.676-1.584a1.69 1.69 0 0 0-1.474-.146c-.308.115-.699.458-2.031 1.777l-1.651 1.634-1.052-.52a18.032 18.032 0 0 0-2.004-.826l-.952-.306-.025-2.406-.026-2.407-.241-.39a1.549 1.549 0 0 0-.669-.613L26.062 4h-4.124l-.428.224m4.23 11.742c1.798.371 3.479 1.416 4.681 2.913 1.967 2.448 2.35 5.855.977 8.694-1.152 2.381-3.271 4.003-5.901 4.515-3.583.697-7.214-1.122-8.875-4.448-.61-1.221-.822-2.198-.81-3.72.007-.967.043-1.289.213-1.936.864-3.289 3.551-5.681 6.895-6.138.72-.099 2.028-.043 2.82.12\"\/><\/svg>\t<div class=\"kbm-link-list-item__content\">\n\t\t<p class=\"kbm-link-list-item__title\">Styrker sosial b\u00e6rekraft<\/p>\n\t\t\t\t\t<p class=\"kbm-link-list-item__description\">Vi er en arbeidstreningsarena for mennesker utenfor ordin\u00e6rt arbeidsliv. Hos oss f\u00e5r deltakere praktisk erfaring i et profesjonelt arbeidsmilj\u00f8. Kirkens Bymisjon Milj\u00f8 \u00f8nsker \u00e5 gi mennesker muligheten til \u00e5 knytte sosiale b\u00e5nd, bygge nettverk og f\u00f8le seg som en del av samfunnet.<\/p>\n\t\t\t<\/div>\n\t<\/div>\n\t\t<\/div>\n\t<\/div>\n\t\n\n\t<div class=\"layout-3 alignfull is-style-filled wp-block-kbm-statistics\">\n\t\t<div class=\"kbm-statistics__inner\">\n\t\t\t\t\t\t\t<h2 class=\"kbm-statistics__title\">Av tekstilene vi samler inn, sorterer og eksporterer g\u00e5r:<\/h2>\n\t\t\t\t\t\t<div class=\"swiper\">\n\t\t\t\t<div class=\"swiper-wrapper\">\n\t\t\t\t\t\n\t<div class=\"wp-block-kbm-key-number swiper-slide\">\n\t\t<div class=\"kbm-key-number__inner\">\n\t\t\t<p class=\"kbm-key-number__number\">82 %<\/p>\n\t\t\t\t\t\t\t<p class=\"kbm-key-number__description\">til gjenbruk som kl\u00e6r<\/p>\n\t\t\t\t\t<\/div>\n\t<\/div>\n\t\n\n\t<div class=\"wp-block-kbm-key-number swiper-slide\">\n\t\t<div class=\"kbm-key-number__inner\">\n\t\t\t<p class=\"kbm-key-number__number\">12 %<\/p>\n\t\t\t\t\t\t\t<p class=\"kbm-key-number__description\">til materialgjenvinning<\/p>\n\t\t\t\t\t<\/div>\n\t<\/div>\n\t\n\n\t<div class=\"wp-block-kbm-key-number swiper-slide\">\n\t\t<div class=\"kbm-key-number__inner\">\n\t\t\t<p class=\"kbm-key-number__number\">6 %<\/p>\n\t\t\t\t\t\t\t<p class=\"kbm-key-number__description\">til energigjenvinning<\/p>\n\t\t\t\t\t<\/div>\n\t<\/div>\n\t\n\t\t\t\t<\/div>\n\t\t\t\t\t<div class=\"swiper-navigation\">\n\t\t<div class=\"swiper-button-prev\"><svg xmlns=\"http:\/\/www.w3.org\/2000\/svg\" viewBox=\"0 0 24 24\" height=\"24\" width=\"24\" class=\"t2-icon t2-icon-arrowforward\" aria-hidden=\"true\" focusable=\"false\"><path d=\"M12.78 5.036a1.099 1.099 0 0 0-.497.287c-.208.208-.259.344-.258.684.001.264.016.33.105.465.058.087 1.079 1.14 2.27 2.341l2.165 2.182-5.913.013-5.912.012-.165.088c-.391.209-.551.469-.551.892 0 .34.054.476.282.704.3.299-.236.275 6.347.287l5.913.012-2.167 2.185c-1.191 1.202-2.213 2.255-2.27 2.341-.088.134-.103.201-.104.464-.001.34.05.475.258.684.284.284.676.383 1.038.263.198-.066.423-.281 3.655-3.503l3.444-3.433-2.58-2.585c-2.816-2.822-4.255-4.224-4.433-4.315a1.155 1.155 0 0 0-.627-.068\"\/><\/svg><\/div>\n\t\t<div class=\"swiper-pagination\"><\/div>\n\t\t<div class=\"swiper-button-next\"><svg xmlns=\"http:\/\/www.w3.org\/2000\/svg\" viewBox=\"0 0 24 24\" height=\"24\" width=\"24\" class=\"t2-icon t2-icon-arrowforward\" aria-hidden=\"true\" focusable=\"false\"><path d=\"M12.78 5.036a1.099 1.099 0 0 0-.497.287c-.208.208-.259.344-.258.684.001.264.016.33.105.465.058.087 1.079 1.14 2.27 2.341l2.165 2.182-5.913.013-5.912.012-.165.088c-.391.209-.551.469-.551.892 0 .34.054.476.282.704.3.299-.236.275 6.347.287l5.913.012-2.167 2.185c-1.191 1.202-2.213 2.255-2.27 2.341-.088.134-.103.201-.104.464-.001.34.05.475.258.684.284.284.676.383 1.038.263.198-.066.423-.281 3.655-3.503l3.444-3.433-2.58-2.585c-2.816-2.822-4.255-4.224-4.433-4.315a1.155 1.155 0 0 0-.627-.068\"\/><\/svg><\/div>\n\t<\/div>\n\t\t\t\t<\/div>\n\t\t<\/div>\n\t<\/div>\n\t\n\n\n<h2 class=\"wp-block-heading\" id=\"h-hva-skjer-med-tekstilene-jeg-donerer\">Hva skjer med tekstilene jeg donerer?<\/h2>\n\n\n\n<p>Vi henter inn alle tekstilene til v\u00e5rt sorteringsanlegg i Drammen, der vi i dag har ti unge menn i alderen 20 til 27 \u00e5r i arbeidstrening. I Drammen grovsorterer vi posene fra boksene, og sender dem videre for finsortering og videre distribusjon i Polen. <\/p>\n\n\n\n<p>82 % av kl\u00e6rne vi mottar har god kvalitet, og selges videre. Kl\u00e6rne som ikke selges videre i bruktbutikker i \u00d8st-Europa, selges til afrikanske bruktmarkeder. Hit sendes kun hele kl\u00e6r som er ferdig sortert og pakket, basert p\u00e5 bestilling.<\/p>\n\n\n\n<p>Tekstiler som ikke kan selges videre g\u00e5r enten til materialgjenvinning (pussefiller, isolasjon og lignende) eller energigjenvinning.<\/p>\n\n\n\n<p><a href=\"https:\/\/kirkensbymisjon.no\/tilbud-tekstilinnsamling\/gi-til-oss\/\">Les mer om hvilke tekstiler vi tar i mot.<\/a><\/p>\n\n\n\n<h3 class=\"wp-block-heading\" id=\"h-se-video-fra-vart-sorteringsanlegg\">Se video fra v\u00e5rt sorteringsanlegg:<\/h3>\n\n\n\t<div class=\"wp-block-kbm-video\">\n\t\t\n\n<figure class=\"wp-block-embed is-type-video is-provider-vimeo wp-block-embed-vimeo wp-embed-aspect-1-1 wp-has-aspect-ratio\"><div class=\"wp-block-embed__wrapper\">\n<iframe loading=\"lazy\" title=\"Kirkens Bymisjon Milj\u00f8 AS\" src=\"https:\/\/player.vimeo.com\/video\/552350575?dnt=1&amp;app_id=122963\" width=\"500\" height=\"500\" frameborder=\"0\" allow=\"autoplay; fullscreen; picture-in-picture; clipboard-write\"><\/iframe>\n<\/div><\/figure>\n\n\t\t<div class=\"kbm-video__content\" style=\"aspect-ratio: 16\/9\">\n\t\t\t<div class=\"kbm-video__play\">\n\t\t\t\t<span class=\"screen-reader-text\">Spill video<\/span>\n\t\t\t\t<svg xmlns=\"http:\/\/www.w3.org\/2000\/svg\" viewBox=\"0 0 48 48\" height=\"24\" width=\"24\" class=\"t2-icon t2-icon-play\" aria-hidden=\"true\" focusable=\"false\"><rect width=\"48\" height=\"48\" rx=\"24\"\/><path fill=\"currentColor\" d=\"M29.888 23.1913c.5491.3993.5491 1.2181 0 1.6174l-8.2998 6.0363c-.661.4807-1.5882.0085-1.5882-.8088V17.9638c0-.8173.9272-1.2895 1.5882-.8088l8.2998 6.0363Z\"\/><\/svg>\t\t\t\t\t\t\t\t\t<p class=\"kbm-video__subtext\">Kirkens Bymisjon Milj\u00f8 AS<\/p>\n\t\t\t\t\t\t\t<\/div>\n\t\t\t\t\t\t\t<h2 class=\"kbm-video__title\">Kirkens Bymisjon Milj\u00f8 AS<\/h2>\n\t\t\t\t\t\t<img loading=\"lazy\" decoding=\"async\" width=\"684\" height=\"400\" src=\"https:\/\/kirkensbymisjon.no\/content\/uploads\/sites\/115\/2024\/08\/Tilbud_Tekstilinnsamling_Video-2.jpg\" class=\"attachment-full size-full\" alt=\"Sortering av tekstiler i Drammen.\" style=\"object-position: 50% 50%\" \/>\t\t<\/div>\n\t<\/div>\n\t","protected":false},"excerpt":{"rendered":"<p>Hva skjer med tekstilene jeg donerer? Vi henter inn alle tekstilene til v\u00e5rt sorteringsanlegg i&hellip;<\/p>\n","protected":false},"author":5,"featured_media":0,"parent":0,"menu_order":0,"comment_status":"closed","ping_status":"closed","template":"","meta":{"_relevanssi_hide_post":"","_relevanssi_hide_content":"","_relevanssi_pin_for_all":"","_relevanssi_pin_keywords":"","_relevanssi_unpin_keywords":"","_relevanssi_related_keywords":"","_relevanssi_related_include_ids":"","_relevanssi_related_exclude_ids":"","_relevanssi_related_no_append":"","_relevanssi_related_not_related":"","_relevanssi_related_posts":"1","_relevanssi_noindex_reason":"","editor_notices":[],"footnotes":""},"class_list":["post-3","page","type-page","status-publish","hentry"],"yoast_head":"<!-- This site is optimized with the Yoast SEO Premium plugin v27.2 (Yoast SEO v27.2) - https:\/\/yoast.com\/product\/yoast-seo-premium-wordpress\/ -->\n<title>Kirkens Bymisjon - Tekstilinnsamling<\/title>\n<meta name=\"description\" content=\"Innsamling av t\u00f8y, sko og tekstiler.\" \/>\n<meta name=\"robots\" content=\"index, follow, max-snippet:-1, max-image-preview:large, max-video-preview:-1\" \/>\n<link rel=\"canonical\" href=\"https:\/\/kirkensbymisjon.no\/tilbud-tekstilinnsamling\/\" \/>\n<meta property=\"og:locale\" content=\"nb_NO\" \/>\n<meta property=\"og:type\" content=\"article\" \/>\n<meta property=\"og:title\" content=\"Forside\" \/>\n<meta property=\"og:description\" content=\"Innsamling av t\u00f8y, sko og tekstiler.\" \/>\n<meta property=\"og:url\" content=\"https:\/\/kirkensbymisjon.no\/tilbud-tekstilinnsamling\/\" \/>\n<meta property=\"og:site_name\" content=\"Tekstilinnsamling\" \/>\n<meta property=\"article:modified_time\" content=\"2025-02-12T12:22:37+00:00\" \/>\n<meta property=\"og:image\" content=\"https:\/\/kirkensbymisjon.no\/content\/uploads\/sites\/115\/2024\/08\/Tilbud_Tekstilinnsamling_06.jpg\" \/>\n\t<meta property=\"og:image:width\" content=\"973\" \/>\n\t<meta property=\"og:image:height\" content=\"647\" \/>\n\t<meta property=\"og:image:type\" content=\"image\/jpeg\" \/>\n<meta name=\"twitter:card\" content=\"summary_large_image\" \/>\n<meta name=\"twitter:label1\" content=\"Ansl. lesetid\" \/>\n\t<meta name=\"twitter:data1\" content=\"2 minutter\" \/>\n<script type=\"application\/ld+json\" class=\"yoast-schema-graph\">{\"@context\":\"https:\/\/schema.org\",\"@graph\":[{\"@type\":\"WebPage\",\"@id\":\"https:\/\/kirkensbymisjon.no\/tilbud-tekstilinnsamling\/\",\"url\":\"https:\/\/kirkensbymisjon.no\/tilbud-tekstilinnsamling\/\",\"name\":\"Kirkens Bymisjon - Tekstilinnsamling\",\"isPartOf\":{\"@id\":\"https:\/\/kirkensbymisjon.no\/tilbud-tekstilinnsamling\/#website\"},\"primaryImageOfPage\":{\"@id\":\"https:\/\/kirkensbymisjon.no\/tilbud-tekstilinnsamling\/#primaryimage\"},\"image\":{\"@id\":\"https:\/\/kirkensbymisjon.no\/tilbud-tekstilinnsamling\/#primaryimage\"},\"thumbnailUrl\":\"https:\/\/kirkensbymisjon.no\/content\/uploads\/sites\/115\/2024\/08\/Tilbud_Tekstilinnsamling_06.jpg\",\"datePublished\":\"2024-06-27T06:30:48+00:00\",\"dateModified\":\"2025-02-12T12:22:37+00:00\",\"description\":\"Innsamling av t\u00f8y, sko og tekstiler.\",\"breadcrumb\":{\"@id\":\"https:\/\/kirkensbymisjon.no\/tilbud-tekstilinnsamling\/#breadcrumb\"},\"inLanguage\":\"nb-NO\",\"potentialAction\":[{\"@type\":\"ReadAction\",\"target\":[\"https:\/\/kirkensbymisjon.no\/tilbud-tekstilinnsamling\/\"]}]},{\"@type\":\"ImageObject\",\"inLanguage\":\"nb-NO\",\"@id\":\"https:\/\/kirkensbymisjon.no\/tilbud-tekstilinnsamling\/#primaryimage\",\"url\":\"https:\/\/kirkensbymisjon.no\/content\/uploads\/sites\/115\/2024\/08\/Tilbud_Tekstilinnsamling_06.jpg\",\"contentUrl\":\"https:\/\/kirkensbymisjon.no\/content\/uploads\/sites\/115\/2024\/08\/Tilbud_Tekstilinnsamling_06.jpg\"},{\"@type\":\"BreadcrumbList\",\"@id\":\"https:\/\/kirkensbymisjon.no\/tilbud-tekstilinnsamling\/#breadcrumb\",\"itemListElement\":[{\"@type\":\"ListItem\",\"position\":1,\"name\":\"Hjem\",\"item\":\"https:\/\/kirkensbymisjon.no\/tilbud-tekstilinnsamling\/\"},{\"@type\":\"ListItem\",\"position\":2,\"name\":\"Forside\"}]},{\"@type\":\"WebSite\",\"@id\":\"https:\/\/kirkensbymisjon.no\/tilbud-tekstilinnsamling\/#website\",\"url\":\"https:\/\/kirkensbymisjon.no\/tilbud-tekstilinnsamling\/\",\"name\":\"Tekstilinnsamling\",\"description\":\"\",\"potentialAction\":[{\"@type\":\"SearchAction\",\"target\":{\"@type\":\"EntryPoint\",\"urlTemplate\":\"https:\/\/kirkensbymisjon.no\/tilbud-tekstilinnsamling\/?s={search_term_string}\"},\"query-input\":{\"@type\":\"PropertyValueSpecification\",\"valueRequired\":true,\"valueName\":\"search_term_string\"}}],\"inLanguage\":\"nb-NO\"}]}<\/script>\n<!-- \/ Yoast SEO Premium plugin. -->","yoast_head_json":{"title":"Kirkens Bymisjon - Tekstilinnsamling","description":"Innsamling av t\u00f8y, sko og tekstiler.","robots":{"index":"index","follow":"follow","max-snippet":"max-snippet:-1","max-image-preview":"max-image-preview:large","max-video-preview":"max-video-preview:-1"},"canonical":"https:\/\/kirkensbymisjon.no\/tilbud-tekstilinnsamling\/","og_locale":"nb_NO","og_type":"article","og_title":"Forside","og_description":"Innsamling av t\u00f8y, sko og tekstiler.","og_url":"https:\/\/kirkensbymisjon.no\/tilbud-tekstilinnsamling\/","og_site_name":"Tekstilinnsamling","article_modified_time":"2025-02-12T12:22:37+00:00","og_image":[{"width":973,"height":647,"url":"https:\/\/kirkensbymisjon.no\/content\/uploads\/sites\/115\/2024\/08\/Tilbud_Tekstilinnsamling_06.jpg","type":"image\/jpeg"}],"twitter_card":"summary_large_image","twitter_misc":{"Ansl. lesetid":"2 minutter"},"schema":{"@context":"https:\/\/schema.org","@graph":[{"@type":"WebPage","@id":"https:\/\/kirkensbymisjon.no\/tilbud-tekstilinnsamling\/","url":"https:\/\/kirkensbymisjon.no\/tilbud-tekstilinnsamling\/","name":"Kirkens Bymisjon - Tekstilinnsamling","isPartOf":{"@id":"https:\/\/kirkensbymisjon.no\/tilbud-tekstilinnsamling\/#website"},"primaryImageOfPage":{"@id":"https:\/\/kirkensbymisjon.no\/tilbud-tekstilinnsamling\/#primaryimage"},"image":{"@id":"https:\/\/kirkensbymisjon.no\/tilbud-tekstilinnsamling\/#primaryimage"},"thumbnailUrl":"https:\/\/kirkensbymisjon.no\/content\/uploads\/sites\/115\/2024\/08\/Tilbud_Tekstilinnsamling_06.jpg","datePublished":"2024-06-27T06:30:48+00:00","dateModified":"2025-02-12T12:22:37+00:00","description":"Innsamling av t\u00f8y, sko og tekstiler.","breadcrumb":{"@id":"https:\/\/kirkensbymisjon.no\/tilbud-tekstilinnsamling\/#breadcrumb"},"inLanguage":"nb-NO","potentialAction":[{"@type":"ReadAction","target":["https:\/\/kirkensbymisjon.no\/tilbud-tekstilinnsamling\/"]}]},{"@type":"ImageObject","inLanguage":"nb-NO","@id":"https:\/\/kirkensbymisjon.no\/tilbud-tekstilinnsamling\/#primaryimage","url":"https:\/\/kirkensbymisjon.no\/content\/uploads\/sites\/115\/2024\/08\/Tilbud_Tekstilinnsamling_06.jpg","contentUrl":"https:\/\/kirkensbymisjon.no\/content\/uploads\/sites\/115\/2024\/08\/Tilbud_Tekstilinnsamling_06.jpg"},{"@type":"BreadcrumbList","@id":"https:\/\/kirkensbymisjon.no\/tilbud-tekstilinnsamling\/#breadcrumb","itemListElement":[{"@type":"ListItem","position":1,"name":"Hjem","item":"https:\/\/kirkensbymisjon.no\/tilbud-tekstilinnsamling\/"},{"@type":"ListItem","position":2,"name":"Forside"}]},{"@type":"WebSite","@id":"https:\/\/kirkensbymisjon.no\/tilbud-tekstilinnsamling\/#website","url":"https:\/\/kirkensbymisjon.no\/tilbud-tekstilinnsamling\/","name":"Tekstilinnsamling","description":"","potentialAction":[{"@type":"SearchAction","target":{"@type":"EntryPoint","urlTemplate":"https:\/\/kirkensbymisjon.no\/tilbud-tekstilinnsamling\/?s={search_term_string}"},"query-input":{"@type":"PropertyValueSpecification","valueRequired":true,"valueName":"search_term_string"}}],"inLanguage":"nb-NO"}]}},"_links":{"self":[{"href":"https:\/\/kirkensbymisjon.no\/tilbud-tekstilinnsamling\/wp-json\/wp\/v2\/pages\/3","targetHints":{"allow":["GET"]}}],"collection":[{"href":"https:\/\/kirkensbymisjon.no\/tilbud-tekstilinnsamling\/wp-json\/wp\/v2\/pages"}],"about":[{"href":"https:\/\/kirkensbymisjon.no\/tilbud-tekstilinnsamling\/wp-json\/wp\/v2\/types\/page"}],"author":[{"embeddable":true,"href":"https:\/\/kirkensbymisjon.no\/tilbud-tekstilinnsamling\/wp-json\/wp\/v2\/users\/5"}],"replies":[{"embeddable":true,"href":"https:\/\/kirkensbymisjon.no\/tilbud-tekstilinnsamling\/wp-json\/wp\/v2\/comments?post=3"}],"version-history":[{"count":5,"href":"https:\/\/kirkensbymisjon.no\/tilbud-tekstilinnsamling\/wp-json\/wp\/v2\/pages\/3\/revisions"}],"predecessor-version":[{"id":162,"href":"https:\/\/kirkensbymisjon.no\/tilbud-tekstilinnsamling\/wp-json\/wp\/v2\/pages\/3\/revisions\/162"}],"wp:attachment":[{"href":"https:\/\/kirkensbymisjon.no\/tilbud-tekstilinnsamling\/wp-json\/wp\/v2\/media?parent=3"}],"curies":[{"name":"wp","href":"https:\/\/api.w.org\/{rel}","templated":true}]}}