{"id":228,"date":"2026-03-16T10:15:54","date_gmt":"2026-03-16T09:15:54","guid":{"rendered":"https:\/\/kirkensbymisjon.no\/tilbud-vaktmestertjenesten\/?page_id=228"},"modified":"2026-03-16T10:21:55","modified_gmt":"2026-03-16T09:21:55","slug":"gravstell","status":"publish","type":"page","link":"https:\/\/kirkensbymisjon.no\/tilbud-vaktmestertjenesten\/gravstell\/","title":{"rendered":"Gravstell"},"content":{"rendered":"\n<h2 class=\"wp-block-heading\" id=\"h-vaktmestertjenesten-i-drammen-hjelper-deg-a-holde-gravstedet-ryddig-og-pent\">Vaktmestertjenesten i Drammen hjelper deg \u00e5 holde gravstedet ryddig og pent<\/h2>\n\n\n\n<p>Vi tilbyr ulike pakker og tilleggstjenester for gravstell etter ditt \u00f8nske og behov. I alle v\u00e5re pakker inng\u00e5r generelt vedlikehold i form av vanning, luking og ny frisk jord hver v\u00e5r. Alle v\u00e5re blomster plantes i selvvanningskasser. I tillegg sender vi bilder pr. mail etter hvert stell, b\u00e5de v\u00e5r, sommer og h\u00f8st.<\/p>\n\n\n\n<h3 class=\"wp-block-heading\" id=\"h-du-kan-velge-mellom-folgende-pakker-for-gravstell\">Du kan velge mellom f\u00f8lgende pakker for gravstell:<\/h3>\n\n\n\n<ul class=\"wp-block-list\">\n<li><strong>St\u00f8rrelse liten<\/strong>: 2 uteblomster, kr. 2790,- pr \u00e5r.<br>(<em>Liten pakke inkl. julebukett, kr. 3590,- pr \u00e5r<\/em>).<\/li>\n<\/ul>\n\n\n\n<ul class=\"wp-block-list\">\n<li><strong>St\u00f8rrelse stor:<\/strong> 3 uteblomster, kr. 3090,- pr \u00e5r.<br>(<em>Stor pakke inkl. julebukett kr. 3890,- pr \u00e5r<\/em>).<\/li>\n<\/ul>\n\n\n\n<p>Vi utf\u00f8rer v\u00e5r, sommer og h\u00f8ststell. V\u00e5rblomster plantes f\u00f8r 17.mai, sommerblomster i juni og h\u00f8stlyng i august.<\/p>\n\n\n\n<h3 class=\"wp-block-heading\" id=\"h-ekstra-beplantning-og-vask-av-gravsted\">Ekstra beplantning og vask av gravsted<\/h3>\n\n\n\n<p>I tillegg til v\u00e5re faste oppsatte varianter kan du f\u00e5:<\/p>\n\n\n\n<ul class=\"wp-block-list\">\n<li>1 ekstra uteblomst til kr 79,-<\/li>\n\n\n\n<li>2 ekstra uteblomster til kr 119,-<\/li>\n\n\n\n<li>Vask og rens av gravstein til kr 699,-<\/li>\n<\/ul>\n\n\n\n<h3 class=\"wp-block-heading\" id=\"h-kontakt-oss\">Kontakt oss<\/h3>\n\n\n\n<p>Kontakt Vaktmestertjenesten Drammen for en hyggelig prat. <br>Telefon: <a href=\"tel: 22365500\">22 36 55 00<\/a><br>E-post: <a href=\"mailto:vmt-drammen@bymisjon.no\">vmt-drammen@bymisjon.no<\/a><\/p>\n","protected":false},"excerpt":{"rendered":"<p>Vaktmestertjenesten i Drammen hjelper deg \u00e5 holde gravstedet ryddig og pent Vi tilbyr ulike pakker&hellip;<\/p>\n","protected":false},"author":4,"featured_media":0,"parent":0,"menu_order":0,"comment_status":"closed","ping_status":"closed","template":"","meta":{"_relevanssi_hide_post":"","_relevanssi_hide_content":"","_relevanssi_pin_for_all":"","_relevanssi_pin_keywords":"","_relevanssi_unpin_keywords":"","_relevanssi_related_keywords":"","_relevanssi_related_include_ids":"","_relevanssi_related_exclude_ids":"","_relevanssi_related_no_append":"","_relevanssi_related_not_related":"","_relevanssi_related_posts":"1","_relevanssi_noindex_reason":"","editor_notices":[],"footnotes":""},"class_list":["post-228","page","type-page","status-publish","hentry"],"yoast_head":"<!-- This site is optimized with the Yoast SEO Premium plugin v27.2 (Yoast SEO v27.2) - https:\/\/yoast.com\/product\/yoast-seo-premium-wordpress\/ -->\n<title>Gravstell - Vaktmestertjenesten<\/title>\n<meta name=\"robots\" content=\"index, follow, max-snippet:-1, max-image-preview:large, max-video-preview:-1\" \/>\n<link rel=\"canonical\" href=\"https:\/\/kirkensbymisjon.no\/tilbud-vaktmestertjenesten\/gravstell\/\" \/>\n<meta property=\"og:locale\" content=\"nb_NO\" \/>\n<meta property=\"og:type\" content=\"article\" \/>\n<meta property=\"og:title\" content=\"Gravstell\" \/>\n<meta property=\"og:description\" content=\"Vaktmestertjenesten i Drammen hjelper deg \u00e5 holde gravstedet ryddig og pent Vi tilbyr ulike pakker&hellip;\" \/>\n<meta property=\"og:url\" content=\"https:\/\/kirkensbymisjon.no\/tilbud-vaktmestertjenesten\/gravstell\/\" \/>\n<meta property=\"og:site_name\" content=\"Vaktmestertjenesten\" \/>\n<meta property=\"article:modified_time\" content=\"2026-03-16T09:21:55+00:00\" \/>\n<meta name=\"twitter:card\" content=\"summary_large_image\" \/>\n<meta name=\"twitter:label1\" content=\"Ansl. lesetid\" \/>\n\t<meta name=\"twitter:data1\" content=\"1 minutt\" \/>\n<script type=\"application\/ld+json\" class=\"yoast-schema-graph\">{\"@context\":\"https:\/\/schema.org\",\"@graph\":[{\"@type\":\"WebPage\",\"@id\":\"https:\/\/kirkensbymisjon.no\/tilbud-vaktmestertjenesten\/gravstell\/\",\"url\":\"https:\/\/kirkensbymisjon.no\/tilbud-vaktmestertjenesten\/gravstell\/\",\"name\":\"Gravstell - Vaktmestertjenesten\",\"isPartOf\":{\"@id\":\"https:\/\/kirkensbymisjon.no\/tilbud-vaktmestertjenesten\/#website\"},\"datePublished\":\"2026-03-16T09:15:54+00:00\",\"dateModified\":\"2026-03-16T09:21:55+00:00\",\"breadcrumb\":{\"@id\":\"https:\/\/kirkensbymisjon.no\/tilbud-vaktmestertjenesten\/gravstell\/#breadcrumb\"},\"inLanguage\":\"nb-NO\",\"potentialAction\":[{\"@type\":\"ReadAction\",\"target\":[\"https:\/\/kirkensbymisjon.no\/tilbud-vaktmestertjenesten\/gravstell\/\"]}]},{\"@type\":\"BreadcrumbList\",\"@id\":\"https:\/\/kirkensbymisjon.no\/tilbud-vaktmestertjenesten\/gravstell\/#breadcrumb\",\"itemListElement\":[{\"@type\":\"ListItem\",\"position\":1,\"name\":\"Hjem\",\"item\":\"https:\/\/kirkensbymisjon.no\/tilbud-vaktmestertjenesten\/\"},{\"@type\":\"ListItem\",\"position\":2,\"name\":\"Gravstell\"}]},{\"@type\":\"WebSite\",\"@id\":\"https:\/\/kirkensbymisjon.no\/tilbud-vaktmestertjenesten\/#website\",\"url\":\"https:\/\/kirkensbymisjon.no\/tilbud-vaktmestertjenesten\/\",\"name\":\"Vaktmestertjenesten\",\"description\":\"\",\"potentialAction\":[{\"@type\":\"SearchAction\",\"target\":{\"@type\":\"EntryPoint\",\"urlTemplate\":\"https:\/\/kirkensbymisjon.no\/tilbud-vaktmestertjenesten\/?s={search_term_string}\"},\"query-input\":{\"@type\":\"PropertyValueSpecification\",\"valueRequired\":true,\"valueName\":\"search_term_string\"}}],\"inLanguage\":\"nb-NO\"}]}<\/script>\n<!-- \/ Yoast SEO Premium plugin. -->","yoast_head_json":{"title":"Gravstell - Vaktmestertjenesten","robots":{"index":"index","follow":"follow","max-snippet":"max-snippet:-1","max-image-preview":"max-image-preview:large","max-video-preview":"max-video-preview:-1"},"canonical":"https:\/\/kirkensbymisjon.no\/tilbud-vaktmestertjenesten\/gravstell\/","og_locale":"nb_NO","og_type":"article","og_title":"Gravstell","og_description":"Vaktmestertjenesten i Drammen hjelper deg \u00e5 holde gravstedet ryddig og pent Vi tilbyr ulike pakker&hellip;","og_url":"https:\/\/kirkensbymisjon.no\/tilbud-vaktmestertjenesten\/gravstell\/","og_site_name":"Vaktmestertjenesten","article_modified_time":"2026-03-16T09:21:55+00:00","twitter_card":"summary_large_image","twitter_misc":{"Ansl. lesetid":"1 minutt"},"schema":{"@context":"https:\/\/schema.org","@graph":[{"@type":"WebPage","@id":"https:\/\/kirkensbymisjon.no\/tilbud-vaktmestertjenesten\/gravstell\/","url":"https:\/\/kirkensbymisjon.no\/tilbud-vaktmestertjenesten\/gravstell\/","name":"Gravstell - Vaktmestertjenesten","isPartOf":{"@id":"https:\/\/kirkensbymisjon.no\/tilbud-vaktmestertjenesten\/#website"},"datePublished":"2026-03-16T09:15:54+00:00","dateModified":"2026-03-16T09:21:55+00:00","breadcrumb":{"@id":"https:\/\/kirkensbymisjon.no\/tilbud-vaktmestertjenesten\/gravstell\/#breadcrumb"},"inLanguage":"nb-NO","potentialAction":[{"@type":"ReadAction","target":["https:\/\/kirkensbymisjon.no\/tilbud-vaktmestertjenesten\/gravstell\/"]}]},{"@type":"BreadcrumbList","@id":"https:\/\/kirkensbymisjon.no\/tilbud-vaktmestertjenesten\/gravstell\/#breadcrumb","itemListElement":[{"@type":"ListItem","position":1,"name":"Hjem","item":"https:\/\/kirkensbymisjon.no\/tilbud-vaktmestertjenesten\/"},{"@type":"ListItem","position":2,"name":"Gravstell"}]},{"@type":"WebSite","@id":"https:\/\/kirkensbymisjon.no\/tilbud-vaktmestertjenesten\/#website","url":"https:\/\/kirkensbymisjon.no\/tilbud-vaktmestertjenesten\/","name":"Vaktmestertjenesten","description":"","potentialAction":[{"@type":"SearchAction","target":{"@type":"EntryPoint","urlTemplate":"https:\/\/kirkensbymisjon.no\/tilbud-vaktmestertjenesten\/?s={search_term_string}"},"query-input":{"@type":"PropertyValueSpecification","valueRequired":true,"valueName":"search_term_string"}}],"inLanguage":"nb-NO"}]}},"_links":{"self":[{"href":"https:\/\/kirkensbymisjon.no\/tilbud-vaktmestertjenesten\/wp-json\/wp\/v2\/pages\/228","targetHints":{"allow":["GET"]}}],"collection":[{"href":"https:\/\/kirkensbymisjon.no\/tilbud-vaktmestertjenesten\/wp-json\/wp\/v2\/pages"}],"about":[{"href":"https:\/\/kirkensbymisjon.no\/tilbud-vaktmestertjenesten\/wp-json\/wp\/v2\/types\/page"}],"author":[{"embeddable":true,"href":"https:\/\/kirkensbymisjon.no\/tilbud-vaktmestertjenesten\/wp-json\/wp\/v2\/users\/4"}],"replies":[{"embeddable":true,"href":"https:\/\/kirkensbymisjon.no\/tilbud-vaktmestertjenesten\/wp-json\/wp\/v2\/comments?post=228"}],"version-history":[{"count":3,"href":"https:\/\/kirkensbymisjon.no\/tilbud-vaktmestertjenesten\/wp-json\/wp\/v2\/pages\/228\/revisions"}],"predecessor-version":[{"id":235,"href":"https:\/\/kirkensbymisjon.no\/tilbud-vaktmestertjenesten\/wp-json\/wp\/v2\/pages\/228\/revisions\/235"}],"wp:attachment":[{"href":"https:\/\/kirkensbymisjon.no\/tilbud-vaktmestertjenesten\/wp-json\/wp\/v2\/media?parent=228"}],"curies":[{"name":"wp","href":"https:\/\/api.w.org\/{rel}","templated":true}]}}