{"id":11,"date":"2024-07-24T13:15:03","date_gmt":"2024-07-24T11:15:03","guid":{"rendered":"https:\/\/kirkensbymisjon.no\/tilbud-valerengahjemmet-bo-og-kultursenter\/?page_id=11"},"modified":"2025-03-11T13:39:03","modified_gmt":"2025-03-11T12:39:03","slug":"hva-vi-tilbyr","status":"publish","type":"page","link":"https:\/\/kirkensbymisjon.no\/tilbud-valerengahjemmet-bo-og-kultursenter\/hva-vi-tilbyr\/","title":{"rendered":"Hva vi tilbyr"},"content":{"rendered":"\n<h2 class=\"wp-block-heading\" id=\"h-aktiviteter-og-servicetilbud\">Aktiviteter og servicetilbud<\/h2>\n\n\n\n<p>Det er viktig for oss at beboerne v\u00e5re skal leve gode liv. Vi&nbsp;har derfor et bredt aktivitets- og kulturtilbud, og har som m\u00e5l at b\u00e5de beboere, ansatte, p\u00e5r\u00f8rende og frivillige skal trives.<\/p>\n\n\n\n<p><a href=\"https:\/\/kirkensbymisjon.no\/tilbud-valerengahjemmet-bo-og-kultursenter\/#program\">Her<\/a> finner du kulturprogram og ukesplan.<\/p>\n\n\n\n<figure class=\"wp-block-image size-full\"><img loading=\"lazy\" decoding=\"async\" width=\"2560\" height=\"1920\" src=\"https:\/\/kirkensbymisjon.no\/content\/uploads\/sites\/46\/2024\/08\/Tilbud_Valerengahjemmet_05-scaled.jpg\" alt=\"V\u00e5lerengahjemmets beboere ute i hagen.\" class=\"wp-image-38\" srcset=\"https:\/\/kirkensbymisjon.no\/content\/uploads\/sites\/46\/2024\/08\/Tilbud_Valerengahjemmet_05-scaled.jpg 2560w, https:\/\/kirkensbymisjon.no\/content\/uploads\/sites\/46\/2024\/08\/Tilbud_Valerengahjemmet_05-300x225.jpg 300w, https:\/\/kirkensbymisjon.no\/content\/uploads\/sites\/46\/2024\/08\/Tilbud_Valerengahjemmet_05-1024x768.jpg 1024w, https:\/\/kirkensbymisjon.no\/content\/uploads\/sites\/46\/2024\/08\/Tilbud_Valerengahjemmet_05-768x576.jpg 768w, https:\/\/kirkensbymisjon.no\/content\/uploads\/sites\/46\/2024\/08\/Tilbud_Valerengahjemmet_05-1536x1152.jpg 1536w, https:\/\/kirkensbymisjon.no\/content\/uploads\/sites\/46\/2024\/08\/Tilbud_Valerengahjemmet_05-2048x1536.jpg 2048w\" sizes=\"auto, (max-width: 2560px) 100vw, 2560px\" \/><\/figure>\n\n\n\n<h2 class=\"wp-block-heading\" id=\"h-vare-faste-tilbud-for-beboere\">V\u00e5re faste tilbud for beboere<\/h2>\n\n\n<div class=\"t2-accordion wp-block-t2-accordion\" data-allow-multiple=\"1\" role=\"list\">\n<div class=\"t2-accordion-item wp-block-t2-accordion-item\" role=\"listitem\">\n\t\t\t<h3 class=\"t2-accordion-title\">\n\t\t\t\t<button type=\"button\" class=\"t2-accordion-trigger\" id=\"v\u00e5re-faste-aktiviteter\" aria-controls=\"accordion-panel\" aria-expanded=\"false\">\n\t\t\t\t\tV\u00e5re faste aktiviteter\n\t\t\t\t\t<span class=\"t2-accordion-icon is-closed-icon\"><svg xmlns=\"http:\/\/www.w3.org\/2000\/svg\" viewBox=\"0 0 24 24\" height=\"24\" width=\"24\" class=\"t2-icon t2-icon-plus\" aria-hidden=\"true\" focusable=\"false\"><path d=\"M11.8 5.037a1.088 1.088 0 0 0-.722.566c-.075.148-.078.25-.078 2.772v2.619l-2.61.016c-1.867.012-2.652.03-2.756.064-.168.055-.438.301-.54.494-.049.092-.07.223-.07.432 0 .34.054.476.282.704.289.289.14.275 3.064.288l2.63.012v2.619c0 2.544.002 2.625.08 2.778.191.372.516.577.92.577s.729-.205.92-.577c.078-.153.08-.234.08-2.778v-2.619l2.63-.012c2.924-.013 2.775.001 3.064-.288.228-.228.282-.364.282-.704 0-.209-.021-.34-.07-.432-.102-.193-.372-.439-.54-.494-.104-.034-.889-.052-2.756-.064L13 10.994V8.375c0-2.522-.003-2.624-.078-2.772-.214-.418-.685-.656-1.122-.566\"\/><\/svg><\/span>\n\t\t\t\t\t<span class=\"t2-accordion-icon is-open-icon\"><svg xmlns=\"http:\/\/www.w3.org\/2000\/svg\" viewBox=\"0 0 24 24\" height=\"24\" width=\"24\" class=\"t2-icon t2-icon-chevronup\" aria-hidden=\"true\" focusable=\"false\"><path d=\"M6.7 14.7c-.2-.2-.3-.4-.3-.7s.1-.5.3-.7l4.6-4.6c.1-.1.2-.2.3-.2.1 0 .2-.1.4-.1.1 0 .3 0 .4.1.1 0 .2.1.3.2l4.6 4.6c.2.2.3.4.3.7s-.1.5-.3.7c-.2.2-.4.3-.7.3s-.5-.1-.7-.3L12 10.8l-3.9 3.9c-.2.2-.4.3-.7.3s-.5-.1-.7-.3z\" fill=\"currentColor\" \/><\/svg><\/span>\n\t\t\t\t<\/button>\n\t\t\t<\/h3>\n\t\t\t<div class=\"t2-accordion-item__inner-container is-layout-flow\" id=\"accordion-panel\" aria-labelledby=\"v\u00e5re-faste-aktiviteter\" role=\"region\" hidden>\n\t\t\t\t\n\n<p>Vi p\u00e5 V\u00e5lerengahjemmet er opptatt av at beboerne skal leve gode liv hos oss. Vi har derfor et bredt aktivitets- og kulturtilbud der m\u00e5let er at alle skal f\u00e5 oppleve mestring og et godt hverdagsliv.<\/p>\n\n\n\n<ul class=\"wp-block-list\">\n<li><strong>Fysio- og ergoterapiavdelingen<\/strong>&nbsp;gir tilbud&nbsp;p\u00e5 dagtid mandag-fredag. Tilbudet omfatter faste, ukentlige aktiviteter basert p\u00e5 beboernes interesser, samt forebyggende behandling, opptrening og tilpassing av tekniske hjelpemidler. I tillegg gis oppl\u00e6ring og veiledning av personalet.<\/li>\n\n\n\n<li><strong>Kultur- og frivillighetsavdelingen<\/strong>&nbsp;gir tilbud om faste aktiviteter, b\u00e5de i sm\u00e5 grupper og individuelt, samt st\u00f8rre fellesarrangementer. Tilbudet er f\u00f8rst og fremst rettet mot beboere og p\u00e5r\u00f8rende, men fellesarrangementer er ogs\u00e5 \u00e5pne for n\u00e6rmilj\u00f8et.<\/li>\n\n\n\n<li><strong>Kulturprogrammet<\/strong>&nbsp;beskriver alle de \u00e5pne arrangementene, og distribueres i&nbsp;januar og august. Kultur- og frivillighetsleder legger til rette for at personer kan gj\u00f8re en frivillig, ul\u00f8nnet innsats til glede for beboerne.<\/li>\n\n\n\n<li><strong>Sykehjemspresten<\/strong> er tilstede hver mandag og onsdag. Presten tilbyr ukentlige andakter\/gudstjenester, samtaler med beboere og p\u00e5r\u00f8rende, og har etisk refleksjon med ansatte.<\/li>\n<\/ul>\n\n\n\t\t\t<\/div>\n\t\t<\/div>\n\n<div class=\"t2-accordion-item wp-block-t2-accordion-item\" role=\"listitem\">\n\t\t\t<h3 class=\"t2-accordion-title\">\n\t\t\t\t<button type=\"button\" class=\"t2-accordion-trigger\" id=\"servicetilbud\" aria-controls=\"accordion-panel-1\" aria-expanded=\"false\">\n\t\t\t\t\tServicetilbud\n\t\t\t\t\t<span class=\"t2-accordion-icon is-closed-icon\"><svg xmlns=\"http:\/\/www.w3.org\/2000\/svg\" viewBox=\"0 0 24 24\" height=\"24\" width=\"24\" class=\"t2-icon t2-icon-plus\" aria-hidden=\"true\" focusable=\"false\"><path d=\"M11.8 5.037a1.088 1.088 0 0 0-.722.566c-.075.148-.078.25-.078 2.772v2.619l-2.61.016c-1.867.012-2.652.03-2.756.064-.168.055-.438.301-.54.494-.049.092-.07.223-.07.432 0 .34.054.476.282.704.289.289.14.275 3.064.288l2.63.012v2.619c0 2.544.002 2.625.08 2.778.191.372.516.577.92.577s.729-.205.92-.577c.078-.153.08-.234.08-2.778v-2.619l2.63-.012c2.924-.013 2.775.001 3.064-.288.228-.228.282-.364.282-.704 0-.209-.021-.34-.07-.432-.102-.193-.372-.439-.54-.494-.104-.034-.889-.052-2.756-.064L13 10.994V8.375c0-2.522-.003-2.624-.078-2.772-.214-.418-.685-.656-1.122-.566\"\/><\/svg><\/span>\n\t\t\t\t\t<span class=\"t2-accordion-icon is-open-icon\"><svg xmlns=\"http:\/\/www.w3.org\/2000\/svg\" viewBox=\"0 0 24 24\" height=\"24\" width=\"24\" class=\"t2-icon t2-icon-chevronup\" aria-hidden=\"true\" focusable=\"false\"><path d=\"M6.7 14.7c-.2-.2-.3-.4-.3-.7s.1-.5.3-.7l4.6-4.6c.1-.1.2-.2.3-.2.1 0 .2-.1.4-.1.1 0 .3 0 .4.1.1 0 .2.1.3.2l4.6 4.6c.2.2.3.4.3.7s-.1.5-.3.7c-.2.2-.4.3-.7.3s-.5-.1-.7-.3L12 10.8l-3.9 3.9c-.2.2-.4.3-.7.3s-.5-.1-.7-.3z\" fill=\"currentColor\" \/><\/svg><\/span>\n\t\t\t\t<\/button>\n\t\t\t<\/h3>\n\t\t\t<div class=\"t2-accordion-item__inner-container is-layout-flow\" id=\"accordion-panel-1\" aria-labelledby=\"servicetilbud\" role=\"region\" hidden>\n\t\t\t\t\n\n<p><strong>Kaf\u00e9en v\u00e5r<\/strong>&nbsp;er \u00e5pen fra kl. 11.00\u201314.00 alle hverdager. Her serveres det deilig varmmat, sm\u00f8rbr\u00f8d, kaker m.m., samt at det selges kioskvarer.<\/p>\n\n\n\n<p><strong>Fotpleier og fris\u00f8r<\/strong>&nbsp;bes\u00f8ker oss p\u00e5 V\u00e5lerengahjemmet ved behov, og er et selvfinansierende tilbud for beboerne og n\u00e6rmilj\u00f8et.<\/p>\n\n\n\t\t\t<\/div>\n\t\t<\/div>\n<\/div>\n\n\n<h2 class=\"wp-block-heading\" id=\"h-hvordan-vi-jobber\">Hvordan vi jobber<\/h2>\n\n\n<div class=\"t2-accordion wp-block-t2-accordion\" data-allow-multiple=\"1\" role=\"list\">\n<div class=\"t2-accordion-item wp-block-t2-accordion-item\" role=\"listitem\">\n\t\t\t<h2 class=\"t2-accordion-title\">\n\t\t\t\t<button type=\"button\" class=\"t2-accordion-trigger\" id=\"v\u00e5re-avdelinger\" aria-controls=\"accordion-panel-2\" aria-expanded=\"false\">\n\t\t\t\t\tV\u00e5re avdelinger\n\t\t\t\t\t<span class=\"t2-accordion-icon is-closed-icon\"><svg xmlns=\"http:\/\/www.w3.org\/2000\/svg\" viewBox=\"0 0 24 24\" height=\"24\" width=\"24\" class=\"t2-icon t2-icon-plus\" aria-hidden=\"true\" focusable=\"false\"><path d=\"M11.8 5.037a1.088 1.088 0 0 0-.722.566c-.075.148-.078.25-.078 2.772v2.619l-2.61.016c-1.867.012-2.652.03-2.756.064-.168.055-.438.301-.54.494-.049.092-.07.223-.07.432 0 .34.054.476.282.704.289.289.14.275 3.064.288l2.63.012v2.619c0 2.544.002 2.625.08 2.778.191.372.516.577.92.577s.729-.205.92-.577c.078-.153.08-.234.08-2.778v-2.619l2.63-.012c2.924-.013 2.775.001 3.064-.288.228-.228.282-.364.282-.704 0-.209-.021-.34-.07-.432-.102-.193-.372-.439-.54-.494-.104-.034-.889-.052-2.756-.064L13 10.994V8.375c0-2.522-.003-2.624-.078-2.772-.214-.418-.685-.656-1.122-.566\"\/><\/svg><\/span>\n\t\t\t\t\t<span class=\"t2-accordion-icon is-open-icon\"><svg xmlns=\"http:\/\/www.w3.org\/2000\/svg\" viewBox=\"0 0 24 24\" height=\"24\" width=\"24\" class=\"t2-icon t2-icon-chevronup\" aria-hidden=\"true\" focusable=\"false\"><path d=\"M6.7 14.7c-.2-.2-.3-.4-.3-.7s.1-.5.3-.7l4.6-4.6c.1-.1.2-.2.3-.2.1 0 .2-.1.4-.1.1 0 .3 0 .4.1.1 0 .2.1.3.2l4.6 4.6c.2.2.3.4.3.7s-.1.5-.3.7c-.2.2-.4.3-.7.3s-.5-.1-.7-.3L12 10.8l-3.9 3.9c-.2.2-.4.3-.7.3s-.5-.1-.7-.3z\" fill=\"currentColor\" \/><\/svg><\/span>\n\t\t\t\t<\/button>\n\t\t\t<\/h2>\n\t\t\t<div class=\"t2-accordion-item__inner-container is-layout-flow\" id=\"accordion-panel-2\" aria-labelledby=\"v\u00e5re-avdelinger\" role=\"region\" hidden>\n\t\t\t\t\n\n<p>V\u00e5lerengahjemmet bo- og kulturenter har totalt 87 plasser: <br>62 langtidsplasser og 25 plasser i skjermet enhet for personer med demens. Plassene er fordelt p\u00e5 3 poster:<\/p>\n\n\n\n<ul class=\"wp-block-list\">\n<li><strong>Post 1<\/strong>&nbsp;med 31 langtidsplasser.<\/li>\n\n\n\n<li><strong>Post 2<\/strong>&nbsp;med 31 langtidsplasser.<\/li>\n\n\n\n<li><strong>Post 3<\/strong>\u00a0med 25 langtidsplasser i skjermet enhet for\u00a0personer med demens\u00a0fordelt p\u00e5 4 sm\u00e5 enheter. <\/li>\n<\/ul>\n\n\n\n<p><strong>Kj\u00f8kkenet<\/strong>\u00a0v\u00e5rt leverer hjemmelaget lunsj og middag til postene daglig, inkludert spesialkost til beboere som trenger dette. Maten lages samme dag som maten serveres, utenom helg da det serveres egenprodusert sous vide mat som varmes p\u00e5 postene. Ut over dette kan vi tilby catering og hjemmebakts til ulike anledninger. <br>Ta gjerne kontakt med kj\u00f8kkensjef p\u00e5 e-post: <a href=\"mailto:anders.lindaas@bymisjon.no\">anders.lindaas@bymisjon.no<\/a><\/p>\n\n\n\n<p><strong>Kontoravdelingen<\/strong>&nbsp;har blant annet ansvar for resepsjonstjenester, beboerregnskap og posth\u00e5ndtering.<\/p>\n\n\n\n<p><strong>Vaskeriet<\/strong>&nbsp;ivaretar vask og stell av beboernes kl\u00e6r, samt arbeidskl\u00e6r, senget\u00f8y m.m. P\u00e5 oppdrag vasker og steller de ogs\u00e5 t\u00f8y til hjemmeboende eldre.<\/p>\n\n\n\n<p><strong>Driftsleder<\/strong>&nbsp;har ansvar for alt det driftstekniske og vedlikeholdsmessige ved V\u00e5lerengahjemmet, samt for uteareal. Han er ogs\u00e5 institusjonens brannvernleder.<\/p>\n\n\n\t\t\t<\/div>\n\t\t<\/div>\n\n<div class=\"t2-accordion-item wp-block-t2-accordion-item\" role=\"listitem\">\n\t\t\t<h2 class=\"t2-accordion-title\">\n\t\t\t\t<button type=\"button\" class=\"t2-accordion-trigger\" id=\"samarbeid-med-v\u00e5re-p\u00e5r\u00f8rende\" aria-controls=\"accordion-panel-3\" aria-expanded=\"false\">\n\t\t\t\t\tSamarbeid med v\u00e5re p\u00e5r\u00f8rende\n\t\t\t\t\t<span class=\"t2-accordion-icon is-closed-icon\"><svg xmlns=\"http:\/\/www.w3.org\/2000\/svg\" viewBox=\"0 0 24 24\" height=\"24\" width=\"24\" class=\"t2-icon t2-icon-plus\" aria-hidden=\"true\" focusable=\"false\"><path d=\"M11.8 5.037a1.088 1.088 0 0 0-.722.566c-.075.148-.078.25-.078 2.772v2.619l-2.61.016c-1.867.012-2.652.03-2.756.064-.168.055-.438.301-.54.494-.049.092-.07.223-.07.432 0 .34.054.476.282.704.289.289.14.275 3.064.288l2.63.012v2.619c0 2.544.002 2.625.08 2.778.191.372.516.577.92.577s.729-.205.92-.577c.078-.153.08-.234.08-2.778v-2.619l2.63-.012c2.924-.013 2.775.001 3.064-.288.228-.228.282-.364.282-.704 0-.209-.021-.34-.07-.432-.102-.193-.372-.439-.54-.494-.104-.034-.889-.052-2.756-.064L13 10.994V8.375c0-2.522-.003-2.624-.078-2.772-.214-.418-.685-.656-1.122-.566\"\/><\/svg><\/span>\n\t\t\t\t\t<span class=\"t2-accordion-icon is-open-icon\"><svg xmlns=\"http:\/\/www.w3.org\/2000\/svg\" viewBox=\"0 0 24 24\" height=\"24\" width=\"24\" class=\"t2-icon t2-icon-chevronup\" aria-hidden=\"true\" focusable=\"false\"><path d=\"M6.7 14.7c-.2-.2-.3-.4-.3-.7s.1-.5.3-.7l4.6-4.6c.1-.1.2-.2.3-.2.1 0 .2-.1.4-.1.1 0 .3 0 .4.1.1 0 .2.1.3.2l4.6 4.6c.2.2.3.4.3.7s-.1.5-.3.7c-.2.2-.4.3-.7.3s-.5-.1-.7-.3L12 10.8l-3.9 3.9c-.2.2-.4.3-.7.3s-.5-.1-.7-.3z\" fill=\"currentColor\" \/><\/svg><\/span>\n\t\t\t\t<\/button>\n\t\t\t<\/h2>\n\t\t\t<div class=\"t2-accordion-item__inner-container is-layout-flow\" id=\"accordion-panel-3\" aria-labelledby=\"samarbeid-med-v\u00e5re-p\u00e5r\u00f8rende\" role=\"region\" hidden>\n\t\t\t\t\n\n<p>P\u00e5r\u00f8rende er en viktig del av hverdagen til mange av v\u00e5re beboere, og det er derfor viktig at de opprettholder denne kontakten ogs\u00e5 n\u00e5r de kommer til oss.<\/p>\n\n\n\n<p>P\u00e5r\u00f8rende er hjertelig velkomne til oss p\u00e5 bes\u00f8k, enten det er p\u00e5 rommet, p\u00e5 spisestua eller i kaf\u00e9en. De fleste av v\u00e5re fellesarrangementer er \u00e5pne for p\u00e5r\u00f8rende og andre utenfra. Det er ogs\u00e5 mulig \u00e5 leie Erindringskaf\u00e9en eller Gjestestua dersom man \u00f8nsker \u00e5 feire bursdag eller andre merkedager.<\/p>\n\n\n\n<p>Alle nye beboere har en innkomstsamtale med de ansatte p\u00e5 sin post, samt det tverrfaglige teamet (lege, fysioterapeut, ergoterapeut og musikkterapeut) rett etter innkomst. I tillegg f\u00e5r p\u00e5r\u00f8rende tilbud om \u00e5rlig oppf\u00f8lgingssamtale, samt at p\u00e5r\u00f8rende kan be om samtale etter behov.\u00a0Vi \u00f8nsker at b\u00e5de beboere og p\u00e5r\u00f8rende skal trives hos oss og setter pris p\u00e5 all tilbakemelding som kan hjelpe oss \u00e5 oppn\u00e5 dette.<\/p>\n\n\n\t\t\t<\/div>\n\t\t<\/div>\n\n<div class=\"t2-accordion-item wp-block-t2-accordion-item\" role=\"listitem\">\n\t\t\t<h2 class=\"t2-accordion-title\">\n\t\t\t\t<button type=\"button\" class=\"t2-accordion-trigger\" id=\"&lt;strong&gt;beboer-og-p\u00e5r\u00f8rendeutvalg&lt;\/strong&gt;\" aria-controls=\"accordion-panel-4\" aria-expanded=\"false\">\n\t\t\t\t\tBeboer- og p\u00e5r\u00f8rendeutvalg\n\t\t\t\t\t<span class=\"t2-accordion-icon is-closed-icon\"><svg xmlns=\"http:\/\/www.w3.org\/2000\/svg\" viewBox=\"0 0 24 24\" height=\"24\" width=\"24\" class=\"t2-icon t2-icon-plus\" aria-hidden=\"true\" focusable=\"false\"><path d=\"M11.8 5.037a1.088 1.088 0 0 0-.722.566c-.075.148-.078.25-.078 2.772v2.619l-2.61.016c-1.867.012-2.652.03-2.756.064-.168.055-.438.301-.54.494-.049.092-.07.223-.07.432 0 .34.054.476.282.704.289.289.14.275 3.064.288l2.63.012v2.619c0 2.544.002 2.625.08 2.778.191.372.516.577.92.577s.729-.205.92-.577c.078-.153.08-.234.08-2.778v-2.619l2.63-.012c2.924-.013 2.775.001 3.064-.288.228-.228.282-.364.282-.704 0-.209-.021-.34-.07-.432-.102-.193-.372-.439-.54-.494-.104-.034-.889-.052-2.756-.064L13 10.994V8.375c0-2.522-.003-2.624-.078-2.772-.214-.418-.685-.656-1.122-.566\"\/><\/svg><\/span>\n\t\t\t\t\t<span class=\"t2-accordion-icon is-open-icon\"><svg xmlns=\"http:\/\/www.w3.org\/2000\/svg\" viewBox=\"0 0 24 24\" height=\"24\" width=\"24\" class=\"t2-icon t2-icon-chevronup\" aria-hidden=\"true\" focusable=\"false\"><path d=\"M6.7 14.7c-.2-.2-.3-.4-.3-.7s.1-.5.3-.7l4.6-4.6c.1-.1.2-.2.3-.2.1 0 .2-.1.4-.1.1 0 .3 0 .4.1.1 0 .2.1.3.2l4.6 4.6c.2.2.3.4.3.7s-.1.5-.3.7c-.2.2-.4.3-.7.3s-.5-.1-.7-.3L12 10.8l-3.9 3.9c-.2.2-.4.3-.7.3s-.5-.1-.7-.3z\" fill=\"currentColor\" \/><\/svg><\/span>\n\t\t\t\t<\/button>\n\t\t\t<\/h2>\n\t\t\t<div class=\"t2-accordion-item__inner-container is-layout-flow\" id=\"accordion-panel-4\" aria-labelledby=\"&lt;strong&gt;beboer-og-p\u00e5r\u00f8rendeutvalg&lt;\/strong&gt;\" role=\"region\" hidden>\n\t\t\t\t\n\n<p>Beboer- og p\u00e5r\u00f8rendeutvalget m\u00f8tes 4 ganger i \u00e5ret og best\u00e5r av 3 beboere, 2 p\u00e5r\u00f8rende og 1 ansatt, samt virksomhetsleder.&nbsp;<\/p>\n\n\n\t\t\t<\/div>\n\t\t<\/div>\n<\/div>","protected":false},"excerpt":{"rendered":"<p>Aktiviteter og servicetilbud Det er viktig for oss at beboerne v\u00e5re skal leve gode liv.&hellip;<\/p>\n","protected":false},"author":6,"featured_media":0,"parent":0,"menu_order":0,"comment_status":"closed","ping_status":"closed","template":"","meta":{"_relevanssi_hide_post":"","_relevanssi_hide_content":"","_relevanssi_pin_for_all":"","_relevanssi_pin_keywords":"","_relevanssi_unpin_keywords":"","_relevanssi_related_keywords":"","_relevanssi_related_include_ids":"","_relevanssi_related_exclude_ids":"","_relevanssi_related_no_append":"","_relevanssi_related_not_related":"","_relevanssi_related_posts":"1","_relevanssi_noindex_reason":"","editor_notices":[],"footnotes":""},"class_list":["post-11","page","type-page","status-publish","hentry"],"yoast_head":"<!-- This site is optimized with the Yoast SEO Premium plugin v27.2 (Yoast SEO v27.4) - https:\/\/yoast.com\/product\/yoast-seo-premium-wordpress\/ -->\n<title>Hva vi tilbyr - V\u00e5lerengahjemmet bo- og kultursenter<\/title>\n<meta name=\"robots\" content=\"index, follow, max-snippet:-1, max-image-preview:large, max-video-preview:-1\" \/>\n<link rel=\"canonical\" href=\"https:\/\/kirkensbymisjon.no\/tilbud-valerengahjemmet-bo-og-kultursenter\/hva-vi-tilbyr\/\" \/>\n<meta property=\"og:locale\" content=\"nb_NO\" \/>\n<meta property=\"og:type\" content=\"article\" \/>\n<meta property=\"og:title\" content=\"Hva vi tilbyr\" \/>\n<meta property=\"og:description\" content=\"Aktiviteter og servicetilbud Det er viktig for oss at beboerne v\u00e5re skal leve gode liv.&hellip;\" \/>\n<meta property=\"og:url\" content=\"https:\/\/kirkensbymisjon.no\/tilbud-valerengahjemmet-bo-og-kultursenter\/hva-vi-tilbyr\/\" \/>\n<meta property=\"og:site_name\" content=\"V\u00e5lerengahjemmet bo- og kultursenter\" \/>\n<meta property=\"article:modified_time\" content=\"2025-03-11T12:39:03+00:00\" \/>\n<meta property=\"og:image\" content=\"https:\/\/kirkensbymisjon.no\/content\/uploads\/sites\/46\/2024\/08\/Tilbud_Valerengahjemmet_05-scaled.jpg\" \/>\n\t<meta property=\"og:image:width\" content=\"2560\" \/>\n\t<meta property=\"og:image:height\" content=\"1920\" \/>\n\t<meta property=\"og:image:type\" content=\"image\/jpeg\" \/>\n<meta name=\"twitter:card\" content=\"summary_large_image\" \/>\n<meta name=\"twitter:label1\" content=\"Ansl. lesetid\" \/>\n\t<meta name=\"twitter:data1\" content=\"4 minutter\" \/>\n<script type=\"application\/ld+json\" class=\"yoast-schema-graph\">{\"@context\":\"https:\\\/\\\/schema.org\",\"@graph\":[{\"@type\":\"WebPage\",\"@id\":\"https:\\\/\\\/kirkensbymisjon.no\\\/tilbud-valerengahjemmet-bo-og-kultursenter\\\/hva-vi-tilbyr\\\/\",\"url\":\"https:\\\/\\\/kirkensbymisjon.no\\\/tilbud-valerengahjemmet-bo-og-kultursenter\\\/hva-vi-tilbyr\\\/\",\"name\":\"Hva vi tilbyr - V\u00e5lerengahjemmet bo- og kultursenter\",\"isPartOf\":{\"@id\":\"https:\\\/\\\/kirkensbymisjon.no\\\/tilbud-valerengahjemmet-bo-og-kultursenter\\\/#website\"},\"primaryImageOfPage\":{\"@id\":\"https:\\\/\\\/kirkensbymisjon.no\\\/tilbud-valerengahjemmet-bo-og-kultursenter\\\/hva-vi-tilbyr\\\/#primaryimage\"},\"image\":{\"@id\":\"https:\\\/\\\/kirkensbymisjon.no\\\/tilbud-valerengahjemmet-bo-og-kultursenter\\\/hva-vi-tilbyr\\\/#primaryimage\"},\"thumbnailUrl\":\"https:\\\/\\\/kirkensbymisjon.no\\\/content\\\/uploads\\\/sites\\\/46\\\/2024\\\/08\\\/Tilbud_Valerengahjemmet_05-scaled.jpg\",\"datePublished\":\"2024-07-24T11:15:03+00:00\",\"dateModified\":\"2025-03-11T12:39:03+00:00\",\"breadcrumb\":{\"@id\":\"https:\\\/\\\/kirkensbymisjon.no\\\/tilbud-valerengahjemmet-bo-og-kultursenter\\\/hva-vi-tilbyr\\\/#breadcrumb\"},\"inLanguage\":\"nb-NO\",\"potentialAction\":[{\"@type\":\"ReadAction\",\"target\":[\"https:\\\/\\\/kirkensbymisjon.no\\\/tilbud-valerengahjemmet-bo-og-kultursenter\\\/hva-vi-tilbyr\\\/\"]}]},{\"@type\":\"ImageObject\",\"inLanguage\":\"nb-NO\",\"@id\":\"https:\\\/\\\/kirkensbymisjon.no\\\/tilbud-valerengahjemmet-bo-og-kultursenter\\\/hva-vi-tilbyr\\\/#primaryimage\",\"url\":\"https:\\\/\\\/kirkensbymisjon.no\\\/content\\\/uploads\\\/sites\\\/46\\\/2024\\\/08\\\/Tilbud_Valerengahjemmet_05-scaled.jpg\",\"contentUrl\":\"https:\\\/\\\/kirkensbymisjon.no\\\/content\\\/uploads\\\/sites\\\/46\\\/2024\\\/08\\\/Tilbud_Valerengahjemmet_05-scaled.jpg\"},{\"@type\":\"BreadcrumbList\",\"@id\":\"https:\\\/\\\/kirkensbymisjon.no\\\/tilbud-valerengahjemmet-bo-og-kultursenter\\\/hva-vi-tilbyr\\\/#breadcrumb\",\"itemListElement\":[{\"@type\":\"ListItem\",\"position\":1,\"name\":\"Hjem\",\"item\":\"https:\\\/\\\/kirkensbymisjon.no\\\/tilbud-valerengahjemmet-bo-og-kultursenter\\\/\"},{\"@type\":\"ListItem\",\"position\":2,\"name\":\"Hva vi tilbyr\"}]},{\"@type\":\"WebSite\",\"@id\":\"https:\\\/\\\/kirkensbymisjon.no\\\/tilbud-valerengahjemmet-bo-og-kultursenter\\\/#website\",\"url\":\"https:\\\/\\\/kirkensbymisjon.no\\\/tilbud-valerengahjemmet-bo-og-kultursenter\\\/\",\"name\":\"V\u00e5lerengahjemmet bo- og kultursenter\",\"description\":\"\",\"potentialAction\":[{\"@type\":\"SearchAction\",\"target\":{\"@type\":\"EntryPoint\",\"urlTemplate\":\"https:\\\/\\\/kirkensbymisjon.no\\\/tilbud-valerengahjemmet-bo-og-kultursenter\\\/?s={search_term_string}\"},\"query-input\":{\"@type\":\"PropertyValueSpecification\",\"valueRequired\":true,\"valueName\":\"search_term_string\"}}],\"inLanguage\":\"nb-NO\"}]}<\/script>\n<!-- \/ Yoast SEO Premium plugin. -->","yoast_head_json":{"title":"Hva vi tilbyr - V\u00e5lerengahjemmet bo- og kultursenter","robots":{"index":"index","follow":"follow","max-snippet":"max-snippet:-1","max-image-preview":"max-image-preview:large","max-video-preview":"max-video-preview:-1"},"canonical":"https:\/\/kirkensbymisjon.no\/tilbud-valerengahjemmet-bo-og-kultursenter\/hva-vi-tilbyr\/","og_locale":"nb_NO","og_type":"article","og_title":"Hva vi tilbyr","og_description":"Aktiviteter og servicetilbud Det er viktig for oss at beboerne v\u00e5re skal leve gode liv.&hellip;","og_url":"https:\/\/kirkensbymisjon.no\/tilbud-valerengahjemmet-bo-og-kultursenter\/hva-vi-tilbyr\/","og_site_name":"V\u00e5lerengahjemmet bo- og kultursenter","article_modified_time":"2025-03-11T12:39:03+00:00","og_image":[{"width":2560,"height":1920,"url":"https:\/\/kirkensbymisjon.no\/content\/uploads\/sites\/46\/2024\/08\/Tilbud_Valerengahjemmet_05-scaled.jpg","type":"image\/jpeg"}],"twitter_card":"summary_large_image","twitter_misc":{"Ansl. lesetid":"4 minutter"},"schema":{"@context":"https:\/\/schema.org","@graph":[{"@type":"WebPage","@id":"https:\/\/kirkensbymisjon.no\/tilbud-valerengahjemmet-bo-og-kultursenter\/hva-vi-tilbyr\/","url":"https:\/\/kirkensbymisjon.no\/tilbud-valerengahjemmet-bo-og-kultursenter\/hva-vi-tilbyr\/","name":"Hva vi tilbyr - V\u00e5lerengahjemmet bo- og kultursenter","isPartOf":{"@id":"https:\/\/kirkensbymisjon.no\/tilbud-valerengahjemmet-bo-og-kultursenter\/#website"},"primaryImageOfPage":{"@id":"https:\/\/kirkensbymisjon.no\/tilbud-valerengahjemmet-bo-og-kultursenter\/hva-vi-tilbyr\/#primaryimage"},"image":{"@id":"https:\/\/kirkensbymisjon.no\/tilbud-valerengahjemmet-bo-og-kultursenter\/hva-vi-tilbyr\/#primaryimage"},"thumbnailUrl":"https:\/\/kirkensbymisjon.no\/content\/uploads\/sites\/46\/2024\/08\/Tilbud_Valerengahjemmet_05-scaled.jpg","datePublished":"2024-07-24T11:15:03+00:00","dateModified":"2025-03-11T12:39:03+00:00","breadcrumb":{"@id":"https:\/\/kirkensbymisjon.no\/tilbud-valerengahjemmet-bo-og-kultursenter\/hva-vi-tilbyr\/#breadcrumb"},"inLanguage":"nb-NO","potentialAction":[{"@type":"ReadAction","target":["https:\/\/kirkensbymisjon.no\/tilbud-valerengahjemmet-bo-og-kultursenter\/hva-vi-tilbyr\/"]}]},{"@type":"ImageObject","inLanguage":"nb-NO","@id":"https:\/\/kirkensbymisjon.no\/tilbud-valerengahjemmet-bo-og-kultursenter\/hva-vi-tilbyr\/#primaryimage","url":"https:\/\/kirkensbymisjon.no\/content\/uploads\/sites\/46\/2024\/08\/Tilbud_Valerengahjemmet_05-scaled.jpg","contentUrl":"https:\/\/kirkensbymisjon.no\/content\/uploads\/sites\/46\/2024\/08\/Tilbud_Valerengahjemmet_05-scaled.jpg"},{"@type":"BreadcrumbList","@id":"https:\/\/kirkensbymisjon.no\/tilbud-valerengahjemmet-bo-og-kultursenter\/hva-vi-tilbyr\/#breadcrumb","itemListElement":[{"@type":"ListItem","position":1,"name":"Hjem","item":"https:\/\/kirkensbymisjon.no\/tilbud-valerengahjemmet-bo-og-kultursenter\/"},{"@type":"ListItem","position":2,"name":"Hva vi tilbyr"}]},{"@type":"WebSite","@id":"https:\/\/kirkensbymisjon.no\/tilbud-valerengahjemmet-bo-og-kultursenter\/#website","url":"https:\/\/kirkensbymisjon.no\/tilbud-valerengahjemmet-bo-og-kultursenter\/","name":"V\u00e5lerengahjemmet bo- og kultursenter","description":"","potentialAction":[{"@type":"SearchAction","target":{"@type":"EntryPoint","urlTemplate":"https:\/\/kirkensbymisjon.no\/tilbud-valerengahjemmet-bo-og-kultursenter\/?s={search_term_string}"},"query-input":{"@type":"PropertyValueSpecification","valueRequired":true,"valueName":"search_term_string"}}],"inLanguage":"nb-NO"}]}},"_links":{"self":[{"href":"https:\/\/kirkensbymisjon.no\/tilbud-valerengahjemmet-bo-og-kultursenter\/wp-json\/wp\/v2\/pages\/11","targetHints":{"allow":["GET"]}}],"collection":[{"href":"https:\/\/kirkensbymisjon.no\/tilbud-valerengahjemmet-bo-og-kultursenter\/wp-json\/wp\/v2\/pages"}],"about":[{"href":"https:\/\/kirkensbymisjon.no\/tilbud-valerengahjemmet-bo-og-kultursenter\/wp-json\/wp\/v2\/types\/page"}],"author":[{"embeddable":true,"href":"https:\/\/kirkensbymisjon.no\/tilbud-valerengahjemmet-bo-og-kultursenter\/wp-json\/wp\/v2\/users\/6"}],"replies":[{"embeddable":true,"href":"https:\/\/kirkensbymisjon.no\/tilbud-valerengahjemmet-bo-og-kultursenter\/wp-json\/wp\/v2\/comments?post=11"}],"version-history":[{"count":4,"href":"https:\/\/kirkensbymisjon.no\/tilbud-valerengahjemmet-bo-og-kultursenter\/wp-json\/wp\/v2\/pages\/11\/revisions"}],"predecessor-version":[{"id":277,"href":"https:\/\/kirkensbymisjon.no\/tilbud-valerengahjemmet-bo-og-kultursenter\/wp-json\/wp\/v2\/pages\/11\/revisions\/277"}],"wp:attachment":[{"href":"https:\/\/kirkensbymisjon.no\/tilbud-valerengahjemmet-bo-og-kultursenter\/wp-json\/wp\/v2\/media?parent=11"}],"curies":[{"name":"wp","href":"https:\/\/api.w.org\/{rel}","templated":true}]}}