{"id":11,"date":"2024-07-24T13:17:49","date_gmt":"2024-07-24T11:17:49","guid":{"rendered":"https:\/\/kirkensbymisjon.no\/tilbud-var-frue-apen-kirke\/?page_id=11"},"modified":"2024-08-21T20:36:03","modified_gmt":"2024-08-21T18:36:03","slug":"hva-vi-tilbyr","status":"publish","type":"page","link":"https:\/\/kirkensbymisjon.no\/tilbud-var-frue-apen-kirke\/hva-vi-tilbyr\/","title":{"rendered":"Hva vi tilbyr"},"content":{"rendered":"\n<h2 class=\"wp-block-heading\" id=\"h-kulturopplevelser\">Kulturopplevelser<\/h2>\n\n\n\n<p>Kultur er en kilde til livskvalitet og mulighet til \u00e5 dele opplevelser p\u00e5 tvers av samfunns- og spr\u00e5kbarrierer.&nbsp;<\/p>\n\n\n\n<ul class=\"wp-block-list\">\n<li><strong>Kulturarrangementer: <\/strong>Vi har \u00c5pen mikrofon, Sangkaf\u00e9, konsertserien \u00abV\u00e5r Frue p\u00e5 L\u00f8rdag\u00bb og mange ulike \u00e5pne konserter, ofte i samarbeid med byens festivaler. <\/li>\n\n\n\n<li><strong>Kor\u00f8velse:<\/strong> Torsdager fra kl. 15.00\u201316.45 \u00f8ver det \u00e5pne koret \u00abLiv laga\u00bb i kirken. Det er \u00e5pent for alle. Bli med \u00e5 syng!<\/li>\n<\/ul>\n\n\n\n<h2 class=\"wp-block-heading\" id=\"h-gudstjenester\">Gudstjenester<\/h2>\n\n\n\n<p>En gudstjeneste er et sted for stillhet, b\u00f8nn, fellesskap og lystenning. V\u00e5r Frue \u2013 \u00e5pen kirke \u00f8nsker \u00e5 gi alle mennesker i byen en mulighet til \u00e5 kjenne at de har en kirke der de kan oppleve tilh\u00f8righet og samh\u00f8righet.<\/p>\n\n\n\n<ul class=\"wp-block-list\">\n<li><strong>Hverdagsb\u00f8nn:<\/strong> Alle hverdager inviterer vi til hverdagsb\u00f8nn med tekstlesing og musikk.<\/li>\n\n\n\n<li><strong>Nattverd og kveldsmesse: <\/strong>Vi har messe med nattverd tirsdag og torsdag. Annenhver fredag har vi kveldsmesse kl. 18.00.<\/li>\n<\/ul>\n\n\n\n<h2 class=\"wp-block-heading\" id=\"h-dialog-og-moter\">Dialog og m\u00f8ter<\/h2>\n\n\n\n<p>I v\u00e5r sammenheng st\u00e5r dialog for brobyggende m\u00f8ter. Enten det skjer i samtalegruppen ledet av gatepresten, under allm\u00f8tet der kirkens gjester deler det som ligger dem p\u00e5 hjertet, eller i samtalen som bare oppst\u00e5r ved bordet eller i kirkebenken.<\/p>\n\n\n\n<ul class=\"wp-block-list\">\n<li><strong>Samtalegruppe:<\/strong> Hver onsdag er det samtalegruppe fra kl. 14.30\u201315.30.<\/li>\n<\/ul>\n\n\n\n<h2 class=\"wp-block-heading\" id=\"h-diakoni-og-maltidsfellesskap\">Diakoni og m\u00e5ltidsfellesskap<\/h2>\n\n\n\n<p>Kirkens kroppsspr\u00e5k er diakoni. Det kan ogs\u00e5 kalles nestekj\u00e6rlighet eller omsorg.&nbsp;Bunnplanken i kirken er at vi insisterer p\u00e5 \u00e5 gi plass ved bordet til alle, ogs\u00e5 til den som ikke kjenner seg verdig.&nbsp;Det handler ikke om hjelp, men om \u00e5 gi en \u00e5pning for et hverdagsm\u00f8te som gir livet innhold og mening, eller utvider det. For eksempel ved \u00e5 invitere inn til fellesskap rundt et bord. <\/p>\n\n\n\n<ul class=\"wp-block-list\">\n<li><strong>Frokost:<\/strong> V\u00e5re frivillige sm\u00f8rer enkel frokost til de som er sultne om morgenen.<\/li>\n\n\n\n<li><strong>Suppe: <\/strong>Hver torsdag kveld serverer vi suppe.<\/li>\n\n\n\n<li><strong>Varmestue: <\/strong>Hver l\u00f8rdag m\u00f8tes vi til varmestue.<\/li>\n<\/ul>\n","protected":false},"excerpt":{"rendered":"<p>Kulturopplevelser Kultur er en kilde til livskvalitet og mulighet til \u00e5 dele opplevelser p\u00e5 tvers&hellip;<\/p>\n","protected":false},"author":6,"featured_media":0,"parent":0,"menu_order":0,"comment_status":"closed","ping_status":"closed","template":"","meta":{"_relevanssi_hide_post":"","_relevanssi_hide_content":"","_relevanssi_pin_for_all":"","_relevanssi_pin_keywords":"","_relevanssi_unpin_keywords":"","_relevanssi_related_keywords":"","_relevanssi_related_include_ids":"","_relevanssi_related_exclude_ids":"","_relevanssi_related_no_append":"","_relevanssi_related_not_related":"","_relevanssi_related_posts":"1","_relevanssi_noindex_reason":"","editor_notices":[],"footnotes":""},"class_list":["post-11","page","type-page","status-publish","hentry"],"yoast_head":"<!-- This site is optimized with the Yoast SEO Premium plugin v27.2 (Yoast SEO v27.2) - https:\/\/yoast.com\/product\/yoast-seo-premium-wordpress\/ -->\n<title>Hva vi tilbyr - V\u00e5r Frue \u2013 \u00e5pen kirke<\/title>\n<meta name=\"robots\" content=\"index, follow, max-snippet:-1, max-image-preview:large, max-video-preview:-1\" \/>\n<link rel=\"canonical\" href=\"https:\/\/kirkensbymisjon.no\/tilbud-var-frue-apen-kirke\/hva-vi-tilbyr\/\" \/>\n<meta property=\"og:locale\" content=\"nb_NO\" \/>\n<meta property=\"og:type\" content=\"article\" \/>\n<meta property=\"og:title\" content=\"Hva vi tilbyr\" \/>\n<meta property=\"og:description\" content=\"Kulturopplevelser Kultur er en kilde til livskvalitet og mulighet til \u00e5 dele opplevelser p\u00e5 tvers&hellip;\" \/>\n<meta property=\"og:url\" content=\"https:\/\/kirkensbymisjon.no\/tilbud-var-frue-apen-kirke\/hva-vi-tilbyr\/\" \/>\n<meta property=\"og:site_name\" content=\"V\u00e5r Frue \u2013 \u00e5pen kirke\" \/>\n<meta property=\"article:modified_time\" content=\"2024-08-21T18:36:03+00:00\" \/>\n<meta name=\"twitter:card\" content=\"summary_large_image\" \/>\n<meta name=\"twitter:label1\" content=\"Ansl. lesetid\" \/>\n\t<meta name=\"twitter:data1\" content=\"2 minutter\" \/>\n<script type=\"application\/ld+json\" class=\"yoast-schema-graph\">{\"@context\":\"https:\/\/schema.org\",\"@graph\":[{\"@type\":\"WebPage\",\"@id\":\"https:\/\/kirkensbymisjon.no\/tilbud-var-frue-apen-kirke\/hva-vi-tilbyr\/\",\"url\":\"https:\/\/kirkensbymisjon.no\/tilbud-var-frue-apen-kirke\/hva-vi-tilbyr\/\",\"name\":\"Hva vi tilbyr - V\u00e5r Frue \u2013 \u00e5pen kirke\",\"isPartOf\":{\"@id\":\"https:\/\/kirkensbymisjon.no\/tilbud-var-frue-apen-kirke\/#website\"},\"datePublished\":\"2024-07-24T11:17:49+00:00\",\"dateModified\":\"2024-08-21T18:36:03+00:00\",\"breadcrumb\":{\"@id\":\"https:\/\/kirkensbymisjon.no\/tilbud-var-frue-apen-kirke\/hva-vi-tilbyr\/#breadcrumb\"},\"inLanguage\":\"nb-NO\",\"potentialAction\":[{\"@type\":\"ReadAction\",\"target\":[\"https:\/\/kirkensbymisjon.no\/tilbud-var-frue-apen-kirke\/hva-vi-tilbyr\/\"]}]},{\"@type\":\"BreadcrumbList\",\"@id\":\"https:\/\/kirkensbymisjon.no\/tilbud-var-frue-apen-kirke\/hva-vi-tilbyr\/#breadcrumb\",\"itemListElement\":[{\"@type\":\"ListItem\",\"position\":1,\"name\":\"Hjem\",\"item\":\"https:\/\/kirkensbymisjon.no\/tilbud-var-frue-apen-kirke\/\"},{\"@type\":\"ListItem\",\"position\":2,\"name\":\"Hva vi tilbyr\"}]},{\"@type\":\"WebSite\",\"@id\":\"https:\/\/kirkensbymisjon.no\/tilbud-var-frue-apen-kirke\/#website\",\"url\":\"https:\/\/kirkensbymisjon.no\/tilbud-var-frue-apen-kirke\/\",\"name\":\"V\u00e5r Frue \u2013 \u00e5pen kirke\",\"description\":\"\",\"potentialAction\":[{\"@type\":\"SearchAction\",\"target\":{\"@type\":\"EntryPoint\",\"urlTemplate\":\"https:\/\/kirkensbymisjon.no\/tilbud-var-frue-apen-kirke\/?s={search_term_string}\"},\"query-input\":{\"@type\":\"PropertyValueSpecification\",\"valueRequired\":true,\"valueName\":\"search_term_string\"}}],\"inLanguage\":\"nb-NO\"}]}<\/script>\n<!-- \/ Yoast SEO Premium plugin. -->","yoast_head_json":{"title":"Hva vi tilbyr - V\u00e5r Frue \u2013 \u00e5pen kirke","robots":{"index":"index","follow":"follow","max-snippet":"max-snippet:-1","max-image-preview":"max-image-preview:large","max-video-preview":"max-video-preview:-1"},"canonical":"https:\/\/kirkensbymisjon.no\/tilbud-var-frue-apen-kirke\/hva-vi-tilbyr\/","og_locale":"nb_NO","og_type":"article","og_title":"Hva vi tilbyr","og_description":"Kulturopplevelser Kultur er en kilde til livskvalitet og mulighet til \u00e5 dele opplevelser p\u00e5 tvers&hellip;","og_url":"https:\/\/kirkensbymisjon.no\/tilbud-var-frue-apen-kirke\/hva-vi-tilbyr\/","og_site_name":"V\u00e5r Frue \u2013 \u00e5pen kirke","article_modified_time":"2024-08-21T18:36:03+00:00","twitter_card":"summary_large_image","twitter_misc":{"Ansl. lesetid":"2 minutter"},"schema":{"@context":"https:\/\/schema.org","@graph":[{"@type":"WebPage","@id":"https:\/\/kirkensbymisjon.no\/tilbud-var-frue-apen-kirke\/hva-vi-tilbyr\/","url":"https:\/\/kirkensbymisjon.no\/tilbud-var-frue-apen-kirke\/hva-vi-tilbyr\/","name":"Hva vi tilbyr - V\u00e5r Frue \u2013 \u00e5pen kirke","isPartOf":{"@id":"https:\/\/kirkensbymisjon.no\/tilbud-var-frue-apen-kirke\/#website"},"datePublished":"2024-07-24T11:17:49+00:00","dateModified":"2024-08-21T18:36:03+00:00","breadcrumb":{"@id":"https:\/\/kirkensbymisjon.no\/tilbud-var-frue-apen-kirke\/hva-vi-tilbyr\/#breadcrumb"},"inLanguage":"nb-NO","potentialAction":[{"@type":"ReadAction","target":["https:\/\/kirkensbymisjon.no\/tilbud-var-frue-apen-kirke\/hva-vi-tilbyr\/"]}]},{"@type":"BreadcrumbList","@id":"https:\/\/kirkensbymisjon.no\/tilbud-var-frue-apen-kirke\/hva-vi-tilbyr\/#breadcrumb","itemListElement":[{"@type":"ListItem","position":1,"name":"Hjem","item":"https:\/\/kirkensbymisjon.no\/tilbud-var-frue-apen-kirke\/"},{"@type":"ListItem","position":2,"name":"Hva vi tilbyr"}]},{"@type":"WebSite","@id":"https:\/\/kirkensbymisjon.no\/tilbud-var-frue-apen-kirke\/#website","url":"https:\/\/kirkensbymisjon.no\/tilbud-var-frue-apen-kirke\/","name":"V\u00e5r Frue \u2013 \u00e5pen kirke","description":"","potentialAction":[{"@type":"SearchAction","target":{"@type":"EntryPoint","urlTemplate":"https:\/\/kirkensbymisjon.no\/tilbud-var-frue-apen-kirke\/?s={search_term_string}"},"query-input":{"@type":"PropertyValueSpecification","valueRequired":true,"valueName":"search_term_string"}}],"inLanguage":"nb-NO"}]}},"_links":{"self":[{"href":"https:\/\/kirkensbymisjon.no\/tilbud-var-frue-apen-kirke\/wp-json\/wp\/v2\/pages\/11","targetHints":{"allow":["GET"]}}],"collection":[{"href":"https:\/\/kirkensbymisjon.no\/tilbud-var-frue-apen-kirke\/wp-json\/wp\/v2\/pages"}],"about":[{"href":"https:\/\/kirkensbymisjon.no\/tilbud-var-frue-apen-kirke\/wp-json\/wp\/v2\/types\/page"}],"author":[{"embeddable":true,"href":"https:\/\/kirkensbymisjon.no\/tilbud-var-frue-apen-kirke\/wp-json\/wp\/v2\/users\/6"}],"replies":[{"embeddable":true,"href":"https:\/\/kirkensbymisjon.no\/tilbud-var-frue-apen-kirke\/wp-json\/wp\/v2\/comments?post=11"}],"version-history":[{"count":5,"href":"https:\/\/kirkensbymisjon.no\/tilbud-var-frue-apen-kirke\/wp-json\/wp\/v2\/pages\/11\/revisions"}],"predecessor-version":[{"id":99,"href":"https:\/\/kirkensbymisjon.no\/tilbud-var-frue-apen-kirke\/wp-json\/wp\/v2\/pages\/11\/revisions\/99"}],"wp:attachment":[{"href":"https:\/\/kirkensbymisjon.no\/tilbud-var-frue-apen-kirke\/wp-json\/wp\/v2\/media?parent=11"}],"curies":[{"name":"wp","href":"https:\/\/api.w.org\/{rel}","templated":true}]}}