{"id":9,"date":"2024-07-24T13:05:31","date_gmt":"2024-07-24T11:05:31","guid":{"rendered":"https:\/\/kirkensbymisjon.no\/tilbud-vibemyr-skoleverksted\/?page_id=9"},"modified":"2025-09-02T11:04:48","modified_gmt":"2025-09-02T09:04:48","slug":"om-skoleverkstedet","status":"publish","type":"page","link":"https:\/\/kirkensbymisjon.no\/tilbud-vibemyr-skoleverksted\/om-skoleverkstedet\/","title":{"rendered":"Om skoleverkstedet"},"content":{"rendered":"\n<p>Vi er en avdeling under Gand videreg\u00e5ende skole, Sandnes, og er eid av Kirkens Bymisjon. Rogaland fylkeskommune er v\u00e5r oppdragsgiver.<\/p>\n\n\n\n<h2 class=\"wp-block-heading\" id=\"h-vart-tilbud\">V\u00e5rt tilbud<\/h2>\n\n\n<div class=\"t2-accordion wp-block-t2-accordion\" data-allow-multiple=\"1\" role=\"list\">\n<div class=\"t2-accordion-item wp-block-t2-accordion-item\" role=\"listitem\">\n\t\t\t<h2 class=\"t2-accordion-title\">\n\t\t\t\t<button type=\"button\" class=\"t2-accordion-trigger\" id=\"undervisningen\" aria-controls=\"accordion-panel\" aria-expanded=\"false\">\n\t\t\t\t\tUndervisningen\n\t\t\t\t\t<span class=\"t2-accordion-icon is-closed-icon\"><svg xmlns=\"http:\/\/www.w3.org\/2000\/svg\" viewBox=\"0 0 24 24\" height=\"24\" width=\"24\" class=\"t2-icon t2-icon-plus\" aria-hidden=\"true\" focusable=\"false\"><path d=\"M11.8 5.037a1.088 1.088 0 0 0-.722.566c-.075.148-.078.25-.078 2.772v2.619l-2.61.016c-1.867.012-2.652.03-2.756.064-.168.055-.438.301-.54.494-.049.092-.07.223-.07.432 0 .34.054.476.282.704.289.289.14.275 3.064.288l2.63.012v2.619c0 2.544.002 2.625.08 2.778.191.372.516.577.92.577s.729-.205.92-.577c.078-.153.08-.234.08-2.778v-2.619l2.63-.012c2.924-.013 2.775.001 3.064-.288.228-.228.282-.364.282-.704 0-.209-.021-.34-.07-.432-.102-.193-.372-.439-.54-.494-.104-.034-.889-.052-2.756-.064L13 10.994V8.375c0-2.522-.003-2.624-.078-2.772-.214-.418-.685-.656-1.122-.566\"\/><\/svg><\/span>\n\t\t\t\t\t<span class=\"t2-accordion-icon is-open-icon\"><svg xmlns=\"http:\/\/www.w3.org\/2000\/svg\" viewBox=\"0 0 24 24\" height=\"24\" width=\"24\" class=\"t2-icon t2-icon-chevronup\" aria-hidden=\"true\" focusable=\"false\"><path d=\"M6.7 14.7c-.2-.2-.3-.4-.3-.7s.1-.5.3-.7l4.6-4.6c.1-.1.2-.2.3-.2.1 0 .2-.1.4-.1.1 0 .3 0 .4.1.1 0 .2.1.3.2l4.6 4.6c.2.2.3.4.3.7s-.1.5-.3.7c-.2.2-.4.3-.7.3s-.5-.1-.7-.3L12 10.8l-3.9 3.9c-.2.2-.4.3-.7.3s-.5-.1-.7-.3z\" fill=\"currentColor\" \/><\/svg><\/span>\n\t\t\t\t<\/button>\n\t\t\t<\/h2>\n\t\t\t<div class=\"t2-accordion-item__inner-container is-layout-flow\" id=\"accordion-panel\" aria-labelledby=\"undervisningen\" role=\"region\" hidden>\n\t\t\t\t\n\n<p>P\u00e5 Vibemyr skoleverksted tilrettelegger vi din videreg\u00e5ende oppl\u00e6ring ut fra hva du trenger for \u00e5 ha det godt og for \u00e5 l\u00e6re. Samtidig skal du trene p\u00e5, og forberede deg til et voksenliv og arbeidsliv. For \u00e5 f\u00e5 deg jobb m\u00e5 du kunne noe s\u00e5 godt at en arbeidsgiver vil ansette deg. Det kalles faglig kompetanse. Men arbeidsgivere krever ogs\u00e5 at du mestrer de de sosiale kodene som gjelder i arbeidslivet. Det kaller vi for sosiale og arbeidsmessige kunnskaper og ferdigheter. De ferdighetene arbeidsgivere regner som de mest vesentlige er:<\/p>\n\n\n\n<ul class=\"wp-block-list\">\n<li>P\u00e5litelighet.<\/li>\n\n\n\n<li>Samarbeidsevne.<\/li>\n\n\n\n<li>Effektivitet\/arbeidsevne.<\/li>\n\n\n\n<li>Overblikk\/fleksibilitet.<\/li>\n\n\n\n<li>Personlig mot.<\/li>\n\n\n\n<li>N\u00f8yaktighet.<\/li>\n<\/ul>\n\n\n\n<p>\u00c5 trene seg p\u00e5 disse egenskapene er, ved siden av \u00e5 tilegne deg faglig kunnskap, noe av det viktigste du trenger for \u00e5 v\u00e6re en av dem som n\u00e5r Vibemyr skoleverksteds m\u00e5lsetning.<\/p>\n\n\n\t\t\t<\/div>\n\t\t<\/div>\n\n<div class=\"t2-accordion-item wp-block-t2-accordion-item\" role=\"listitem\">\n\t\t\t<h2 class=\"t2-accordion-title\">\n\t\t\t\t<button type=\"button\" class=\"t2-accordion-trigger\" id=\"v\u00e5re-studieretninger\" aria-controls=\"accordion-panel-1\" aria-expanded=\"false\">\n\t\t\t\t\tV\u00e5re studieretninger\n\t\t\t\t\t<span class=\"t2-accordion-icon is-closed-icon\"><svg xmlns=\"http:\/\/www.w3.org\/2000\/svg\" viewBox=\"0 0 24 24\" height=\"24\" width=\"24\" class=\"t2-icon t2-icon-plus\" aria-hidden=\"true\" focusable=\"false\"><path d=\"M11.8 5.037a1.088 1.088 0 0 0-.722.566c-.075.148-.078.25-.078 2.772v2.619l-2.61.016c-1.867.012-2.652.03-2.756.064-.168.055-.438.301-.54.494-.049.092-.07.223-.07.432 0 .34.054.476.282.704.289.289.14.275 3.064.288l2.63.012v2.619c0 2.544.002 2.625.08 2.778.191.372.516.577.92.577s.729-.205.92-.577c.078-.153.08-.234.08-2.778v-2.619l2.63-.012c2.924-.013 2.775.001 3.064-.288.228-.228.282-.364.282-.704 0-.209-.021-.34-.07-.432-.102-.193-.372-.439-.54-.494-.104-.034-.889-.052-2.756-.064L13 10.994V8.375c0-2.522-.003-2.624-.078-2.772-.214-.418-.685-.656-1.122-.566\"\/><\/svg><\/span>\n\t\t\t\t\t<span class=\"t2-accordion-icon is-open-icon\"><svg xmlns=\"http:\/\/www.w3.org\/2000\/svg\" viewBox=\"0 0 24 24\" height=\"24\" width=\"24\" class=\"t2-icon t2-icon-chevronup\" aria-hidden=\"true\" focusable=\"false\"><path d=\"M6.7 14.7c-.2-.2-.3-.4-.3-.7s.1-.5.3-.7l4.6-4.6c.1-.1.2-.2.3-.2.1 0 .2-.1.4-.1.1 0 .3 0 .4.1.1 0 .2.1.3.2l4.6 4.6c.2.2.3.4.3.7s-.1.5-.3.7c-.2.2-.4.3-.7.3s-.5-.1-.7-.3L12 10.8l-3.9 3.9c-.2.2-.4.3-.7.3s-.5-.1-.7-.3z\" fill=\"currentColor\" \/><\/svg><\/span>\n\t\t\t\t<\/button>\n\t\t\t<\/h2>\n\t\t\t<div class=\"t2-accordion-item__inner-container is-layout-flow\" id=\"accordion-panel-1\" aria-labelledby=\"v\u00e5re-studieretninger\" role=\"region\" hidden>\n\t\t\t\t\n\n<ul class=\"wp-block-list\">\n<li>Bygg- og anleggsteknikk (BA).<\/li>\n\n\n\n<li>Teknologi- og industrifag (TIF).<\/li>\n\n\n\n<li>Salg, service og reiseliv (SSR).<\/li>\n<\/ul>\n\n\n\n<p><strong>Utdypende kompetansem\u00e5l<\/strong><br>Elevene skal oppn\u00e5 en kompetanse som gj\u00f8r dem kvalifiserte og interessante som hjelpearbeidere\/assistenter\/spesialarbeider i arbeidslivet, og f\u00e5 et dokumentert faglig grunnlag for videre oppl\u00e6ring mot fullstendig yrkes- eller studiekompetanse.<\/p>\n\n\n\t\t\t<\/div>\n\t\t<\/div>\n\n<div class=\"t2-accordion-item wp-block-t2-accordion-item\" role=\"listitem\">\n\t\t\t<h2 class=\"t2-accordion-title\">\n\t\t\t\t<button type=\"button\" class=\"t2-accordion-trigger\" id=\"oppl\u00e6ringstilbudet\" aria-controls=\"accordion-panel-2\" aria-expanded=\"false\">\n\t\t\t\t\tOppl\u00e6ringstilbudet\n\t\t\t\t\t<span class=\"t2-accordion-icon is-closed-icon\"><svg xmlns=\"http:\/\/www.w3.org\/2000\/svg\" viewBox=\"0 0 24 24\" height=\"24\" width=\"24\" class=\"t2-icon t2-icon-plus\" aria-hidden=\"true\" focusable=\"false\"><path d=\"M11.8 5.037a1.088 1.088 0 0 0-.722.566c-.075.148-.078.25-.078 2.772v2.619l-2.61.016c-1.867.012-2.652.03-2.756.064-.168.055-.438.301-.54.494-.049.092-.07.223-.07.432 0 .34.054.476.282.704.289.289.14.275 3.064.288l2.63.012v2.619c0 2.544.002 2.625.08 2.778.191.372.516.577.92.577s.729-.205.92-.577c.078-.153.08-.234.08-2.778v-2.619l2.63-.012c2.924-.013 2.775.001 3.064-.288.228-.228.282-.364.282-.704 0-.209-.021-.34-.07-.432-.102-.193-.372-.439-.54-.494-.104-.034-.889-.052-2.756-.064L13 10.994V8.375c0-2.522-.003-2.624-.078-2.772-.214-.418-.685-.656-1.122-.566\"\/><\/svg><\/span>\n\t\t\t\t\t<span class=\"t2-accordion-icon is-open-icon\"><svg xmlns=\"http:\/\/www.w3.org\/2000\/svg\" viewBox=\"0 0 24 24\" height=\"24\" width=\"24\" class=\"t2-icon t2-icon-chevronup\" aria-hidden=\"true\" focusable=\"false\"><path d=\"M6.7 14.7c-.2-.2-.3-.4-.3-.7s.1-.5.3-.7l4.6-4.6c.1-.1.2-.2.3-.2.1 0 .2-.1.4-.1.1 0 .3 0 .4.1.1 0 .2.1.3.2l4.6 4.6c.2.2.3.4.3.7s-.1.5-.3.7c-.2.2-.4.3-.7.3s-.5-.1-.7-.3L12 10.8l-3.9 3.9c-.2.2-.4.3-.7.3s-.5-.1-.7-.3z\" fill=\"currentColor\" \/><\/svg><\/span>\n\t\t\t\t<\/button>\n\t\t\t<\/h2>\n\t\t\t<div class=\"t2-accordion-item__inner-container is-layout-flow\" id=\"accordion-panel-2\" aria-labelledby=\"oppl\u00e6ringstilbudet\" role=\"region\" hidden>\n\t\t\t\t\n\n<p>Du f\u00e5r tilbud om undervisning i ulike allmennfag og valgfag i l\u00f8pet av \u00e5ret og du kan velge \u00e5 gjennomf\u00f8re hele fag med sikte p\u00e5 \u00e5 g\u00e5 opp til eksamen og f\u00e5 karakter i faget.<\/p>\n\n\n\n<p>V\u00e5rt oppl\u00e6ringstilbud tilpasses den enkelte elev. Vi vet at du kan noe, og som elev hos oss skal du f\u00e5 bruk for det du kan \u2013 og det du har interesse for. V\u00e5re l\u00e6rere er flinke til \u00e5 legge opp til en undervisning hvor du b\u00e5de f\u00e5r jobbe med ting du kan og ting du ikke kan, som du har bruk for og gjerne vil l\u00e6re. Oppl\u00e6ringsgruppene v\u00e5re er delvis organisert som egne \u00abbedrifter\u00bb der elevene l\u00e6rer blant annet gjennom \u00e5 arbeide.<\/p>\n\n\n\t\t\t<\/div>\n\t\t<\/div>\n\n<div class=\"t2-accordion-item wp-block-t2-accordion-item\" role=\"listitem\">\n\t\t\t<h2 class=\"t2-accordion-title\">\n\t\t\t\t<button type=\"button\" class=\"t2-accordion-trigger\" id=\"hospitering-for-elever-i-10.-klasse\" aria-controls=\"accordion-panel-3\" aria-expanded=\"false\">\n\t\t\t\t\tHospitering for elever i 10. klasse\n\t\t\t\t\t<span class=\"t2-accordion-icon is-closed-icon\"><svg xmlns=\"http:\/\/www.w3.org\/2000\/svg\" viewBox=\"0 0 24 24\" height=\"24\" width=\"24\" class=\"t2-icon t2-icon-plus\" aria-hidden=\"true\" focusable=\"false\"><path d=\"M11.8 5.037a1.088 1.088 0 0 0-.722.566c-.075.148-.078.25-.078 2.772v2.619l-2.61.016c-1.867.012-2.652.03-2.756.064-.168.055-.438.301-.54.494-.049.092-.07.223-.07.432 0 .34.054.476.282.704.289.289.14.275 3.064.288l2.63.012v2.619c0 2.544.002 2.625.08 2.778.191.372.516.577.92.577s.729-.205.92-.577c.078-.153.08-.234.08-2.778v-2.619l2.63-.012c2.924-.013 2.775.001 3.064-.288.228-.228.282-.364.282-.704 0-.209-.021-.34-.07-.432-.102-.193-.372-.439-.54-.494-.104-.034-.889-.052-2.756-.064L13 10.994V8.375c0-2.522-.003-2.624-.078-2.772-.214-.418-.685-.656-1.122-.566\"\/><\/svg><\/span>\n\t\t\t\t\t<span class=\"t2-accordion-icon is-open-icon\"><svg xmlns=\"http:\/\/www.w3.org\/2000\/svg\" viewBox=\"0 0 24 24\" height=\"24\" width=\"24\" class=\"t2-icon t2-icon-chevronup\" aria-hidden=\"true\" focusable=\"false\"><path d=\"M6.7 14.7c-.2-.2-.3-.4-.3-.7s.1-.5.3-.7l4.6-4.6c.1-.1.2-.2.3-.2.1 0 .2-.1.4-.1.1 0 .3 0 .4.1.1 0 .2.1.3.2l4.6 4.6c.2.2.3.4.3.7s-.1.5-.3.7c-.2.2-.4.3-.7.3s-.5-.1-.7-.3L12 10.8l-3.9 3.9c-.2.2-.4.3-.7.3s-.5-.1-.7-.3z\" fill=\"currentColor\" \/><\/svg><\/span>\n\t\t\t\t<\/button>\n\t\t\t<\/h2>\n\t\t\t<div class=\"t2-accordion-item__inner-container is-layout-flow\" id=\"accordion-panel-3\" aria-labelledby=\"hospitering-for-elever-i-10.-klasse\" role=\"region\" hidden>\n\t\t\t\t\n\n<p>Dersom du g\u00e5r i 10. klasse og lurer p\u00e5 om Vibemyr skoleverksted vil kunne v\u00e6re noe for deg, kan du via r\u00e5dgiveren p\u00e5 din skole s\u00f8ke om hospitering hos oss. Dersom du eller dine foresatte \u00f8nsker \u00e5 komme i kontakt med oss, ta kontakt med v\u00e5r inntaksr\u00e5dgiver, <strong><a href=\"https:\/\/kirkensbymisjon.no\/tilbud-vibemyr-skoleverksted\/kontaktinformasjon\/#kontaktpersoner\">Kristin J. Kallesten<\/a><\/strong> for \u00e5 gj\u00f8re en avtale.<\/p>\n\n\n\t\t\t<\/div>\n\t\t<\/div>\n<\/div>\n\n\n<div class=\"wp-block-media-text alignwide is-stacked-on-mobile is-style-filled\"><figure class=\"wp-block-media-text__media\"><img loading=\"lazy\" decoding=\"async\" width=\"1024\" height=\"740\" src=\"https:\/\/kirkensbymisjon.no\/content\/uploads\/sites\/43\/2024\/06\/Tilbud_Vibemyr_01-1024x740.jpg\" alt=\"Elev under oppl\u00e6ring\" class=\"wp-image-6 size-full\" srcset=\"https:\/\/kirkensbymisjon.no\/content\/uploads\/sites\/43\/2024\/06\/Tilbud_Vibemyr_01-1024x740.jpg 1024w, https:\/\/kirkensbymisjon.no\/content\/uploads\/sites\/43\/2024\/06\/Tilbud_Vibemyr_01-300x217.jpg 300w, https:\/\/kirkensbymisjon.no\/content\/uploads\/sites\/43\/2024\/06\/Tilbud_Vibemyr_01-768x555.jpg 768w, https:\/\/kirkensbymisjon.no\/content\/uploads\/sites\/43\/2024\/06\/Tilbud_Vibemyr_01-1536x1110.jpg 1536w, https:\/\/kirkensbymisjon.no\/content\/uploads\/sites\/43\/2024\/06\/Tilbud_Vibemyr_01.jpg 1701w\" sizes=\"auto, (max-width: 1024px) 100vw, 1024px\" \/><\/figure><div class=\"wp-block-media-text__content\">\n<h2 class=\"wp-block-heading\" id=\"h-har-du-sporsmal-eller-andre-henvendelser\">Har du sp\u00f8rsm\u00e5l eller andre henvendelser?<\/h2>\n\n\n\n<p><a href=\"https:\/\/kirkensbymisjon.no\/tilbud-vibemyr-skoleverksted\/kontaktinformasjon\/#kontaktpersoner\">Kontakt oss.<\/a><\/p>\n<\/div><\/div>\n","protected":false},"excerpt":{"rendered":"<p>Vi er en avdeling under Gand videreg\u00e5ende skole, Sandnes, og er eid av Kirkens Bymisjon.&hellip;<\/p>\n","protected":false},"author":6,"featured_media":0,"parent":0,"menu_order":0,"comment_status":"closed","ping_status":"closed","template":"","meta":{"_relevanssi_hide_post":"","_relevanssi_hide_content":"","_relevanssi_pin_for_all":"","_relevanssi_pin_keywords":"","_relevanssi_unpin_keywords":"","_relevanssi_related_keywords":"","_relevanssi_related_include_ids":"","_relevanssi_related_exclude_ids":"","_relevanssi_related_no_append":"","_relevanssi_related_not_related":"","_relevanssi_related_posts":"1","_relevanssi_noindex_reason":"","editor_notices":[],"footnotes":""},"class_list":["post-9","page","type-page","status-publish","hentry"],"yoast_head":"<!-- This site is optimized with the Yoast SEO Premium plugin v27.2 (Yoast SEO v27.2) - https:\/\/yoast.com\/product\/yoast-seo-premium-wordpress\/ -->\n<title>Om skoleverkstedet - Vibemyr skoleverksted<\/title>\n<meta name=\"robots\" content=\"index, follow, max-snippet:-1, max-image-preview:large, max-video-preview:-1\" \/>\n<link rel=\"canonical\" href=\"https:\/\/kirkensbymisjon.no\/tilbud-vibemyr-skoleverksted\/om-skoleverkstedet\/\" \/>\n<meta property=\"og:locale\" content=\"nb_NO\" \/>\n<meta property=\"og:type\" content=\"article\" \/>\n<meta property=\"og:title\" content=\"Om skoleverkstedet\" \/>\n<meta property=\"og:description\" content=\"Vi er en avdeling under Gand videreg\u00e5ende skole, Sandnes, og er eid av Kirkens Bymisjon.&hellip;\" \/>\n<meta property=\"og:url\" content=\"https:\/\/kirkensbymisjon.no\/tilbud-vibemyr-skoleverksted\/om-skoleverkstedet\/\" \/>\n<meta property=\"og:site_name\" content=\"Vibemyr skoleverksted\" \/>\n<meta property=\"article:modified_time\" content=\"2025-09-02T09:04:48+00:00\" \/>\n<meta property=\"og:image\" content=\"https:\/\/kirkensbymisjon.no\/content\/uploads\/sites\/43\/2024\/06\/Tilbud_Vibemyr_01.jpg\" \/>\n\t<meta property=\"og:image:width\" content=\"1701\" \/>\n\t<meta property=\"og:image:height\" content=\"1229\" \/>\n\t<meta property=\"og:image:type\" content=\"image\/jpeg\" \/>\n<meta name=\"twitter:card\" content=\"summary_large_image\" \/>\n<script type=\"application\/ld+json\" class=\"yoast-schema-graph\">{\"@context\":\"https:\/\/schema.org\",\"@graph\":[{\"@type\":\"WebPage\",\"@id\":\"https:\/\/kirkensbymisjon.no\/tilbud-vibemyr-skoleverksted\/om-skoleverkstedet\/\",\"url\":\"https:\/\/kirkensbymisjon.no\/tilbud-vibemyr-skoleverksted\/om-skoleverkstedet\/\",\"name\":\"Om skoleverkstedet - Vibemyr skoleverksted\",\"isPartOf\":{\"@id\":\"https:\/\/kirkensbymisjon.no\/tilbud-vibemyr-skoleverksted\/#website\"},\"primaryImageOfPage\":{\"@id\":\"https:\/\/kirkensbymisjon.no\/tilbud-vibemyr-skoleverksted\/om-skoleverkstedet\/#primaryimage\"},\"image\":{\"@id\":\"https:\/\/kirkensbymisjon.no\/tilbud-vibemyr-skoleverksted\/om-skoleverkstedet\/#primaryimage\"},\"thumbnailUrl\":\"https:\/\/kirkensbymisjon.no\/content\/uploads\/sites\/43\/2024\/06\/Tilbud_Vibemyr_01-1024x740.jpg\",\"datePublished\":\"2024-07-24T11:05:31+00:00\",\"dateModified\":\"2025-09-02T09:04:48+00:00\",\"breadcrumb\":{\"@id\":\"https:\/\/kirkensbymisjon.no\/tilbud-vibemyr-skoleverksted\/om-skoleverkstedet\/#breadcrumb\"},\"inLanguage\":\"nb-NO\",\"potentialAction\":[{\"@type\":\"ReadAction\",\"target\":[\"https:\/\/kirkensbymisjon.no\/tilbud-vibemyr-skoleverksted\/om-skoleverkstedet\/\"]}]},{\"@type\":\"ImageObject\",\"inLanguage\":\"nb-NO\",\"@id\":\"https:\/\/kirkensbymisjon.no\/tilbud-vibemyr-skoleverksted\/om-skoleverkstedet\/#primaryimage\",\"url\":\"https:\/\/kirkensbymisjon.no\/content\/uploads\/sites\/43\/2024\/06\/Tilbud_Vibemyr_01-1024x740.jpg\",\"contentUrl\":\"https:\/\/kirkensbymisjon.no\/content\/uploads\/sites\/43\/2024\/06\/Tilbud_Vibemyr_01-1024x740.jpg\"},{\"@type\":\"BreadcrumbList\",\"@id\":\"https:\/\/kirkensbymisjon.no\/tilbud-vibemyr-skoleverksted\/om-skoleverkstedet\/#breadcrumb\",\"itemListElement\":[{\"@type\":\"ListItem\",\"position\":1,\"name\":\"Hjem\",\"item\":\"https:\/\/kirkensbymisjon.no\/tilbud-vibemyr-skoleverksted\/\"},{\"@type\":\"ListItem\",\"position\":2,\"name\":\"Om skoleverkstedet\"}]},{\"@type\":\"WebSite\",\"@id\":\"https:\/\/kirkensbymisjon.no\/tilbud-vibemyr-skoleverksted\/#website\",\"url\":\"https:\/\/kirkensbymisjon.no\/tilbud-vibemyr-skoleverksted\/\",\"name\":\"Vibemyr skoleverksted\",\"description\":\"\",\"potentialAction\":[{\"@type\":\"SearchAction\",\"target\":{\"@type\":\"EntryPoint\",\"urlTemplate\":\"https:\/\/kirkensbymisjon.no\/tilbud-vibemyr-skoleverksted\/?s={search_term_string}\"},\"query-input\":{\"@type\":\"PropertyValueSpecification\",\"valueRequired\":true,\"valueName\":\"search_term_string\"}}],\"inLanguage\":\"nb-NO\"}]}<\/script>\n<!-- \/ Yoast SEO Premium plugin. -->","yoast_head_json":{"title":"Om skoleverkstedet - Vibemyr skoleverksted","robots":{"index":"index","follow":"follow","max-snippet":"max-snippet:-1","max-image-preview":"max-image-preview:large","max-video-preview":"max-video-preview:-1"},"canonical":"https:\/\/kirkensbymisjon.no\/tilbud-vibemyr-skoleverksted\/om-skoleverkstedet\/","og_locale":"nb_NO","og_type":"article","og_title":"Om skoleverkstedet","og_description":"Vi er en avdeling under Gand videreg\u00e5ende skole, Sandnes, og er eid av Kirkens Bymisjon.&hellip;","og_url":"https:\/\/kirkensbymisjon.no\/tilbud-vibemyr-skoleverksted\/om-skoleverkstedet\/","og_site_name":"Vibemyr skoleverksted","article_modified_time":"2025-09-02T09:04:48+00:00","og_image":[{"width":1701,"height":1229,"url":"https:\/\/kirkensbymisjon.no\/content\/uploads\/sites\/43\/2024\/06\/Tilbud_Vibemyr_01.jpg","type":"image\/jpeg"}],"twitter_card":"summary_large_image","schema":{"@context":"https:\/\/schema.org","@graph":[{"@type":"WebPage","@id":"https:\/\/kirkensbymisjon.no\/tilbud-vibemyr-skoleverksted\/om-skoleverkstedet\/","url":"https:\/\/kirkensbymisjon.no\/tilbud-vibemyr-skoleverksted\/om-skoleverkstedet\/","name":"Om skoleverkstedet - Vibemyr skoleverksted","isPartOf":{"@id":"https:\/\/kirkensbymisjon.no\/tilbud-vibemyr-skoleverksted\/#website"},"primaryImageOfPage":{"@id":"https:\/\/kirkensbymisjon.no\/tilbud-vibemyr-skoleverksted\/om-skoleverkstedet\/#primaryimage"},"image":{"@id":"https:\/\/kirkensbymisjon.no\/tilbud-vibemyr-skoleverksted\/om-skoleverkstedet\/#primaryimage"},"thumbnailUrl":"https:\/\/kirkensbymisjon.no\/content\/uploads\/sites\/43\/2024\/06\/Tilbud_Vibemyr_01-1024x740.jpg","datePublished":"2024-07-24T11:05:31+00:00","dateModified":"2025-09-02T09:04:48+00:00","breadcrumb":{"@id":"https:\/\/kirkensbymisjon.no\/tilbud-vibemyr-skoleverksted\/om-skoleverkstedet\/#breadcrumb"},"inLanguage":"nb-NO","potentialAction":[{"@type":"ReadAction","target":["https:\/\/kirkensbymisjon.no\/tilbud-vibemyr-skoleverksted\/om-skoleverkstedet\/"]}]},{"@type":"ImageObject","inLanguage":"nb-NO","@id":"https:\/\/kirkensbymisjon.no\/tilbud-vibemyr-skoleverksted\/om-skoleverkstedet\/#primaryimage","url":"https:\/\/kirkensbymisjon.no\/content\/uploads\/sites\/43\/2024\/06\/Tilbud_Vibemyr_01-1024x740.jpg","contentUrl":"https:\/\/kirkensbymisjon.no\/content\/uploads\/sites\/43\/2024\/06\/Tilbud_Vibemyr_01-1024x740.jpg"},{"@type":"BreadcrumbList","@id":"https:\/\/kirkensbymisjon.no\/tilbud-vibemyr-skoleverksted\/om-skoleverkstedet\/#breadcrumb","itemListElement":[{"@type":"ListItem","position":1,"name":"Hjem","item":"https:\/\/kirkensbymisjon.no\/tilbud-vibemyr-skoleverksted\/"},{"@type":"ListItem","position":2,"name":"Om skoleverkstedet"}]},{"@type":"WebSite","@id":"https:\/\/kirkensbymisjon.no\/tilbud-vibemyr-skoleverksted\/#website","url":"https:\/\/kirkensbymisjon.no\/tilbud-vibemyr-skoleverksted\/","name":"Vibemyr skoleverksted","description":"","potentialAction":[{"@type":"SearchAction","target":{"@type":"EntryPoint","urlTemplate":"https:\/\/kirkensbymisjon.no\/tilbud-vibemyr-skoleverksted\/?s={search_term_string}"},"query-input":{"@type":"PropertyValueSpecification","valueRequired":true,"valueName":"search_term_string"}}],"inLanguage":"nb-NO"}]}},"_links":{"self":[{"href":"https:\/\/kirkensbymisjon.no\/tilbud-vibemyr-skoleverksted\/wp-json\/wp\/v2\/pages\/9","targetHints":{"allow":["GET"]}}],"collection":[{"href":"https:\/\/kirkensbymisjon.no\/tilbud-vibemyr-skoleverksted\/wp-json\/wp\/v2\/pages"}],"about":[{"href":"https:\/\/kirkensbymisjon.no\/tilbud-vibemyr-skoleverksted\/wp-json\/wp\/v2\/types\/page"}],"author":[{"embeddable":true,"href":"https:\/\/kirkensbymisjon.no\/tilbud-vibemyr-skoleverksted\/wp-json\/wp\/v2\/users\/6"}],"replies":[{"embeddable":true,"href":"https:\/\/kirkensbymisjon.no\/tilbud-vibemyr-skoleverksted\/wp-json\/wp\/v2\/comments?post=9"}],"version-history":[{"count":5,"href":"https:\/\/kirkensbymisjon.no\/tilbud-vibemyr-skoleverksted\/wp-json\/wp\/v2\/pages\/9\/revisions"}],"predecessor-version":[{"id":142,"href":"https:\/\/kirkensbymisjon.no\/tilbud-vibemyr-skoleverksted\/wp-json\/wp\/v2\/pages\/9\/revisions\/142"}],"wp:attachment":[{"href":"https:\/\/kirkensbymisjon.no\/tilbud-vibemyr-skoleverksted\/wp-json\/wp\/v2\/media?parent=9"}],"curies":[{"name":"wp","href":"https:\/\/api.w.org\/{rel}","templated":true}]}}