{"id":9,"date":"2024-07-24T13:07:54","date_gmt":"2024-07-24T11:07:54","guid":{"rendered":"https:\/\/kirkensbymisjon.no\/tilbud-villa-berg\/?page_id=9"},"modified":"2026-01-02T11:27:24","modified_gmt":"2026-01-02T10:27:24","slug":"livet-pa-villa-berg","status":"publish","type":"page","link":"https:\/\/kirkensbymisjon.no\/tilbud-villa-berg\/livet-pa-villa-berg\/","title":{"rendered":"Livet p\u00e5 Villa Berg"},"content":{"rendered":"\n<h2 class=\"wp-block-heading\" id=\"h-livet-pa-villa-berg\">Livet p\u00e5 Villa Berg<\/h2>\n\n\n\n<p>En vanlig d\u00f8gnrytme med regelmessige m\u00e5ltider og jevnlig fysisk aktivitet bidrar til \u00e5 opprettholde en god fysisk og psykisk helse, og er med p\u00e5 \u00e5 st\u00f8tte din bedringsprosess. Alle, b\u00e5de ansatte og beboere, har et personlig ansvar for trivsel og orden, gj\u00f8r sine oppgaver knyttet til drift av huset og deltar p\u00e5 en kort ukentlig dugnad.<\/p>\n\n\n\n<h2 class=\"wp-block-heading\" id=\"h-treningstur\">Treningstur<\/h2>\n\n\n\n<p>Treningsturer er en viktig del av behandlingsoppholdet ditt p\u00e5 Villa Berg, da et av m\u00e5lene er at du i st\u00f8rst mulig grad skal v\u00e6re forberedt p\u00e5 livet utenfor institusjon ved utskrivelse.<\/p>\n\n\n\n<p>Treningsturer skal planlegges i samarbeid med behandlerteamet ditt i god tid f\u00f8r avreise, hvor blant annet risiko for rusepisoder blir vurdert og aktuelle tiltak for \u00e5 forebygge rusepisoder blir tematisert.<\/p>\n\n\n\n<p>Ved behandling av s\u00f8knader om treningsturer vil vi vurdere hvorvidt treningsturen er en nyttig del av behandlingen, og b\u00e5de hyppighet og varighet p\u00e5 treningsturer dr\u00f8ftes i lys av hva du og behandlerteamet ditt anser er mest nyttig for deg til enhver tid. Det kan v\u00e6re aktuelt \u00e5 utarbeide m\u00e5l for permisjonene, hvor \u00a0du blant annet b\u00f8r trene p\u00e5 situasjoner som du tror kan v\u00e6re utfordrende for deg etter behandlingen ved Villa Berg.<\/p>\n\n\n\n<p>Med forholdsvis f\u00e5 antall innlagte pasienter, vil vi ogs\u00e5 ta hensyn til helheten i avdelingen ved vurdering av treningsturer, og vi vektlegger at ogs\u00e5 det \u00e5 bidra til \u00e5 skape et hyggelig samv\u00e6r i avdelingen er en viktig del av behandlingen. Dette vil v\u00e6re spesielt viktig de f\u00f8rste tre m\u00e5nedene du er innlagt.<\/p>\n\n\n\n<h2 class=\"wp-block-heading\" id=\"h-fravaer\">Frav\u00e6r<\/h2>\n\n\n\n<p>Villa Berg er \u00e5pent mellom kl. 08.00 og 22.30 hvis du ikke har s\u00e6rskilt avtale om annet. Tidene finnes av hensyn til b\u00e5de pasienter og ansatte, og handler om \u00e5 ivareta fellesskapets behov for trygghet f\u00f8r man g\u00e5r til ro for natta.<br>Dersom du har uteblitt fra Villa Berg \u00f8nsker vi at du ringer og avtaler n\u00e5r og hvordan det er mest hensiktsmessig at du kommer tilbake.<\/p>\n\n\n\n<h2 class=\"wp-block-heading\" id=\"h-parorende\">P\u00e5r\u00f8rende<\/h2>\n\n\n\n<p>Villa Berg \u00f8nsker \u00e5 v\u00e6re et \u00e5pent hus, hvor venner og familie til beboerne er velkomne. Vi ser p\u00e5 involveringen av p\u00e5r\u00f8rende som viktig fordi disse vil v\u00e6re der for deg i etterkant av behandlingen, men ogs\u00e5 fordi p\u00e5r\u00f8rende selv ofte har mange sp\u00f8rsm\u00e5l og tanker om behandlingen, eller har behov for \u00e5 snakke med noen om hvordan det har v\u00e6rt \u00e5 st\u00e5 n\u00e6r noen som har et rusmiddelproblem. \u00c5 f\u00e5 bistand med dette oppleves ofte som en lettelse b\u00e5de for p\u00e5r\u00f8rende og for deg som er innlagt i behandling.<\/p>\n\n\n\n<h2 class=\"wp-block-heading\" id=\"h-beboere-med-barn\">Beboere med barn<\/h2>\n\n\n\n<p>Har du mindre\u00e5rige barn er det ekstra viktig \u00e5 f\u00e5 til en dialog. Vi pr\u00f8ver \u00e5 legge til rette for at barnet ditt kan komme p\u00e5 bes\u00f8k. Vi kan ogs\u00e5 bidra til at barnet f\u00e5r n\u00f8dvendig st\u00f8tte og oppf\u00f8lging.<\/p>\n\n\n\n<h2 class=\"wp-block-heading\" id=\"h-rus\">Rus<\/h2>\n\n\n\n<p>Villa Berg skal v\u00e6re et rusfritt fellesskap. I blant vil beboere ha tilbakefall til rusepisoder og det vil ogs\u00e5 skje at beboere er rusmiddelp\u00e5virket p\u00e5 Villa Berg. Dette vil ofte v\u00e6re krevende situasjoner for alle, og medf\u00f8rer uro p\u00e5 huset. N\u00e5r slike situasjoner oppst\u00e5r fors\u00f8ker vi \u00e5 avklare hva som har skjedd med den det gjelder, og vi vurderer om det er n\u00f8dvendig med avrusning eller om andre tiltak er aktuelle for at vedkommende skal klare \u00e5 avslutte rusmiddelinntaket. I disse situasjonene vil vi fors\u00f8ke \u00e5 samle beboerne for \u00e5 informere om hva som skjer. Dette gj\u00f8r vi fordi vi erfarer at det kan v\u00e6re viktig \u00e5 snakke om hvordan man opplever situasjonen for \u00e5 dempe eventuell uro og usikkerhet. Det vil v\u00e6re er opp til den enkelte som har inntatt rusmidler hvorvidt vedkommende \u00f8nsker \u00e5 dele med de andre hva som har skjedd etter slike episoder.<\/p>\n\n\n\n<p>Dersom du f\u00e5r tilbakefall og ruser deg etter \u00e5 ha startet i behandling p\u00e5 Villa Berg, oppfordrer vi deg til \u00e5 informere personalet om dette snarest mulig slik at vi kan diskutere hvordan du skal klare \u00e5 avslutte rusepisoden og jobbe videre med dine m\u00e5l for behandlingen.<\/p>\n\n\n\n<p>Dersom vi er usikre p\u00e5 om noen inntar rusmidler kan det v\u00e6re aktuelt med rusmiddeltesting for \u00e5 kontrollere om vedkommende har inntatt rusmidler. Vi m\u00e5 ha skriftlig samtykke til \u00e5 gjennomf\u00f8re testing. Positive pr\u00f8ver vil vanligvis f\u00f8re til ulike former for skjermingstiltak og\/eller avrusning inntil vi vurderer at vedkommende er edru.<\/p>\n","protected":false},"excerpt":{"rendered":"<p>Livet p\u00e5 Villa Berg En vanlig d\u00f8gnrytme med regelmessige m\u00e5ltider og jevnlig fysisk aktivitet bidrar&hellip;<\/p>\n","protected":false},"author":6,"featured_media":0,"parent":0,"menu_order":0,"comment_status":"closed","ping_status":"closed","template":"","meta":{"_relevanssi_hide_post":"","_relevanssi_hide_content":"","_relevanssi_pin_for_all":"","_relevanssi_pin_keywords":"","_relevanssi_unpin_keywords":"","_relevanssi_related_keywords":"","_relevanssi_related_include_ids":"","_relevanssi_related_exclude_ids":"","_relevanssi_related_no_append":"","_relevanssi_related_not_related":"","_relevanssi_related_posts":"1","_relevanssi_noindex_reason":"","editor_notices":[],"footnotes":""},"class_list":["post-9","page","type-page","status-publish","hentry"],"yoast_head":"<!-- This site is optimized with the Yoast SEO Premium plugin v27.2 (Yoast SEO v27.2) - https:\/\/yoast.com\/product\/yoast-seo-premium-wordpress\/ -->\n<title>Livet p\u00e5 Villa Berg - Villa Berg<\/title>\n<meta name=\"robots\" content=\"index, follow, max-snippet:-1, max-image-preview:large, max-video-preview:-1\" \/>\n<link rel=\"canonical\" href=\"https:\/\/kirkensbymisjon.no\/tilbud-villa-berg\/livet-pa-villa-berg\/\" \/>\n<meta property=\"og:locale\" content=\"nb_NO\" \/>\n<meta property=\"og:type\" content=\"article\" \/>\n<meta property=\"og:title\" content=\"Livet p\u00e5 Villa Berg\" \/>\n<meta property=\"og:description\" content=\"Livet p\u00e5 Villa Berg En vanlig d\u00f8gnrytme med regelmessige m\u00e5ltider og jevnlig fysisk aktivitet bidrar&hellip;\" \/>\n<meta property=\"og:url\" content=\"https:\/\/kirkensbymisjon.no\/tilbud-villa-berg\/livet-pa-villa-berg\/\" \/>\n<meta property=\"og:site_name\" content=\"Villa Berg\" \/>\n<meta property=\"article:modified_time\" content=\"2026-01-02T10:27:24+00:00\" \/>\n<meta name=\"twitter:card\" content=\"summary_large_image\" \/>\n<meta name=\"twitter:label1\" content=\"Ansl. lesetid\" \/>\n\t<meta name=\"twitter:data1\" content=\"4 minutter\" \/>\n<script type=\"application\/ld+json\" class=\"yoast-schema-graph\">{\"@context\":\"https:\/\/schema.org\",\"@graph\":[{\"@type\":\"WebPage\",\"@id\":\"https:\/\/kirkensbymisjon.no\/tilbud-villa-berg\/livet-pa-villa-berg\/\",\"url\":\"https:\/\/kirkensbymisjon.no\/tilbud-villa-berg\/livet-pa-villa-berg\/\",\"name\":\"Livet p\u00e5 Villa Berg - Villa Berg\",\"isPartOf\":{\"@id\":\"https:\/\/kirkensbymisjon.no\/tilbud-villa-berg\/#website\"},\"datePublished\":\"2024-07-24T11:07:54+00:00\",\"dateModified\":\"2026-01-02T10:27:24+00:00\",\"breadcrumb\":{\"@id\":\"https:\/\/kirkensbymisjon.no\/tilbud-villa-berg\/livet-pa-villa-berg\/#breadcrumb\"},\"inLanguage\":\"nb-NO\",\"potentialAction\":[{\"@type\":\"ReadAction\",\"target\":[\"https:\/\/kirkensbymisjon.no\/tilbud-villa-berg\/livet-pa-villa-berg\/\"]}]},{\"@type\":\"BreadcrumbList\",\"@id\":\"https:\/\/kirkensbymisjon.no\/tilbud-villa-berg\/livet-pa-villa-berg\/#breadcrumb\",\"itemListElement\":[{\"@type\":\"ListItem\",\"position\":1,\"name\":\"Hjem\",\"item\":\"https:\/\/kirkensbymisjon.no\/tilbud-villa-berg\/\"},{\"@type\":\"ListItem\",\"position\":2,\"name\":\"Livet p\u00e5 Villa Berg\"}]},{\"@type\":\"WebSite\",\"@id\":\"https:\/\/kirkensbymisjon.no\/tilbud-villa-berg\/#website\",\"url\":\"https:\/\/kirkensbymisjon.no\/tilbud-villa-berg\/\",\"name\":\"Villa Berg\",\"description\":\"\",\"potentialAction\":[{\"@type\":\"SearchAction\",\"target\":{\"@type\":\"EntryPoint\",\"urlTemplate\":\"https:\/\/kirkensbymisjon.no\/tilbud-villa-berg\/?s={search_term_string}\"},\"query-input\":{\"@type\":\"PropertyValueSpecification\",\"valueRequired\":true,\"valueName\":\"search_term_string\"}}],\"inLanguage\":\"nb-NO\"}]}<\/script>\n<!-- \/ Yoast SEO Premium plugin. -->","yoast_head_json":{"title":"Livet p\u00e5 Villa Berg - Villa Berg","robots":{"index":"index","follow":"follow","max-snippet":"max-snippet:-1","max-image-preview":"max-image-preview:large","max-video-preview":"max-video-preview:-1"},"canonical":"https:\/\/kirkensbymisjon.no\/tilbud-villa-berg\/livet-pa-villa-berg\/","og_locale":"nb_NO","og_type":"article","og_title":"Livet p\u00e5 Villa Berg","og_description":"Livet p\u00e5 Villa Berg En vanlig d\u00f8gnrytme med regelmessige m\u00e5ltider og jevnlig fysisk aktivitet bidrar&hellip;","og_url":"https:\/\/kirkensbymisjon.no\/tilbud-villa-berg\/livet-pa-villa-berg\/","og_site_name":"Villa Berg","article_modified_time":"2026-01-02T10:27:24+00:00","twitter_card":"summary_large_image","twitter_misc":{"Ansl. lesetid":"4 minutter"},"schema":{"@context":"https:\/\/schema.org","@graph":[{"@type":"WebPage","@id":"https:\/\/kirkensbymisjon.no\/tilbud-villa-berg\/livet-pa-villa-berg\/","url":"https:\/\/kirkensbymisjon.no\/tilbud-villa-berg\/livet-pa-villa-berg\/","name":"Livet p\u00e5 Villa Berg - Villa Berg","isPartOf":{"@id":"https:\/\/kirkensbymisjon.no\/tilbud-villa-berg\/#website"},"datePublished":"2024-07-24T11:07:54+00:00","dateModified":"2026-01-02T10:27:24+00:00","breadcrumb":{"@id":"https:\/\/kirkensbymisjon.no\/tilbud-villa-berg\/livet-pa-villa-berg\/#breadcrumb"},"inLanguage":"nb-NO","potentialAction":[{"@type":"ReadAction","target":["https:\/\/kirkensbymisjon.no\/tilbud-villa-berg\/livet-pa-villa-berg\/"]}]},{"@type":"BreadcrumbList","@id":"https:\/\/kirkensbymisjon.no\/tilbud-villa-berg\/livet-pa-villa-berg\/#breadcrumb","itemListElement":[{"@type":"ListItem","position":1,"name":"Hjem","item":"https:\/\/kirkensbymisjon.no\/tilbud-villa-berg\/"},{"@type":"ListItem","position":2,"name":"Livet p\u00e5 Villa Berg"}]},{"@type":"WebSite","@id":"https:\/\/kirkensbymisjon.no\/tilbud-villa-berg\/#website","url":"https:\/\/kirkensbymisjon.no\/tilbud-villa-berg\/","name":"Villa Berg","description":"","potentialAction":[{"@type":"SearchAction","target":{"@type":"EntryPoint","urlTemplate":"https:\/\/kirkensbymisjon.no\/tilbud-villa-berg\/?s={search_term_string}"},"query-input":{"@type":"PropertyValueSpecification","valueRequired":true,"valueName":"search_term_string"}}],"inLanguage":"nb-NO"}]}},"_links":{"self":[{"href":"https:\/\/kirkensbymisjon.no\/tilbud-villa-berg\/wp-json\/wp\/v2\/pages\/9","targetHints":{"allow":["GET"]}}],"collection":[{"href":"https:\/\/kirkensbymisjon.no\/tilbud-villa-berg\/wp-json\/wp\/v2\/pages"}],"about":[{"href":"https:\/\/kirkensbymisjon.no\/tilbud-villa-berg\/wp-json\/wp\/v2\/types\/page"}],"author":[{"embeddable":true,"href":"https:\/\/kirkensbymisjon.no\/tilbud-villa-berg\/wp-json\/wp\/v2\/users\/6"}],"replies":[{"embeddable":true,"href":"https:\/\/kirkensbymisjon.no\/tilbud-villa-berg\/wp-json\/wp\/v2\/comments?post=9"}],"version-history":[{"count":4,"href":"https:\/\/kirkensbymisjon.no\/tilbud-villa-berg\/wp-json\/wp\/v2\/pages\/9\/revisions"}],"predecessor-version":[{"id":133,"href":"https:\/\/kirkensbymisjon.no\/tilbud-villa-berg\/wp-json\/wp\/v2\/pages\/9\/revisions\/133"}],"wp:attachment":[{"href":"https:\/\/kirkensbymisjon.no\/tilbud-villa-berg\/wp-json\/wp\/v2\/media?parent=9"}],"curies":[{"name":"wp","href":"https:\/\/api.w.org\/{rel}","templated":true}]}}